INSERT INTO `route_map` (`id`, `route_id`, `pinpoint_name`, `latitude`, `longitude`, `time`, `fare_amount`, `polyline`, `route_order`) VALUES
(3431, 780, 'Main Road', '-26.175232', '27.9657846', '05:00:00', 0, 'fnu~C_hhiDTaCH}Av@cIEMAw@BWP_ATaAd@oBjB{HdBiGfAuEjAmF|AeGVaAZsB`BuP`AyK`BaPl@}BLo@NYF]^uDfAwLAc@q@mGOaA]_@mA{@oAy@_@]YSk@kLS_EG_AAm@Ga@MSWMw@]Zi@tAkBLKDMzAiEJKfBmFrAeErAaErBkGl@iBf@uBZkCReAPoBr@wEj@_ECQt@kHL}@z@cGBa@Nc@h@wDh@sEj@yDZkFb@gKCQCIMkByEkm@Es@Du@vEgWpAkHVF', 17),
(3432, 780, 'Helen Joseph Hospital Taxi Rank, Perth Rd', '-26.18389', '27.98952', '05:10:00', 0, 'djw~CcauiDWG`AkFr@_ElAwG|AqIf@}A@KRWbAiBzNiZ~DkItEmJJQZ]l@a@zIsElEyBh@e@f@o@pB{C~@cBR_@RO|HkLpCeEj@s@p@}@KWw@iE}@mFEUD[_FgBk@YaCgBi@e@uAkEM]gEjA{ErAYHaCrAg@X~@vB^~@`@lAj@`C^zAd@rAPj@h@UsAcE', 18),
(3433, 780, 'Enoch Sontonga Avenue', '-26.193305', '28.0241456', '05:20:00', 0, 'r`y~CuuyiDrAbEi@TL\\vAdEzBxGxC|IZXJ@XCRO|HkLz@qA`CgDdDgEV]DUH]Fg@Cu@OqA@w@@_AE[a@_BC[@QTgAhGsTxFsSpEgPtBmHDy@LsMTiCDMF_A@a@Cu@m@oKm@iL@e@Nw@LWPYTUZSXMTQTW^w@Ji@Bg@Ci@w@{M}A}XI_BCs@IOSaCOkA?_@uBaMMaA', 19),
(3434, 780, 'Gandhi Square', '-26.2066635', '28.0433497', '05:30:00', 0, 'b{z~C}m`jDL`AtB`MJVZrBDh@Bd@p@Cb@Dt@G~E_@fGc@YeE_AmP]qG_@gIGe@GWKOmAkAMg@IWO]cAGYAo@G_@@K@IDOPEN@LJTFBPDP?|Ba@p@O^@jTiFtB]hFg@lDYnCMxQ[zR[fACXEvBWf@Of@Qf@Ub@]x@y@z@qAVi@f@{APcAHeB?_A@M@eAAgEGcL?yB?SIYAs@?}ABgCPcI?}@Ia@W[MKSG_@CqC@sEGKGIQAo@A[ESGIIEc@CwF`@wF^UBcCRUaEfAG', 20),
(3435, 781, 'Ferndale', '-26.0875503', '27.9922582', '00:00:00', 0, 'zk{}C_gjjDD{BEiCC[uA@sK\\{Qj@QdJKfDQzC_@tGxCVnCRlFb@jFb@LCdBJbDPrAJ_@fAkSvl@@b@JXLPtElAj@TVHjB^j@LxBNdAAxBOdHqAxB]fBO`A@fALnD`@bBLh@DjAP~BV~ARnBPTDA\\Ax@GXK`@uAlDSh@_@xAQpAO`CGtBIhGAr@MRI|GAjA]`LOvBKlAQlA[fC]pBq@tDg@`Di@xDS~@[xB[pAO`AkCrPuArIwAnHmBfLa@dEWdEIdD@bE@lBVnFHfAb@pETxA~@~FbAlGnCxO|E`ZrBvKxAtG~BjJr@nCvCxKpBrGl@|AxAjDpBzD`CrDb@h@vClEf]vb@tG~H|O|RvMdPhOhRdU|XnFpG`GtH`LrNfBnBrAnAlAdAzA~@lA|@`@XlDxBbDjBzDnB~D~AlDb@|ADxAHXFLDVV^^JFl@JnEqAbEuAbKiDhLsDROLOFUw@mEmAoG_@{C_@_DEq@kCeNO}@KcAB_AFa@Je@Pe@nCiEdBkCf@a@`@UzFsArBi@lI}C|@g@XUl@w@Ra@^eALm@NeBz@}JvFp@vFn@|@J', 2),
(3436, 781, 'Sunninghill', '-26.0323925', '28.0742249', '00:00:00', 0, '', 1),
(3438, 764, 'Ferndale', '-26.0875503', '27.9922582', '00:00:00', 0, '', 1),
(3439, 764, 'Sunninghill', '-26.0323925', '28.0742249', '00:00:00', 0, '~ef~CeeziDmPmBkAbN[pAe@bAm@v@YT}@f@oAd@uCfAgBn@w@RsBf@cE`Aa@Tg@`@k@x@iEzGQd@Kd@G`@C~@B^V`BjCdNTj@p@nFNjArAnGf@pCb@zBqAb@uLpD{DxAuAb@iFfBeBf@uA`@iCr@wFdBm@RIPIHABGR?VFPJLPHj@Jt@?NELKJSBYAMESMMs@c@aOmIyBgA}D_C_DuBcCqBcDyCaDkDuAcB{AmBAEAWk@q@{EaGuFcHY[}FgHcFkGcZc_@eN_QcQ_T}I_LiDoEkVkZ}BqCqBsCuCcFSg@{@gBgAkC}@aCgB}FcFmQmAqE}AuGmAaHiJkj@YuBUcAk@cD_@_CgBgLQiBWgDQ}DEgCA{BDeC?SBe@LaDXuDLcAT{Bl@kDN}@|AeJl@uD|A}IjFi\\lCgPFcBN{APmCVgFF_D?yAAu@EqB@_ABsCJ_HByA@i@IMACCMK[UWSIo@K[A?KLuAPsB?s@SsAQ{@EWE}@KUGMEIIK_@EkFm@}@EkACuAFeBTgDf@aDv@mBNsADi@AsASs@QQ?YIyDaA}Cy@iBe@Fc@Tk@hQch@r@sBASA]GQUSQK_AIiCUMGwFe@mIq@}D[p@qLRaIHkENAhFQbOc@rHWRB@JDjAAvCAp@', 2),
(3440, 782, 'Sunninghill', '-26.0323925', '28.0742249', '00:00:00', 0, '~ef~CeeziDmPmBkAbN[pAe@bAm@v@YT}@f@oAd@uCfAgBn@w@RsBf@cE`Aa@Tg@`@k@x@iEzGQd@Kd@G`@C~@B^V`BjCdNTj@p@nFNjArAnGf@pCb@zBqAb@uLpD{DxAuAb@iFfBeBf@uA`@iCr@wFdBm@RIPIHABGR?VFPJLPHj@Jt@?NELKJSBYAMESMMs@c@aOmIyBgA}D_C_DuBcCqBcDyCaDkDuAcB{AmBAEAWk@q@{EaGuFcHY[}FgHcFkGcZc_@eN_QcQ_T}I_LiDoEkVkZ}BqCqBsCuCcFSg@{@gBgAkC}@aCgB}FcFmQmAqE}AuGmAaHiJkj@YuBUcAk@cD_@_CgBgLQiBWgDQ}DEgCA{BDeC?SBe@LaDXuDLcAT{Bl@kDN}@|AeJl@uD|A}IjFi\\lCgPFcBN{APmCVgFF_D?yAAu@EqB@_ABsCJ_HByA@i@IMACCMK[UWSIo@K[A?KLuAPsB?s@SsAQ{@EWE}@KUGMEIIK_@EkFm@}@EkACuAFeBTgDf@aDv@mBNsADi@AsASs@QQ?YIyDaA}Cy@iBe@Fc@Tk@hQch@r@sBASA]GQUSQK_AIiCUMGwFe@mIq@}D[p@qLRaIHkENAhFQbOc@rHWRB@JDjAAvCAp@', 2),
(3441, 782, 'Ferndale', '-26.0875503', '27.9922582', '00:00:00', 0, '', 1),
(3442, 783, 'Sunninghill', '-26.0323925', '28.0742249', '07:20:00', 0, 'zba~CkkgjDk@PqAZeANaOb@oO\\aNZiTh@wCD_BCeBUkEkAkDcAkAUq@KaDUiIy@oHu@yGo@_CYoBUiBWiCc@wAIkFk@}@EkAEuAHeBTgDf@aDv@mBNsADi@AsASs@QQ?YIyDaA}Cy@iBe@Fc@Tk@hQch@r@sBASA]GQUSQK_AIiCUMGkK}@wJu@p@qLRaIHkENAhFQhSm@lDMRB@JDjAAvCAp@', 2493),
(3443, 783, 'Engen Garage', '-26.06144', '28.05953', '07:10:00', 0, 'ndj~CudfjDgArCsAzDOVkEeE_DyCu@s@y@y@s@p@_DtDo@~@cArAmBfCkAhAk@^_@JsA`@s@RYJI[g@cBq@_CcFkQo@{BeAsEw@oD_@]k@YiJpDmEbB[Lg@DiCD_B]kCm@yBa@eEy@kCk@oCy@iDwAmK}EcToJuBaAWOsFcCyAs@yDeBeAa@wAu@sD_B}CwAGKqBy@}E{BkAa@m@MgAIgA@iD^sAXgBh@MLiC`A_Bh@i@Jg@D{NxEeH|B_@LMLg@RmBx@yE~AqLxDeIhC', 2492),
(3444, 783, 'Sandton City', '-26.10884669999999', '28.05271979999999', '07:00:00', 0, '|l`~Cke`jDoATYJ}E`AsDn@gB^}Bf@q@LUGWB_@Jc@HEG?IVI`Dm@nDq@|Aa@dBg@p@UbBa@`@OzAYrH{@fDe@vB]nASzOeC`GkAhJaB~Bg@pGkA~Bc@lFcA`Eq@r@IjBOhCM`B?z@DtCRpANlC\\hDf@vWpDvGbAlMjBbBNbBHzA?`BG`BIfBUzAYpBk@r@WtCoAtBqAxAgAb@[t@w@dAiA|@gAdHiJlByBvA}AnB_BvCgB`@Q`DuApBq@t@QtG{@t@Ev@CLK~@MRI\\SZUZg@Tk@\\iC~@wMVuDLs@p@aC|I}RnBsEz@kBhDkHpCuGv@_B\\e@fA}@zA}@x@U|@Sb@EjAQr@QrAk@x@o@b@i@zAwCf@eAx@wBl@uAtDcIdAsBLsA?SA[u@eAeBuC_BmCiAgBWc@WKW?WHmEjKc@dA', 2491),
(3445, 783, 'William Nicol Drive', '-26.0579119', '28.0227833', '06:50:00', 0, '|jh~CqaziDk@~JChADpA[NiDpBaHhEkTjFmAeHU}@cBcJe@kCMmA?aBt@{IrBeVJ_Ak@G}Fo@wGu@iQoB}BYSCNuAj@wG`AiJVmD@{AMkAOg@YgAa@_A[]g@y@a@o@Sk@Qs@K}@Aq@FiBF{@PcAGa@IQY[{Ag@cAYcKqD}Bw@_PsF{CoAsCeAiJ_DaDyA_C_BaDyBeP{KsBsAyGoFq@i@mAiAoJcHkAs@s@a@cBq@aAYcI_CmFcByHsBw@QRsA|@{EFk@c@Hs@J{Cb@qCj@}Bf@', 2490),
(3446, 783, 'Republic Road', '-26.0985461', '27.9914462', '06:40:00', 0, 'tur~CahpiDkBiO]yCA?AAEEBK@?_@wEiAyJc@yB]gAc@oAq@oAc@q@w@_A][{DwC}LuIy@m@a@U_BkAoBgBa@]MU[[SOc@_@mBwAaA}@CC_AcAyC}BOMqCwBsFeEgIyG_@_@}@aBwCqF]u@k@kAkAoBuJuPs@s@c@e@a@q@_A}Aw@}@]Uo@i@w@_@aAUi@Cy@Sa@WkIiH{BiBo@s@k@e@yDuDm@m@k@s@aAkBMc@eAcFuAiGKo@Aa@eB{JYwBEaAG}IOkNGgCGa@So@WiAa@eGOcDk@oJK{@Ea@OMOKUEy@Hy@?sAOcAQe@Qs@YIK{GqB_HkBk@SkASwCm@oF_AO@}B[_ASiACSCu@DoK`@iGVmAHaBT}FjBwDlAaF`BMJyE|AA_Ac@kJCm@YmBu@gFm@iDEu@JmCBMkBSqC[wR{BaJeAQhBc@bFB^]|DSvBQzB', 2489),
(3447, 783, '14th Avenue', '-26.1514675', '27.9412888', '06:30:00', 0, 'b{v~CajriDh@lMh@pQPlExAGR?aAdIOhAs@`GMN_AlGS|AKj@cB}@{@Y{@McA?m@@oATwAb@{@l@yG`FcEbD_QnM_DxCu@r@yDtEgDvFyEnIuE`IcCzCiCxBcDnBcBt@{DrBiE|AgDpAeEvAiEpAkBl@YJ@_@?MAgAA_@Bg@DuAXcJBo@DsAIm@PaGHiELuF?kE@qA@kANoBPuAXsC@[?YMyDIeDGiB?w@KcA]}CCACC?EBC{@qI', 2488),
(3448, 783, 'Mollie Road', '-26.1728229', '27.951847', '06:20:00', 0, 'xls~CkrjiDQQbJcN~@uArBeDlPsVvP{VfRgYzDgG\\o@pFiIZi@tAkBLKDMzAiEJKfBmFrAeEtDaL~@uCf@uBZkCReAPoBT}A\\yBj@_ECQt@kHL}@Hw@?g@Ek@YkBe@mMYwJSqFU{E', 2487),
(3449, 783, 'Ontdekkers Road', '-26.155174', '27.9122174', '06:10:00', 0, 'vso~Cyf`iDqATCDAZDvAi@FwAR[Nc@`@]n@mAlCuAfEg@rAs@g@q@]SONUt@iAjNeShEaGtBcEHQlEgK|FqNhDmKdBaFvDoMrLw^lCsIdBoFj@kD`@_Bf@mCtHsa@^eDNiC@eBEuDu@oYg@gYFsCB[XkC\\iBXuAjAsCf@kA`@{@fBkCtAsBnE_Ht@{@nAgBpIyMrCwDjIeMZk@PP', 2486),
(3450, 783, 'Westgate Mall Terminal', '-26.13578', '27.85925', '06:00:00', 0, '', 2485),
(3451, 784, 'Sunninghill', '-26.0323925', '28.0742249', '05:55:00', 0, '~r~}CwegjDEgEGeB?g@CwAQgK]mNG{AKwHGaEQuMKw@MMSIYAU?wEdCwAv@e@T{@Vs@TaEXcDGkBEoDCyEBqBGcAIy@KaASM@o@KoF_AkHsAw@I[Bg@Ne@d@oEvE_@VQHe@KsEWgEg@_E[kE_@KGkFc@gBOuGg@yCW^uGP{CJgDPeJlCKnTq@pDKtAAHdDEzB', 3110),
(3452, 784, 'Rivonia Road & 12th Avenue', '-26.0486369', '28.0586803', '05:51:45', 0, 'ndj~CudfjDgArCsAzDOV]n@{CjHOZsAlCyBdFeBtDQXOIwA}@{A}@mF_Di@_@_A{@o@}@Ys@_@iAu@oCwGmUyAeF{@uDy@wDMi@KMMKa@UOGMFcA`@_GzBaG|BaBHoA@]E}Cw@yCk@kCg@kDu@kCo@_DmAmLoF}QkI_F{BOKoGuCeEiBaAe@q@Ui@YiCoAsFaCCCEIuAk@yDeBaBu@wA]oBKuCVy@LaDv@YPEBeE|A}@Ve@FS@WJqA^wUxHQNe@PeCdAiC|@qGrBuMhE{C|@yAVgL^kDJqLVmFNyTf@kKTO?AW', 3109),
(3453, 784, 'Sandton City', '-26.10884669999999', '28.05271979999999', '05:49:15', 0, 'zas~CatdjDsHbAsFn@uGx@aBRi@DgBFeCZqBVeBJmD`@kC\\oIbAkBNq@?cAM{@S}Au@kAs@aEcC}EqCeBeAsBiAcBgAaFuC}BqAyAy@aAU_Dc@eC_@qH_AcBUqHeAkDi@u@Ko@E_@@e@D{Bh@oB`@sI`C_E~@_FfA_KlCeCl@cJxBoAZg@Fa@Do@?{@C}@Oy@WcAi@_@Wo@o@m@{@a@y@m@}Au@uC}@uD_@kAQ_@_@y@o@{@m@q@e@_@qAy@qDwBgAs@i@c@}@_AqBqCkFyIy@oAa@MYDKDQ`@_CnF_B~D', 3108),
(3454, 784, 'Oxford Rd', '-26.1534194', '28.0456052', '05:46:45', 0, 'rhy~CqwcjD\\@FZwAMgB?WBu@Ls@Ty@d@uCnB{B|AyGbE{A`AyAhAs@r@}CpDgGuDoAu@s@i@{@_Aw@_A_@[QIw@UQAwBIu@GWCaAWeAa@mAs@eA{@eBeBw@q@mBiBkGkGgK}JwLqLqCmCs@s@E?CA[Wa@Sq@IsBJKEsWbD}RbCuGv@aC\\wC^qAXcAZ', 3107),
(3455, 784, 'Empire Road & Victoria Avenue', '-26.185221', '28.0410451', '05:45:30', 0, 'vsx~CamziDeBeFWsAIeAAo@@eAJ{@r@aFb@kDBi@Ho@tAmI`@gCLkBXoCpBeOxCwSl@}EDaARaBReBAu@]aEGeA]oDu@kHcBcOs@qFQeAWsA?k@RsAt@eELe@b@iB`@gChCyNjAmHpAkHj@sEj@gDHi@Lc@XmBf@yCLm@J]h@eA|@cBNc@Zg@L]Hk@Fm@\\{GH{A@{@IYSWgAy@sCoBWQ[[O[Su@w@gEMwA@uCH{B@iA@iB', 3106),
(3456, 784, 'Perth Road & Lewes Road', '-26.181877', '27.9932911', '05:40:30', 0, 'va}~CgmsiDdBt@NLp@X\\RIZmAo@uBcAcC{@mAo@{A}@mAo@yHsDyG}C_KaF{QyIsLwF{HsDQOSWOYKe@eAyHi@yCSsAM}AGk@Ka@KQmAqAoAiAe@k@Sc@M_@cAcD}@aDaDoLs@aCQ}@O_AA[EeDHu@rBsKLqAP{CCu@Ie@]_A{CuIsAwEqJiYoMa`@', 3105),
(3457, 784, 'Highgate Cosmetic Bar', '-26.20460509999999', '27.9574813', '05:39:15', 0, '`g|~CeakiDb@aEr@wHLqA?]@iAWe@y@eB_B_B{MkG_@S][q@u@aByA{@o@o@OwDk@w@QaJeC{@Uj@wBlAyDtA_DdD_IhBsF`D_M|I{]jCgMjAwGt@yChAkEpAiEt@uCrEgP~DgO|EaRdDcMzBeI~BiJPq@o@]sAq@iBq@{@[mAo@cCuAuBeAcD{ARa@dBp@`Bv@nCrB`CnAhC|@', 3104),
(3458, 784, 'Fleurhof', '-26.2000529', '27.9146478', '05:38:15', 0, 'tls~Cuw~hDEx@aCWoAyDo@wDE{@Dm@DY^i@d@k@~AiAhAcAf@m@v@mAz@cBz@cBtA}Bj@s@t@u@tJLb@@b@?~GFnELvDRh@APIRUFg@Ag@_AgKIyDAiCI}H@{ABsBDwCEo@@u@@Qd@uAn@cAlAqDz@_D|BgHL_@BUB_@@o@T?lBQNIzCcBfBy@f[aOj@]pAy@v@o@tAwAl@s@|DaGh@y@dF{HdHmKbF_IrDqG~BmEbBaDfAqC~@iDLe@x@kDxBcLjBiJ~@_GdDuXl@eDr@sC`BgG~AmFhAuClAeDnAmEvBaIbAwDbBaGxLsd@nMof@jEkPLe@l@NpA^tHrBnFz@n@X~AtAbBfBd@ZjIxDzCvA~A~ApAjCAfBi@`G{@hI', 3103),
(3459, 784, 'Davidsonville', '-26.1549591', '27.8516564', '05:37:00', 0, '', 3102),
(3460, 785, 'Metrobus Roodepoort Bus Depot', '-26.1285999', '27.8442426', '00:00:00', 0, '', 1),
(3461, 785, 'Lindhaven', '-26.1457737', '27.8501912', '00:00:00', 0, 'jen~Cyi}hDQdBWrCAd@NzBkB_@uDe@p@fLFdAJd@FTNJh@\\dGhAnATnANl@BxBZ~@LnAN|Bh@xBd@fGlA~FbArKrBbEv@xE~@FuBNoFTmH`@eKNwFLiBd@sEzB_T\\i@j@yA~BqGxAqDnAqDFSHe@Dm@?YGcAG{@IuATHlAx@rBzA`JdH~AnA\\J\\J', 2),
(3462, 786, 'Lindhaven', '-26.1457737', '27.8501912', '00:00:00', 0, 'jen~Cyi}hDQdBWrCAd@NzBkB_@uDe@p@fLFdAJd@FTNJh@\\dGhAnATnANl@BxBZ~@LnAN|Bh@xBd@fGlA~FbArKrBbEv@xE~@FuBNoFTmH`@eKNwFLiBd@sEzB_T\\i@j@yA~BqGxAqDnAqDFSHe@Dm@?YGcAG{@IuATHlAx@rBzA`JdH~AnA\\J\\J', 2),
(3463, 786, 'Metrobus Roodepoort Bus Depot', '-26.1285999', '27.8442426', '00:00:00', 0, '', 1),
(3464, 787, 'Lindhaven', '-26.1457737', '27.8501912', '00:00:00', 0, '', 1),
(3465, 787, 'Ghandi square', '-26.2066264', '28.0433502', '00:00:00', 0, 'xyz~CkdajDdAuDFYBSB}@EcAMcBYeFq@qLC[JAnBKrGc@TILIHMF_@?cBFy@FIB_@PcARw@r@qBdBmDX_@`@ObAKrGe@nAKFETETG\\Sr@s@DMrAsAVUl@_@h@QnCUfRwAjHg@nBQnCOOoBEq@]gGGgAAWEAECCIS{BAACCCE', 7),
(3466, 788, 'Ghandi square', '-26.2066264', '28.0433502', '00:00:00', 0, '', 1),
(3467, 788, 'Lindhaven', '-26.1457737', '27.8501912', '00:00:00', 0, 'hpp~Cmo`iDTMB?HFt@|A[NYN]Lm@HiAEUBs@Jk@RVxBfBnIZ?f@Ir@QlAi@hBaAt@_@FTZ`Ez@jN^bGTHlAx@rBzA`JdH~AnA\\J\\J', 7),
(3468, 789, 'Ruimsig', '-26.0819964', '27.8633774', '00:00:00', 0, '', 1),
(3469, 789, 'Ghandi square', '-26.2066264', '28.0433502', '00:00:00', 0, 'xyz~CkdajDdAuDFYBSB}@EcAMcBYeFq@qLC[JAnBKrGc@TILIHMF_@?cBFy@FIB_@PcARw@r@qBdBmDX_@`@ObAKrGe@nAKFETETG\\Sr@s@DMrAsAVUl@_@h@QnCUfRwAjHg@nBQnCOOoBEq@]gGGgAAWEAECCIS{BAACCCE', 6),
(3470, 790, 'Ghandi square', '-26.2066264', '28.0433502', '00:00:00', 0, '', 1),
(3471, 790, 'Ruimsig', '-26.0819964', '27.8633774', '00:00:00', 0, 'jvr~Ca_miDeIhCaIrBiD`A_B`@i@DqDfAk@PaA`@yBnAWHm@`@kClAeCnAeMlH_GhDiElCeAh@gFzCoHbEyErCw@\\yClBmBfAkEtCsDtCsFbFiAdAwAdBq@p@cBnB{ApBoJzL_AfAs@lAm@p@KLi@x@{CvDwD~EwFlHcRpUeCnD{A|BQJoB|CWf@iArBgBtDaC|FiE`MqAnDmEjJW^Qf@e@p@u@dAkBnCqDvEo@n@qD`DoBjBuC~Be@RuBrAsBfAkJlFiAt@cChBk@`@uGfFoKtIiGdFgFbE{@j@uCbC_DjCkBzAkCpBOZyDxC_FhE{B`BmAfAGHQMu@_@kB}@mFmCcCuAW`@mAlBCJ@JDNhAp@n@r@`@p@B\\I^[n@g@b@wLxFoFlCuNfHaEvBOHtBhDPl@s@r@', 6),
(3472, 791, 'Metrobus Roodepoort Bus Depot', '-26.1285999', '27.8442426', '00:00:00', 0, '', 1),
(3473, 791, 'Ruimsig', '-26.0819964', '27.8633774', '00:00:00', 0, 'jen~Cyi}hDh@_FsCWcC[YB_Be@iBi@kGqBmAg@w@_@a@e@a@e@c@aAk@eCSq@SWGKeAo@yBmA{HkDe@Qa@IwC_@oEa@wD]_BSuAW{@EgCcA_CoAsEgCaCwA}Ay@wHeEoCwAeEeC_CoBuAiBa@i@k@yAMc@Qc@i@{BUwBG_BCwBIsDE{EC_IAiEA_I?eD?[oB?gAA_BCqADy@JoA^y@Zu@b@a@\\aAhAyDdFm@|@m@r@WR{@Z]Hc@B}@Ac@Ii@S_OoHgI_EsLgGq@QyCsA{GkDw@_@c@OQMu@_@kB}@mFmCcCuAW`@mAlBCJ@JDNhAp@n@r@`@p@B\\I^[n@g@b@wLxFoFlCuNfHaEvBOHtBhDPl@s@r@', 2),
(3474, 792, 'Ruimsig', '-26.0819964', '27.8633774', '00:00:00', 0, 'jen~Cyi}hDh@_FsCWcC[YB_Be@iBi@kGqBmAg@w@_@a@e@a@e@c@aAk@eCSq@SWGKeAo@yBmA{HkDe@Qa@IwC_@oEa@wD]_BSuAW{@EgCcA_CoAsEgCaCwA}Ay@wHeEoCwAeEeC_CoBuAiBa@i@k@yAMc@Qc@i@{BUwBG_BCwBIsDE{EC_IAiEA_I?eD?[oB?gAA_BCqADy@JoA^y@Zu@b@a@\\aAhAyDdFm@|@m@r@WR{@Z]Hc@B}@Ac@Ii@S_OoHgI_EsLgGq@QyCsA{GkDw@_@c@OQMu@_@kB}@mFmCcCuAW`@mAlBCJ@JDNhAp@n@r@`@p@B\\I^[n@g@b@wLxFoFlCuNfHaEvBOHtBhDPl@s@r@', 2),
(3475, 792, 'Metrobus Roodepoort Bus Depot', '-26.1285999', '27.8442426', '00:00:00', 0, '', 1),
(3476, 793, 'Metrobus Roodepoort Bus Depot', '-26.1285999', '27.8442426', '00:00:00', 0, '', 1),
(3477, 793, 'Davidsonville', '-26.1549591', '27.8516564', '00:00:00', 0, 'jen~Cyi}hDQdBWrCAd@NzBkB_@uDe@p@fLFdAJd@FTNJh@\\dGhAnATnANl@BxBZ~@LnAN|Bh@xBd@fGlA~FbArKrBjOvClGjAjKvBbJ`BNoFf@_Q\\yKJmDrFdAlDp@~NpC~AP`@DdALv@?jAQ|@[f@Y~@y@z@gAbD_FhAsAf@]~@i@bA]rAYd@CdAC`AAx@KdAU|@]jAs@|@}@|C}Dw@}@oA{APWj@{@PcAX_C@YImAe@gAaAqD}@aDy@kDgE_@{Ca@k@IDy@', 2),
(3478, 794, 'Davidsonville', '-26.1549591', '27.8516564', '00:00:00', 0, 'jen~Cyi}hDQdBWrCAd@NzBkB_@uDe@p@fLFdAJd@FTNJh@\\dGhAnATnANl@BxBZ~@LnAN|Bh@xBd@fGlA~FbArKrBjOvClGjAjKvBbJ`BNoFf@_Q\\yKJmDrFdAlDp@~NpC~AP`@DdALv@?jAQ|@[f@Y~@y@z@gAbD_FhAsAf@]~@i@bA]rAYd@CdAC`AAx@KdAU|@]jAs@|@}@|C}Dw@}@oA{APWj@{@PcAX_C@YImAe@gAaAqD}@aDy@kDgE_@{Ca@k@IDy@', 2),
(3479, 794, 'Metrobus Roodepoort Bus Depot', '-26.1285999', '27.8442426', '00:00:00', 0, '', 1),
(3480, 795, 'Davidsonville', '-26.1549591', '27.8516564', '08:35:00', 0, '', 1),
(3481, 795, 'Durban Deep', '-26.165834', '27.8625227', '08:25:00', 0, 'tls~Cuw~hDEx@aCWoAyDo@wDE{@Dm@DY^i@d@k@~AiAhAcAf@m@v@mAz@cBz@cBtA}Bj@s@t@u@tJLb@@b@?~GFnELvDRh@APIRUFg@Ag@_AgKIyDAiCI}H@]vBDxCl@zFvAxAj@HH', 2),
(3482, 795, 'Fleurhof', '-26.2036251', '27.9157813', '08:15:00', 0, 'lou~Cw{`iDIII}B?qBBq@Lk@VmATs@Zq@fB_Dt@mApCsE~CcFhKqR`AaBxEkH\\{@?a@AM@QDMLKBAj@w@dAiBfF{HfC{D`FoHfK{OvDmGbBeD|BmEdAoCz@}Cn@iCZuAx@sEtBuKr@eD`@kC\\sBb@}DbB_Nj@oE~@iEvAsFz@wC`AaDb@kArAkD^cAf@iB`AiDhB_HdAyDjFsRtKqa@hJ}]lEmPbEfAxErAv@PvDj@n@Nz@n@`BxAp@t@\\ZzN~G~A~AhBoBdBUvFi@hGDc@vF}AzOf@F', 3),
(3483, 795, '26 Lautre Rd', '-26.20391', '27.95061', '08:05:00', 0, 'n{|~CsgkiDg@Gv@aIx@oINaCsDAuACwFh@eBTiBnB_B_B{CwAkIyDe@[cBgB_BuAo@YoF{@uHsBqA_@m@Oj@wBlAyDfAgC^y@rC}GbBaF|@kDpFgTtEyQtB{J`BcJrBeI|AiFt@uC~BiIdG_UlBiHhAoEd@JjGtAXFRCPOHQViAb@qBc@IiCUMAGC', 4),
(3484, 795, 'Perth Rd', '-26.1838716', '27.989105', '07:55:00', 0, '`_}~CudriDTDhCTb@Hc@pBWhAELKLSFc@EkGuAe@Kl@}BJ]tAmFdCgJfBmGdAqEb@aBsAs@oB{@oAa@m@YgDmBkLwFiAe@mFiCkKgFmDaBwAq@eBy@gJmEgHgDkFgCQOSWOYKe@eAyHWqA]wBUsCMq@Q[sDsDg@_ASs@yA}EwCoKcBcGW{AKqDBc@XiBfBoJJoALcDC[Mi@w@uBgCmH[iA_@uA^s@R_@RO|HkLpCeEj@s@p@}@KWw@iE}@mFEUD[_FgBk@YcAu@_BmAGIYy@{@qCM]gEjA{ErAYHQHoBhAg@X~@vB^~@`@lAj@`C^zA', 5),
(3485, 795, 'Enoch Sontonga Avenue', '-26.193305', '28.0241456', '07:45:30', 0, 'd`y~C{ryiDdGpQ`CfHj@`BJLJHHB^CROlAiBbG}IjCyD`DcEx@eAHe@Jk@?m@Q}A?i@BgAA]a@yAGe@@a@|F{SrMke@lCmJDe@NuMJiBFk@BQFm@DiASyDiAiSAs@Ly@HYXe@b@_@ZQl@a@RYRc@Lm@@W?e@q@iLaB_ZQ{DIOAQ]eDCc@?Q{@eF_AsFEWAQ', 6),
(3486, 795, 'Gandhi Square', '-26.2066635', '28.0433497', '07:35:00', 0, 'b{z~C}m`jDy@iRBu@Jm@dAuDFYBSB}@EcAMcBYeFq@qLC[JAnBKrGc@TILIHMF_@?cBFy@FIB_@PcARw@r@qBdBmDX_@`@ObAKrGe@nAKFETETG\\Sr@s@DMrAsAVUl@_@h@QnCUfRwAjHg@nBQnCOOoBEq@]gGGgAAWEAECCIS{BAACCCEAM@MDIJEN?JDDH@L', 7),
(3487, 796, 'Davidsonville', '-26.1549591', '27.8516564', '00:00:00', 0, '', 1),
(3488, 796, 'Westgate Shopping Centre', '-26.1401993', '27.8607578', '00:00:00', 0, 'tls~Cuw~hDEx@aCWoAyDo@wDE{@Dm@DY^i@d@k@~AiAhAcAf@m@v@mAz@cBz@cBtA}Bj@s@rBqBfCqBS[Ua@KO?}@RcJiGSoI]m@?iBMSe@aAiAmBgBcGsCoD}AMM}Ai@{@\\{Ah@oBt@wC`A_LvDgHdC{@\\}@d@s@d@UXSToEtH_BdCg@h@y@r@k@`@c@RuB`A]J_ATgALYkBiAgFSk@]mAd@[n@Qr@G`BBXGXM{@eBPM', 2),
(3489, 797, 'Donovan McDonald Retirement Centre', '-26.1797991', '27.9326268', '00:00:00', 0, 'hpp~Cmo`iDTMB?HFt@|A[NYN]Lm@HiAEUBs@Jk@RVxBfBnIZ?f@Ir@QlAi@hBaAfAk@p@o@bA_BxBeDlBgDfAwA|@o@|@c@f@SvFmBtFkBbKkDrF}BfA_@xAq@dJ_ExHqDbFeCfIiE~Ak@nBg@t@KV?hAUr@QxAk@~ByAjAa@`A]rCcA\\W^c@Xg@bAcB`ByC`JeOjDgE~FwGxDsEvAeBjAmB|@kBdAoCjAyDlBkGpAaEVi@hBcG`AyCXw@zAgCbEgHhEyGnD}ErMqPb@cAp@qAz@}CD_@^iBlBeK`CiL^qBR_BpA_E|E_Oh@oBJ{@JcADeBFwBNoFFiBAq@Ba@Je@Bo@d@{Dh@eEJ{AtBkQb@uD`BgJ`BiJzAiIDaAMk@iHcVq@iCyBsHu@{BMi@e@kAkCoEs@oAQe@WkA{AyJQw@', 2),
(3490, 797, 'Westgate Shopping Centre', '-26.1401993', '27.8607578', '00:00:00', 0, '', 1),
(3491, 798, 'Westgate Shopping Centre', '-26.1401993', '27.8607578', '00:00:00', 0, '', 1),
(3492, 798, 'Klein Helderkruin Centre', '-26.1132456', '27.8606797', '00:00:00', 0, 'hpp~Cmo`iDTMB?HFt@|A[NYN]Lm@HiAEUBs@Jk@RSPa@aBUm@o@_Au@}@uBkBqCaCwC_CsAaAU[SOwAeA[Ki@G_EQmJ]YKMMaBeCK[E_@FqA@i@Ca@Oa@IMUK_A]q@MgCNeMj@c@BAzBkFD]COEeFiBgIsCoMyEa@fAoAhEiAbDaB~BcAhB_BlEaBzDmE~JeBbFgApCMXeCoAoCuAoC{A}DsBFi@', 2),
(3493, 799, 'Westgate Shopping Centre', '-26.1401993', '27.8607578', '00:00:00', 0, '', 1),
(3494, 799, 'Donovan McDonald Retirement Centre', '-26.1797991', '27.9326268', '00:00:00', 0, 'hpp~Cmo`iDTMB?HFt@|A[NYN]Lm@HiAEUBs@Jk@RVxBfBnIZ?f@Ir@QlAi@hBaAfAk@p@o@bA_BxBeDlBgDfAwA|@o@|@c@f@SvFmBtFkBbKkDrF}BfA_@xAq@dJ_ExHqDbFeCfIiE~Ak@nBg@t@KV?hAUr@QxAk@~ByAjAa@`A]rCcA\\W^c@Xg@bAcB`ByC`JeOjDgE~FwGxDsEvAeBjAmB|@kBdAoCjAyDlBkGpAaEVi@hBcG`AyCXw@zAgCbEgHhEyGnD}ErMqPb@cAp@qAz@}CD_@^iBlBeK`CiL^qBR_BpA_E|E_Oh@oBJ{@JcADeBFwBNoFFiBAq@Ba@Je@Bo@d@{Dh@eEJ{AtBkQb@uD`BgJ`BiJzAiIDaAMk@iHcVq@iCyBsHu@{BMi@e@kAkCoEs@oAQe@WkA{AyJQw@', 2),
(3495, 800, 'Klein Helderkruin Centre', '-26.1132456', '27.8606797', '00:00:00', 0, 'hpp~Cmo`iDTMB?HFt@|A[NYN]Lm@HiAEUBs@Jk@RSPa@aBUm@o@_Au@}@uBkBqCaCwC_CsAaAU[SOwAeA[Ki@G_EQmJ]YKMMaBeCK[E_@FqA@i@Ca@Oa@IMUK_A]q@MgCNeMj@c@BAzBkFD]COEeFiBgIsCoMyEa@fAoAhEiAbDaB~BcAhB_BlEaBzDmE~JeBbFgApCMXeCoAoCuAoC{A}DsBFi@', 2),
(3496, 800, 'Westgate Shopping Centre', '-26.1401993', '27.8607578', '00:00:00', 0, '', 1),
(3497, 801, 'Westgate Shopping Centre', '-26.1401993', '27.8607578', '00:00:00', 0, '', 1),
(3498, 801, 'Kruinpark Retirement Village', '-26.1112233', '27.8577978', '00:00:00', 0, 'hpp~Cmo`iDTMB?HFt@|A[NYN]Lm@HiAEUBs@Jk@RSPa@aBUm@o@_Au@}@uBkBqCaCwC_CsAaAU[SOwAeA[Ki@G_EQmJ]YKMMaBeCK[E_@FqA@i@Ca@Oa@IMUK_A]q@MgCNeMj@c@BAzBkFD]COEeFiBgIsCoMyEuHqC}DgDOSeByD}DdC]`@mA|Bk@hBqCvJsAnFmAjDa@hAaAnCw@lAg@f@_DhCgA|@aAnAmBdEgEjKzCzAMb@', 2),
(3499, 802, 'Kruinpark Retirement Village', '-26.1112233', '27.8577978', '00:00:00', 0, 'hpp~Cmo`iDTMB?HFt@|A[NYN]Lm@HiAEUBs@Jk@RSPa@aBUm@o@_Au@}@uBkBqCaCwC_CsAaAU[SOwAeA[Ki@G_EQmJ]YKMMaBeCK[E_@FqA@i@Ca@Oa@IMUK_A]q@MgCNeMj@c@BAzBkFD]COEeFiBgIsCoMyEuHqC}DgDOSeByD}DdC]`@mA|Bk@hBqCvJsAnFmAjDa@hAaAnCw@lAg@f@_DhCgA|@aAnAmBdEgEjKzCzAMb@', 2),
(3500, 802, 'Westgate Shopping Centre', '-26.1401993', '27.8607578', '00:00:00', 0, '', 1),
(3501, 803, 'Hoërskool Florida', '-26.1660632', '27.9218331', '00:00:00', 0, '', 1),
(3502, 803, 'Witpoortjie', '-26.1631828', '27.8252814', '00:00:00', 0, 'lou~CqnliDEHIAUGGLEJGj@L@H@@@BHYhAJH@J?r@|MbBdMvARFw@zG}AvPWdCsAjNQxAQbAW`A{AfGuC`MuCzKwAbGo@tCxDj@|Cb@tH~@nBb@|AXrALjBXvJ~@hNbBtC^~AHbJdAv@P|AZfAPP?zHbAdKpAtARj@JIVwBlIg@`DmDxYs@~DcCfMgDvPcArDg@rAq@tAyAlCqD|GiDzFmJhNaCdDuElHmI~MMLID?B?DEJEF_AtAIDyEjHaGvKiEzHiCbE]h@_EvGgB~C[p@Ur@WlA@ZIbBHvERtI\\tHJlCn@rKP|Cn@|HZvCpBrLp@jE|BtNrA~H|DpRr@|CTdBPbBB|@DhCCrAI`B}AjQkAnMStB@nAe@`GYjDOEYGo@[sAwCO]UYu@k@SG_@IQCaFKcAAA?a@AAR?tBGjEAfDKpQKbM{CwA_DyAw@fB', 2),
(3503, 804, 'Hoërskool Florida', '-26.1660632', '27.9218331', '00:00:00', 0, '', 1),
(3504, 804, 'Lindhaven', '-26.1457737', '27.8501912', '00:00:00', 0, 'lou~CqnliDAIOEQAAEMu@qDhCoA~@gG|DsCpBKLi@~@uDvHaC~JKfAUnFg@tLOjFIpBMnECz@AvGExBGlK@VSC}B]wIeAcM}AiKuAkC]mBQsAO{@XSHqDvFgDvEwCjEi@v@i@hAy@lBu@dCQp@_@vBUfCEpABbENtJLnFTfHTrG@tALtI@nA?hBGpBEj@_@zCu@lEWbBoBnKmAjGcApFq@`DUxA]`BSp@sBxG}AjFmGjRmDjKgDtK[bAaCzGeC~HwEjLLbBC\\Sp@mArCoAzCBn@@NdCrBnApAd@x@`@~@^vAPhAJ`AhAfFVtAZ?zA[`D}AjAm@FTLtAp@zKv@~L^NxB|A|DzC`IjGz@V', 2),
(3505, 805, 'Roodepark Skool', '-26.1050626', '27.9060909', '00:00:00', 0, '', 1),
(3506, 805, 'Quellerina Gemeente', '-26.1605478', '27.940014', '00:00:00', 0, '~ri~CwkiiDvCrIbChH`@S|DiB~C{AfD_B|DkBT@ZVj@j@z@|@NRLf@HXR^b@`@T[T[h@u@vAaBNKTKb@Q`CaAhBu@\\[rAiBlElEtArA`Ar@zBnAxBdAf@Lf@F`Ah@fEfCfCtAp@f@t@\\r@d@L?PD`@J^?d@YVO^c@f@m@dEuF`AsAb@e@v@_AlB{BfB}B\\k@h@m@dCoDxBuCnBcChEmFhGmHxByB`DsClDmCpAkAxCqBvBcAxBwAjKkGnC_BbFmCvCiBbAw@dJ_FnEkCrKmGnGwC|F}BfE}AzEuAhKcD`EoAfPqFtGsBzBu@xBs@~B}@jAk@tBsAfB_Bz@y@tAaBp@eApA}B`GsK`C_EnAqBlDiE`DcDjCwBjCqBnHgFLyAmAeCaA_BiAmBgAmBo@y@y@{AYu@c@sAs@iCQaAsBb@mA\\yAj@u@l@u@x@iBfBa@d@qApE_AlDkBYBU', 2),
(3507, 806, 'Westgate Shopping Centre', '-26.1401993', '27.8607578', '00:00:00', 0, '', 1),
(3508, 806, 'Ghandi square', '-26.2066264', '28.0433502', '00:00:00', 0, 'xyz~CkdajDdAuDFYBSB}@EcAMcBYeFq@qLC[JAnBKrGc@TILIHMF_@?cBFy@FIB_@PcARw@r@qBdBmDX_@`@ObAKrGe@nAKFETETG\\Sr@s@DMrAsAVUl@_@h@QnCUfRwAjHg@nBQnCOOoBEq@]gGGgAAWEAECCIS{BAACCCE', 6),
(3509, 807, 'Ghandi square', '-26.2066264', '28.0433502', '00:00:00', 0, '', 1),
(3510, 807, 'Westgate Shopping Centre', '-26.1401993', '27.8607578', '00:00:00', 0, 'hqu~Ce{hiDsHcAsKiAgDe@{A[uBo@}Di@qCa@qYoD_NgBgDYYGKD_@Jc@PqDvFkBjCoBpCmC|D}@pBe@dA_@jA_@rASv@]zCQtCHvIRfLn@dRLtHBvD?vBKdCUhCw@pEQpAkApG{BlLqBnK}@rEyCtJkA`EsCrIgHbT{DhMo@fByAbEeC~HwEjLJjA?d@Ij@eAdCkAtCWh@@h@@L@F~@v@dAz@lAlAf@|@`@~@^vAj@Sr@KTChADl@I\\M{@eBPM', 6),
(3511, 808, 'West Ridge High', '-26.14413', '27.87264429999999', '00:00:00', 0, '', 1),
(3512, 808, 'WestRidgeHigh', '-26.14413', '27.87264429999999', '00:00:00', 0, '', 1),
(3513, 808, 'Ghandi square', '-26.2066264', '28.0433502', '00:00:00', 0, '|fq~CosbiDM^aD_@yASw@UkAk@EUpBsGvH}UMGa@QpAcEbCqH\\mARsA^oBj@cCpHia@b@gCJaAHw@NiC@eBEuDMeFg@iRWiOO}HFsC\\gDv@_ErB_F`@{@fBkCtAsBnE_Ht@{@zBcDdH}KrCwDjIeMZk@bJcN~@uAdAcBfFaI~EkHlFcIvIiMdT{[~AaCnD{FlE}GZ{@Cc@g@e@_@k@Um@D[WkEMwCUqFAoBNgG?gBCUM[s@gAYc@QKMSoBwDuBoDU]gAmBFMFIhAm@zB_AzDcBxCkAx@[d@Or@GrD_Ab@KzL_DnMcDtI}BdDq@xC]lBEfECnOV|DMpBQdAQb@IbB_@~DoAp@Uz@a@~CqAdEeBrJ{Dh[oMd`@_PlOiGtFoBrAa@xDiAhD}@zFsAlTmEjHuAvE_AFGPM|Ae@nCu@bA[d@Sv@i@vBoB|CyCh@]^Qj@Ml@Et@@d@CPENILMDa@Fm@h@iF~@aJv@oHpBuRfEca@|AcO`@gDv@}Ev@eECWGYUQi@Oo@EMCEEaFa@iCWqASaAWq@U}BkA{Ay@{@s@g@m@aAiBy@sBu@cB]u@GEGEm@iAo@qAcA{B_@s@m@_BEOO_@{@kAu@y@gA{@{BoA{BiAcAc@{Ai@gCk@]?]Ga@As@AHiAr@kKL{ANkAl@uDfCcOVaAVs@hI{OfIuObGeLVu@Py@Hi@J}ACqAIcA{@gF}BeNa@kCm@iEMoBCmCCyAU[MIs@_@a@[OSIW]uDQaC_A}Mk@yHy@qLi@eHu@kJ_AmMe@cGG}@GgBAwBAqECoKEoDA_@CmAEcLCsG?aAKe@?oA@qCJ{EHuDEm@O][Ya@KsA?iB@iDEUEKKGY?{@ESGIQG[AO@oDVgDVuCTAWEAECCIS{BAACCCE', 2),
(3514, 809, 'Fleurhof', '-26.2036251', '27.9157813', '00:00:00', 0, '', 1),
(3515, 809, 'Sunninghill', '-26.0323925', '28.0742249', '00:00:00', 0, 'n{|~CsgkiDg@Gv@aIx@oINaCsDAuACwFh@eBTiBnB_B_B{CwAkIyDe@[cBgB_BuAo@YoF{@uHsBqA_@m@Oj@wBlAyDfAgC^y@rC}GbBaF|@kDpFgTsBe@sBq@YMqBoAy@k@{BeBMO}AkDQ]eFgEOCIEqBiA}LeBiBQyGw@m@Kq@So@UaAo@y@q@cD}CgD}CiB_BMMJOPU^e@`@u@l@oCpBqIzBwIIcAOWWQ]Ee@Lc@@iAT{C^_ENq@@aFMa@GKIeAEsFMsBBkD\\gFh@_Ez@cJ~BYHkJbCaKnCqBh@_Cr@}Al@qAl@wBrAsA|@qAfAwAzAMNqB|CwC~EmMnTqEvHaK~P[h@mAfBs@z@_BbBq@h@yAdAkAt@gAd@{@^kBl@eCf@yBXy@DkFEuCIiAMwAWoA]aLkEmEkBaCcAyH{C}CqAwEgBoGaCqDuAcW{KmAs@g@YwEkC}NuIw]gSoDqBgMmHkEaDkD_DyA_BcCmCwI}J}IiKqCcDcHcImD_EgE{E_FyFeDoDeDyCiB{A{B_BeC}A_EuBaHgDwHuDaLsFmHsDeD{AyVkL}LsFgEgBcFuAqLiBoDm@{Es@ePmCwY_F_IqA{IsAgM{BiCm@mBi@}Ai@aA]yBy@{LkGuF{CcO{I}A}@iEsCyBeBkDeD{GeIeGsH{BqCuCmDcGmHeMwOeTeXkNeQ}BqCgSsVwBoC}C_EmKoMuK_NsA}AcBcCuCcF}@mBg@kAaAaCkAgDoHiWiDcNaE_VuFm\\YuB{@qEIe@oAwHy@aG[gDIwAOuDG{FDkCH}BTaELsA`@wDrDuTjCoOlFg\\lAsH\\kBFg@BoAN_BJkA`@yHFuDCkD?qCNqMBsAKOEUO]SS[I_AI`@_FAw@SeAQ{@Iy@A[KSEOQUkGs@iCIuAFm@JaAJ}Cd@aAV_B^_AJ_BFk@@_@Ao@IwA[YCcAUeJeCi@KFc@p@oB`Rsi@Ae@CUMO_@WeBOeBOKGkFc@gBOeCSoCSyCW^uGP{CJgDPeJzQk@rK]tAABZDhCEzB', 2),
(3516, 810, 'Sunninghill', '-26.0323925', '28.0742249', '00:00:00', 0, 'n{|~CsgkiDg@Gv@aIx@oINaCsDAuACwFh@eBTiBnB_B_B{CwAkIyDe@[cBgB_BuAo@YoF{@uHsBqA_@m@Oj@wBlAyDfAgC^y@rC}GbBaF|@kDpFgTsBe@sBq@YMqBoAy@k@{BeBMO}AkDQ]eFgEOCIEqBiA}LeBiBQyGw@m@Kq@So@UaAo@y@q@cD}CgD}CiB_BMMJOPU^e@`@u@l@oCpBqIzBwIIcAOWWQ]Ee@Lc@@iAT{C^_ENq@@aFMa@GKIeAEsFMsBBkD\\gFh@_Ez@cJ~BYHkJbCaKnCqBh@_Cr@}Al@qAl@wBrAsA|@qAfAwAzAMNqB|CwC~EmMnTqEvHaK~P[h@mAfBs@z@_BbBq@h@yAdAkAt@gAd@{@^kBl@eCf@yBXy@DkFEuCIiAMwAWoA]aLkEmEkBaCcAyH{C}CqAwEgBoGaCqDuAcW{KmAs@g@YwEkC}NuIw]gSoDqBgMmHkEaDkD_DyA_BcCmCwI}J}IiKqCcDcHcImD_EgE{E_FyFeDoDeDyCiB{A{B_BeC}A_EuBaHgDwHuDaLsFmHsDeD{AyVkL}LsFgEgBcFuAqLiBoDm@{Es@ePmCwY_F_IqA{IsAgM{BiCm@mBi@}Ai@aA]yBy@{LkGuF{CcO{I}A}@iEsCyBeBkDeD{GeIeGsH{BqCuCmDcGmHeMwOeTeXkNeQ}BqCgSsVwBoC}C_EmKoMuK_NsA}AcBcCuCcF}@mBg@kAaAaCkAgDoHiWiDcNaE_VuFm\\YuB{@qEIe@oAwHy@aG[gDIwAOuDG{FDkCH}BTaELsA`@wDrDuTjCoOlFg\\lAsH\\kBFg@BoAN_BJkA`@yHFuDCkD?qCNqMBsAKOEUO]SS[I_AI`@_FAw@SeAQ{@Iy@A[KSEOQUkGs@iCIuAFm@JaAJ}Cd@aAV_B^_AJ_BFk@@_@Ao@IwA[YCcAUeJeCi@KFc@p@oB`Rsi@Ae@CUMO_@WeBOeBOKGkFc@gBOeCSoCSyCW^uGP{CJgDPeJzQk@rK]tAABZDhCEzB', 2),
(3517, 810, 'Fleurhof', '-26.2036251', '27.9157813', '00:00:00', 0, '', 1),
(3518, 811, 'Metrobus Roodepoort Bus Depot', '-26.1285999', '27.8442426', '00:00:00', 0, '', 1),
(3519, 811, 'Fleurhof', '-26.2036251', '27.9157813', '00:00:00', 0, 'jen~Cyi}hDh@_FsCWcC[YB]IBWLkAPyBNq@F]XaAZo@Ra@f@}@bKyRzJ_RzE_J`JsMzGsJlBiCrAkCh@gA\\o@bFwLjEsKfCaI`C{Gj@iBpCwJ`H_TbF{ObCqH\\mARsA^oBj@cCpHia@b@gCJaAHw@NiC@eBEuDMeFg@iRWiOO}HFsC\\gDv@_ErB_F`@{@fBkCtAsBnE_Ht@{@zBcDx@PbALxQxBv]nEvEn@tBl@jDn@nFj@hNdB|Fx@|Cb@tH~@nBb@|AXrALjBXvJ~@hNbBtC^~AHbJdAv@P|AZfAPP?zHbAdKpAf@FRIXOTQ~AmFvC{HdC_JzAyF~BkIhEgPtVm_AbD}LLe@l@NpA^fG`Bl@PzCf@rARn@X~AtAbAbA^b@d@ZjIxDzCvA~A~AhBoBdBUvFi@tABrD@O`Cy@nIw@`If@F', 2),
(3520, 812, 'Fleurhof', '-26.2036251', '27.9157813', '00:00:00', 0, 'jen~Cyi}hDh@_FsCWcC[YB]IBWLkAPyBNq@F]XaAZo@Ra@f@}@bKyRzJ_RzE_J`JsMzGsJlBiCrAkCh@gA\\o@bFwLjEsKfCaI`C{Gj@iBpCwJ`H_TbF{ObCqH\\mARsA^oBj@cCpHia@b@gCJaAHw@NiC@eBEuDMeFg@iRWiOO}HFsC\\gDv@_ErB_F`@{@fBkCtAsBnE_Ht@{@zBcDx@PbALxQxBv]nEvEn@tBl@jDn@nFj@hNdB|Fx@|Cb@tH~@nBb@|AXrALjBXvJ~@hNbBtC^~AHbJdAv@P|AZfAPP?zHbAdKpAf@FRIXOTQ~AmFvC{HdC_JzAyF~BkIhEgPtVm_AbD}LLe@l@NpA^fG`Bl@PzCf@rARn@X~AtAbAbA^b@d@ZjIxDzCvA~A~AhBoBdBUvFi@tABrD@O`Cy@nIw@`If@F', 2),
(3521, 812, 'Metrobus Roodepoort Bus Depot', '-26.1285999', '27.8442426', '00:00:00', 0, '', 1),
(3522, 813, 'Westgate Shopping Centre', '-26.1401993', '27.8607578', '00:00:00', 0, '', 1),
(3523, 813, 'Witpoortjie', '-26.1631828', '27.8252814', '00:00:00', 0, 'hpp~Cmo`iDTMB?HFt@|A[NYN]Lm@HiAEUBs@Jk@RVxBfBnIZ?f@Ir@QlAi@hBaAfAk@p@o@bA_B`BcCJR`CfFhKfUdAlCr@zA\\~@J~@VrE^jId@vHP|@bDlKhCjItAxEdDzK~BbIrBnGfDbLpDbMpBjGJHHp@ElAIVU\\eEtG~C~AzCvAxI|DzDdBfChAvG|C|KfFdIxDjEnBbAcC', 2),
(3524, 814, 'Roodepark Skool', '-26.1050626', '27.9060909', '00:00:00', 0, '', 1),
(3525, 814, 'Witpoortjie', '-26.1631828', '27.8252814', '00:00:00', 0, '~ri~CwkiiDvCrIbChH_FzBaFfC{CrA_ErBt@z@bAn@x@XtFhBfLrDvMbEfGdBjAVjCj@lDl@vHvAlM`CdAV}AxCqAvCkAxC{AjEuDpKwE~JW^Qf@}@nAsDhFsAfBmAvAu@t@uCdCkBfBuC~Be@RWReDnBoDpBiCxAgDnBsGzEe_@rZ{CzBmFpEg@b@eFzDOZuB`BiFnEwAjA}AfAQb@AF?JHf@rHzDvCrAj@b@dB~@pRrJbPbIh@Rb@HZBdAE\\Iz@[VSd@i@t@gAxDeF`AiA`@]t@c@TKrBo@x@KpAEfDDnB??Z?tA@~C?~C?~CDxLFvGFvBPtBJ|APnAn@nClAbDlBnCfAbAh@^|ErCdInEzDvBlOhIxCvAtAV~ARvD\\nE`@vC^`@Hd@PzHjDxBlAdAn@FJRVRp@j@dCb@`A`@d@TBPNbAb@dAb@jGpBdD~@^FEXS`Ck@tFErA^~Gd@|HBr@Nd@JPTLZTpEz@jARrBZ`AFfDd@`BRhFlA|AV`F`A|KrBvE|@hQdDfKvBlKrBtJbBbF|@`HtAlDt@jF`AhAPbARjE@tDDX?Hp@ElAIVU\\eEtG~C~AzCvAxI|DzDdBfChAvG|C|KfFdIxDjEnBbAcC', 2),
(3526, 815, 'Roodepark Skool', '-26.1050626', '27.9060909', '00:00:00', 0, '', 1),
(3527, 815, 'Vrededorp', '-26.1939215', '28.0178768', '00:00:00', 0, '~ri~CwkiiDvCrIbChH`@S|DiB~C{AfD_B|DkBT@ZVj@j@z@|@NRLf@HXR^b@`@T[T[h@u@vAaBNKTKb@Q`CaAhBu@\\[rAiBlElEtArA`Ar@zBnAxBdAf@Lf@F`Ah@fEfCfCtAp@f@t@\\r@d@L?PD`@J^?d@YVO^c@f@m@dEuF`AsAb@e@v@_AlB{BfB}B\\k@h@m@dCoDxBuCnBcChEmFhGmHxByB`DsClDmCpAkAxCqBvBcAxBwAjKkGnC_BbFmCvCiBbAw@dJ_FnEkCrKmGnGwC|F}BfE}AzEuAhKcD`EoAfPqFtGsBzBu@xBs@~B}@jAk@tBsAfB_Bz@y@tAaBp@eApA}B`GsK`C_EnAqBlDiE`DcDjCwBjCqBnHgF`DgC`KyH|@m@xAg@rAUrBC|@LhBl@N?X?RIDEBAHk@~@mGCQl@_GNoANqAt@mFNc@He@^qCh@sEj@yDB]j@kLL{C@WEMG}@yEcm@K}A@w@jCaOtFsZtA_IrB{K^qAJ]`A}ApM_XzEyJ~FuLX]`@_@tH_EzFqCl@c@b@k@lAiBt@iAj@aA`@w@ROlAiBbG}IzA{B~B_DjCgDP{@Dg@GeAMaADcA?q@i@{BAa@@OxBcIzDkNjFmRxHoXF]HmGFwEJiBJ}@Fm@Dk@?]GuAuAmVAs@B_@Rs@Xe@b@_@p@_@VSRYVq@Jw@?e@MuBgA}RUiEmAHEq@', 2),
(3528, 816, 'Vrededorp', '-26.1939215', '28.0178768', '00:00:00', 0, '', 1),
(3529, 816, 'Gandhi Square Precinct', '-26.2064797', '28.0431434', '00:00:00', 0, 'z_{~C{f_jDDp@lAIWeEWuEIkBIOAQ`ACb@D`CQlHk@lBMGk@k@iKq@mLa@yHSgEKe@KOi@i@c@a@Mg@Yu@}AIo@G_@@K@QJGJEN@LJTFBPDP?v@OhB]XERBv@QjJ{B|HkBvBY`Gg@lDUdDKhQYnPY|@AFEP?vBWnAa@f@UZUXW~@gAn@iA`@_AVgAPyAB_C@E@eAEcLCuIKe@?oA@qCDoBNaHEm@O][Ya@K}D@iDEUEKKGY?{@ESGIQG[AO@oDVgDVuCTAWEAECCIOoB', 2),
(3530, 742, 'Hoërskool Die Burger', '-26.17017', '27.95054', '00:00:00', 0, '', 1),
(3531, 742, 'Witpoortjie', '-26.1631828', '27.8252814', '00:00:00', 0, 'pjv~CudriDp@[TC`AABj@@TlCMbGWVdGvEQjBIfAOrDQT?R@HFPTl@pA|AnD`CrFb@j@VZ`AtANXVf@X`ALh@Fz@NpDrEFz@FNDJDTNP\\R^PdAA|@UnACVEb@Bh@@h@Fp@pAxAnAvApBbCr@p@zAvAh@h@\\Z{BfD}E~GmBhCqB|CSZe@|@Qp@Ez@NxABPDfAEVJl@v@nDzAxJVjAPd@r@nAjCnEd@jA^^l@PTB^MZGT@~@\\|GrC`LhExGhCtEbCdErBjBz@~Av@z@ZjFfBl@NEPwEpQu@rCyRfu@uGnWaAxD_ApDaB~Es@pBsBhFmBhFgE`Pg@`DuChVkAnHcCfMwCzNQ`AaAlDg@rAq@tAyAlC[l@uCnFiDzFmJhNaCdDcPlWWR?LEHSXq@`AIDyEjHaA`BiKpR_DbFqCrE}ClF[p@Ur@WlA@ZIbBHvERtIJvC\\jH`ApPn@|HZvC|BbN`BnKjCxOtBrKdCbLTdBPbBB|@DhCCrAI`Bg@rFmBxTg@bF@nAe@`GYjDOEYGo@[sAwCO]UYu@k@i@OIAQCaFKcAAA?a@AAR?tBGjEAfDStZC~C{CwA_DyAw@fB', 2),
(3532, 765, 'Westgate Shopping Centre', '-26.1401993', '27.8607578', '00:00:00', 0, '', 1),
(3533, 765, 'Randburg', '-26.0916601', '27.9601408', '00:00:00', 0, 'hpp~Cmo`iDTMB?HFt@|A[NYN]Lm@HiAEUBs@Jk@RSPa@aBUm@o@_Au@}@uBkBqCaCwC_COKHQlDwEj@s@TTf@d@PFZANCh@g@|FqNhDmKdBaFvDoMrLw^lCsIdBoFj@kD`@_Bf@mCtHsa@ZsCR{CAuGWkJ_@iNKmGMaIMwF@cAF}AT_C\\mBZ}Ap@iBfB_EvFoI~CyExAoB|@mAlB_DjEyGnCsDxFuIlB{CvJ_Ox@kAv@qA?Q@[AQAOSQQMwBsBu@g@gAe@iAQoA_@{BeAk@Uc@Q{B]mB_@yAOcEo@uEs@y@c@m@i@U[Q_@UgACeAP_ATcAPm@Nq@t@sCRu@Zo@Za@~@kAh@iAN}AFiBAgA?MA_@Bg@DuADoAM[CKGOUc@kJcGkBoA}A}@o@Y_DwAuCmAwB{@SW}CqAwGeCoFsBqCeAcW{KmAs@g@YwEkCm_@sTgOsIaN}HuAw@eCiBeAw@kD_DcCiCkDaEuA}Ay@k@sEiFsDgE{BgCeCmCmHuHSOeAk@{@SYCq@Ci@Bg@Di@H}@?c@EOCUIe@]a@i@M[KMWg@QQKEWCYDSJ[PG@KC{A`Am@\\_@Rw@b@_DjBwI~EgStLaEzBaCpAaAn@_@Ok@gAqBwCKa@sCyEqB}Co@c@gC_A]K]UOKMS_BcC}AaBoAc@gAWu@AoBPUDi@gB_@u@y@gAYUq@g@cAa@oF_CiEkB{AuAoDyE{@iB[}@W{@y@qEm@oDIw@WsA', 2),
(3534, 774, 'Jabulani Mall', '-26.2514239', '27.8582055', '00:00:00', 0, '', 1),
(3535, 774, 'Princess Crossing Shopping Centre', '-26.1299864', '27.8499314', '00:00:00', 0, 'f{c_DofvhDc@QUEkCKuACmANYLu@?U|G[dL?tBsDFuJVoIRQF{HXgUj@oKXiA@gCFoCF}FPaFNaHRiKTeEBmCIkDUuEk@eDo@iDcA_FuAyBw@oAe@mD}@aKcD}DsAuDgA{DmAsEyAaDw@wBg@gHeAiAQeLyAuIaAeG{@yFy@wLcAiAQaDS}EMi@AqFMqLFiCBeDRaF\\_Lt@iE\\}WfBoEXl@}Dv@qEP_@RgBP}AHqAHqBD_C?wGEoQA{AEwAOkAS{@Sk@s@yA}B{CiFwGQO_F}FcIcKmA}AISoAwAqAeBaAyAc@gAa@uAU}AK[EcA@oBJoB_CsF_@y@q@s@g@WUGa@GgHMoOUgSQqKKuHGyLS}DEeKGgA@i@EsAIeI_BaI_B}LyBkP_DaE_AgEu@uDq@_L{B{JiBk@MsKyB}AYw@K{DaAeEu@cAMg@UoAOm@KgHsAeAM[CA[EgAe@aI]wF?g@?w@TaD\\yELoA^eEVoAXaAZo@Ra@~EiJjEmIBEVPfAr@VJBADANBFFDLALEJIFG@A?ORa@`AGCMGO@yAfCIT@FTLVN`AcB', 3),
(3536, 679, 'Westgate Shopping Centre', '-26.1401993', '27.8607578', '00:00:00', 0, 'r_j~Ckt}hDn@yBj@oBeBy@eAm@eCmA|EkOxBsG~AyEtB{G|@cCb@oAHWh@^|ErClAp@vGpDfNtH`EvBxCvAtAV~AR`Hn@dBNvC^`@Hd@PzHjDxBlAdAn@FJRVRp@j@dCb@`A`@d@TBPNbAb@dAb@jGpBvAb@f@ARGNONUDu@JcAHa@Je@ZiAnAcCdK}R~C}FvFiKtDiHNURLr@`@P@VCZI\\iAz@iCh@qA`AkBb@a@ZO`C[rC]jIu@v@S|@i@FEhCkAd@[n@Qr@G`BBXGXM{@eBPM', 2),
(3537, 679, 'Ontdekkers Road & Golf Club Terrace', '-26.1510719', '27.9068345', '00:00:00', 0, 'hpp~Cmo`iDTMB?HFt@|A[NYN]Lm@HiAEUBs@Jk@RSPa@aBUm@o@_Au@}@uBkBqCaCwC_COKHQlDwEj@s@TTf@d@PFZANCh@g@|FqNhDmKdBaFvDoMrLw^lCsIdBoFj@kD`@_Bf@mCtHsa@ZsCR{CAuGWkJ_@iNKmGMaIMwF@cAF}AT_C\\mBZ}Ap@iBfB_EvFoI~CyExAoBlAeB', 3),
(3538, 679, 'Main Road & Plateau Drive', '-26.1747436', '27.9531556', '00:00:00', 0, 'dsr~CupiiDdH}KrCwDjIeMZk@bJcN~@uAdAcBfFaItKcPjDeFpLgQ|JgOxD}FnD{FlE}G`A{AlAaBV_@LKxAmERU`E}LxDoLPg@b@uAf@uBj@gEPiBb@yC~@mGCQl@_GNoANqAt@mFNc@He@^qCh@sEj@yDB]j@kLL{C@WEMG}@YiDVM', 4),
(3539, 679, 'Perth Road & Portland Avenue', '-26.1862055', '27.9837582', '00:00:00', 0, 'bgw~CgrriDWLWgDeBuTiAuNEs@Du@vEgWtGo^|AqIf@}A@KRWbAiBzNiZ~DkItEmJJQZ]l@a@zIsElEyBh@e@f@o@pB{Cp@kA', 5),
(3542, 679, 'Enoch Sontonga Avenue', '-26.1930948', '28.0277433', '00:00:00', 0, 'xny~CoqxiD`@w@ROlAiBbG}IzA{B~B_DjCgDP{@Dg@GeAMaADcA?q@i@{BAa@@OxBcIzDkNjFmRxHoXF]HmGFwEJiBJ}@Fm@Dk@?]GuAuAmVAs@B_@Rs@Xe@b@_@p@_@VSRYVq@Jw@?e@MuBgA}Rm@oKWuEIkBIOAQ]eDCc@?Q{@eF_AsFIiAk@yMKyBDs@He@', 6),
(3543, 817, 'Stock Exchange', '-26.20392', '28.03555', '00:00:00', 0, '', 1),
(3544, 817, 'Birnam', '-26.1328016', '28.0669079', '00:00:00', 0, 'p}|~CeubjDa@_HUgDsCT{DXyBNgCJu@Aa@AwBYQBi@Gq@GY?Y?KCm@FcAFkBNuBNkAJa@J[\\_BzCk@zA_@nAGV@F@XQhC?pCP`DETJf@CZL`Cb@~GJTF~AL|CBh@LVRj@DPQH}Bx@KBkBPeBVoAReBVu@H[Gk@@kBC{Ge@}A?kDTyJr@oBFi@Ay@G}@Si@Qg@Yw@i@}AmBc@}@a@qAW_BWgCMaAIa@Qs@Og@Yq@e@y@cAsA_Aw@qC{BwHaGyGaFiCmB{D_CcEqCiBoAmCuBgB{AaA_A_L_L}BoBiAeAcDcDeCgCmAeBg@aAi@sAc@aB]uBM_CAcAFiCb@sIPuEAcCGaAQ}AUgAU{@o@eBq@mA_@m@uA_BsAiAm@_@}@a@kBo@cBe@uOcEwF{AuCq@yASyAMmAGiECiQV_VZoICsBAg@?_AEgBIsAKaBW_Ce@k@Qo@YoAe@eAe@_Ag@uBuAe@]s@k@gBeBm@k@U]iA_B}BqDsF{IOKgCgDgBwBiDaFuBwCo@e@UKWIg@GeAI_BMaDI}CCsADu@DQBCUMeAYoBKUOQs@Wy@Mc@GMECNKNKJk@NeBf@yA`@Fr@Gb@B`@RdA', 2),
(3545, 818, 'Westgate Shopping Centre', '-26.1401993', '27.8607578', '00:00:00', 0, '', 1),
(3546, 818, 'Highlands North', '-26.142638', '28.084468', '00:00:00', 0, 'hpp~Cmo`iDTMB?HFt@|A[NYN]Lm@HiAEUBs@Jk@RSPa@aBUm@o@_Au@}@uBkBqCaCwC_COKHQlDwEj@s@TTf@d@PFZANCh@g@|FqNhDmKdBaFvDoMrLw^lCsIdBoFj@kD`@_Bf@mCtHsa@ZsCR{CAuGWkJ_@iNKmGMaIMwF@cAF}AT_C\\mBZ}Ap@iBfB_EvFoI~CyExAoB|@mAlB_DjEyGnCsDxFuIlB{CvJ_Ox@kAvA_CjJmNdA_B`G}InIaMfT{[rBaDvBgD\\o@lGsJtAkBLKDMzAiEJKfBmFrAeErAaErBkGl@iBf@uBZkCReAPoBr@wEj@_ECQt@kHL}@z@cGBa@Nc@h@wDh@sEj@yDZkFb@gKCQCIMkBoCu]iAuNEs@Du@rAmHjIqd@lAwG|AqIf@}A@KRWbAiBzNiZ~DkItEmJJQZ]l@a@zIsElEyBh@e@f@o@pB{CPqAqJiYkOgd@i@_BOq@McAEy@?{@FgA^gC|@}GLyApB{LReCp@{FxAyK|AsKxAwKRgBBq@^wCDgAA[YmCGkAUoCa@uDiAqKsAcLa@{CYwAIq@@WRsAt@eELe@b@iB`@gChCyN`CqNZgBp@}El@yDNaABE^cCj@{CJ]h@eAAU?OCSO[{GJw@Jy@\\eAn@GNe@j@KREPAT@PJVJJTFR?PGJIHMDU?[EYIUaAcBSYE[o@i@}@w@{KsIcJ}GeCaBuBoAcEqCiBoAmCuBuBiBs@q@qHqHmBmB}BoBwDsD{AyA_BcBeAwA]m@i@oAi@gB[wAU}BGaB?iAFaBV}ETyEFqB?iAE{AMyAUqAOs@a@qA[u@q@mAmAcBg@i@y@u@gAs@}@a@kBo@kL_DmEiAwF{AuCq@m@IeCWmAGqBAwAAsEFmKNyRXmC@}EAmEC_AEg@CUHA?kAEqBImCUqAUuBk@SGBYHkAJwAXsEHqB@mEAm@mBcM}DwVoCiQi@yCg@yC[sBg@yCsBgMk@yCA?CAAIBC@AqDqTuDuTfCk@hCi@WwA', 2),
(3547, 722, 'Enoch Sontonga Avenue', '-26.1930948', '28.0277433', '00:00:00', 0, '|n}~CcedjDTpBCPOF@VkCPoBPv@nNb@`IoEXwF`@oLz@qCNgBCwBYKBOAy@Kg@AY@UEcCRoGb@e@J]VoAbCa@z@s@pBSv@QbAC^@D?JEl@?zBGXENAFOB}BRsCVVlEdAlRAZEPUVSFeBPINGXeAtD', 2),
(3548, 722, 'Perth Road & Portland Avenue', '-26.1862055', '27.9837582', '00:00:00', 0, 'xyz~CkdajDKl@Ct@x@hRL`AtB`MJVZrBJ`B_MPmA^kC`AiA`@_@RiBjAmFnDgBpAi@VkA^_ALCHEB]NMN_@v@MDqInW[hBW|BQVUPIPCTRrB?n@Gz@}@vGeBhMa@bDO|AeCtR{@hGqA`Ko@tDcA~G_@fCEbA@fAHjALj@Tx@zAbEbBpFXx@b@dApAvC\\fA\\fAn@jCV|@tCtItGvR^nA', 3),
(3549, 722, 'Main Road & Plateau Drive', '-26.1747436', '27.9531556', '00:00:00', 0, 'xny~CoqxiDH^QVi@v@eBjC_@f@e@b@a@VmFpCiHtDe@\\[\\eDzGkMxW}IrQ_ArBUv@gApG_L`n@mA|GIbAFdAPhCnDfd@', 4),
(3550, 722, 'Ontdekkers Road & Golf Club Terrace', '-26.1510719', '27.9068345', '00:00:00', 0, 'bgw~CgrriDVjE?d@GZc@fK[jFk@xDi@rEi@vDBb@Eh@u@zFKv@}@rHMNk@~D]xBU|AQnBSdA[jCg@tBm@hBsBjGgDfKgBlFANETuAdEiBtCmGhJWl@ONw@nA_EnGcJ`N_P~UqBzCkLdQsAvBqCbEyItMuDpFcJrNeIdLkBdDOV]INW', 5),
(3551, 722, 'Westgate Shopping Centre', '-26.1401993', '27.8607578', '00:00:00', 0, 'dsr~CupiiD\\HOVqEbHgDvEwCjEi@v@i@hAy@lBgAvD_@vBUfCEpABbENtJLnFTfHTrG@tALtI@nA?hBGpBEj@K~@SzA]zBo@tDaGl[q@`DUxA]`BSp@sBxG}AjFmGjRmDjKgDtK[bAaCzGeC~HwEjLLbBC\\Sp@w@nBUb@oAzCD~@dCrBnApAd@x@`@~@^vAPIn@Qr@G`BBXGXM{@eBPM', 6),
(3552, 774, 'Greenvillage Street', '-26.2393965', '27.8079227', '00:00:00', 0, 'thf_Dw``iD?jI@`@Fp@H`@H^VpENpBcF`@uBLyB@wECc@AA^?pALvq@Fvd@@dMDlOA|O?vE?pO?fLDzKBhL@vO@zPBnQ@v@Fl@ZzATp@Zn@vBfD|ErH|A~By@j@c@b@KLCNCTD^y@BkP^m@BSFINk@hBmAa@[C{FPePb@iAHaGoFmAuAmBtBc@QyA?', 2),
(3553, 787, 'Westgate Shopping Centre', '-26.1401993', '27.8607578', '00:00:00', 0, '|rq~Cgq~hD{@WiDkCgHwFgDaC_@Ow@_Mq@{KMuAk@`@yCtAgAZgARU?AU{AkHKc@Ws@Ss@RQj@Sr@KTChADl@I\\M{@eBPM', 2),
(3554, 787, 'Westlake Road & Hamberg Road', '-26.1799505', '27.9005769', '00:00:00', 0, 'hpp~Cmo`iDTMB?HFt@|A[NYN]Lm@HiAEUBs@Jk@RVxBfBnIZ?f@Ir@QlAi@hBaAfAk@p@o@bA_BxBeDlBgDfAwA|@o@|@c@f@SvFmBtFkBbKkDrF}BfA_@xAq@dJ_ExHqDbFeCfIiE~Ak@nBg@t@KV?hAUr@QxAk@~ByAjAa@`A]rCcA\\W^c@Xg@bAcB`ByC`JeOjDgE~FwGxDsEvAeBjAmB|@kBdAoCjAyDlBkGpAaEVi@hBcG`AyCXw@zAgCbEgHhEyGnD}ErMqPb@cAp@qAz@}CD_@^iBlBeK`CiL^qBDSP?', 3),
(3555, 787, 'Main Road & Plateau Drive', '-26.1747436', '27.9531556', '00:00:00', 0, 'tgx~CsihiDETQAaFe@wQ}BeNgBeI_AqGs@c@GqBi@eFu@gGu@wDg@QCBWReArAuFr@yCxAsFp@gCjAaFnCoLV}@\\cBR{AbCmWbA}Kt@{GXaAZuADUNYHq@~@mJRuBPuBAc@q@mGMy@GOc@a@sA_Ai@[a@[k@e@s@uNMyBE{@Am@Ga@MSy@]UMJSlAaBV_@LKxAmERUpBgG|DuL|AwEb@uAf@uBj@gEPiBN{@rAkJCQl@_GNoANqAt@mFNc@He@^qCh@sEj@yDB]j@kLNsDI[]yEVM', 4),
(3556, 787, 'Perth Road & Portland Avenue', '-26.1862055', '27.9837582', '00:00:00', 0, 'bgw~CgrriDWLWgDeBuTiAuNEs@Du@vEgWtGo^|AqIf@}A@KRWbAiBzNiZ~DkItEmJJQZ]l@a@zIsElEyBh@e@f@o@pB{Cp@kA', 5),
(3557, 787, 'Enoch Sontonga Avenue', '-26.1930948', '28.0277433', '00:00:00', 0, 'xny~CoqxiD`@w@ROlAiBbG}IzA{B~B_DjCgDP{@Dg@GeAMaADcA?q@i@{BAa@@OxBcIzDkNjFmRxHoXF]HmGFwEJiBJ}@Fm@Dk@?]GuAuAmVAs@B_@Rs@Xe@b@_@p@_@VSRYVq@Jw@?e@MuBgA}Rm@oKWuEIkBIOAQ]eDCc@?Q{@eF_AsFIiAk@yMKyBDs@He@', 6),
(3558, 788, 'Enoch Sontonga Avenue', '-26.1930948', '28.0277433', '00:00:00', 0, '|n}~CcedjDTpBCPOF@VkCPoBPv@nNb@`IoEXwF`@oLz@qCNgBCwBYKBOAy@Kg@AY@UEcCRoGb@e@J]VoAbCa@z@s@pBSv@QbAC^@D?JEl@?zBGXENAFOB}BRsCVVlEdAlRAZEPUVSFeBPINGXeAtD', 2),
(3559, 788, 'Perth Road & Portland Avenue', '-26.1862055', '27.9837582', '00:00:00', 0, 'xyz~CkdajDKl@Ct@x@hRL`AtB`MJVZrBJ`B_MPmA^kC`AiA`@_@RiBjAmFnDgBpAi@VkA^_ALCHEB]NMN_@v@MDqInW[hBW|BQVUPIPCTRrB?n@Gz@}@vGeBhMa@bDO|AeCtR{@hGqA`Ko@tDcA~G_@fCEbA@fAHjALj@Tx@zAbEbBpFXx@b@dApAvC\\fA\\fAn@jCV|@tCtItGvR^nA', 3),
(3560, 788, 'Main Road & Plateau Drive', '-26.1747436', '27.9531556', '00:00:00', 0, 'xny~CoqxiDH^QVi@v@eBjC_@f@e@b@a@VmFpCiHtDe@\\[\\eDzGkMxW}IrQ_ArBUv@gApG_L`n@mA|GIbAFdAPhCnDfd@', 4),
(3561, 788, 'Westlake Road & Hamberg Road', '-26.1799171', '27.9004736', '00:00:00', 0, 'bgw~CgrriDVjE?d@GZc@fK[jFk@xDi@rEi@vDBb@Eh@u@zFKv@}@rHMNk@~D]xBU|AQnBSdA[jCg@tBm@hBsBjGgDfKgBlFANETuAdEU\\?h@DfCXjG\\jIP`EPP`@Zh@ZrA~@b@`@FNLx@p@lG@b@QtBStB_AlJIp@K|@k@pCw@zGcAxKk@~FsAzNKz@]tBe@`BwCnMkAxEcBjGo@lCmA`Fc@dBWrAzCb@|ATdEh@lEj@l@L~Cn@lCZrEd@pFj@rH|@nH~@~AHbJdAzBd@`BXP?ET', 5),
(3562, 788, 'Westgate Shopping Centre', '-26.1401993', '27.8607578', '00:00:00', 0, 'ngx~C}hhiDo@EcEa@{Dg@gGu@mHaAaPqBkGs@aCUgAUg@OI?a@LWJaCxK_BxHqClLaBtHsBlJmArFi@bC_@vCa@vEWfBeB`Li@hCsApHiAvGcBhJqBpFgAxCoF~McHhRkGjPeBhEOVWVeHtAyEv@s@BuAEy@ImBk@qCw@cAUSCa@?{CXkC^kDj@XfG?p@CvAETQd@mA|CWb@QJa@Fq@FaAP_@Po@^mF|C}DbCk@XwAlAeBfBmGtG[ZwA`A{@l@_Ah@}DnBgB|@u@^{@eBPM', 6),
(3563, 806, 'Ferreira Street & Golf Club Terrace', '-26.1661297', '27.9033906', '00:00:00', 0, 'hpp~Cmo`iDTMB?HFt@|A[NYN]Lm@HiAEUBs@Jk@RSPa@aBUm@o@_Au@}@uBkBqCaCwC_COKHQlDwEj@s@TTf@d@PFZANCh@g@|FqNhDmKdBaFvDoMrLw^lCsIdBoFj@kD`@_Bf@mCtHsa@ZsCR{CAuGWkJ_@iNKmGMaIMwF@cAF}AT_C\\mBZ}Ap@iBfB_EvFoI~CyExAoB|@mANW\\Hz@LjBRrOnB~El@fWbD~Dh@zBn@jDn@vANzD`@dH~@pEh@PBCV', 2),
(3564, 806, 'Main Road & Plateau Drive', '-26.1747436', '27.9531556', '00:00:00', 0, 'hqu~Ce{hiDQCBWReArAuFr@yCxAsFp@gCjAaFnCoLV}@\\cBR{AbCmWbA}Kt@{GXaAZuADUNYHq@~@mJRuBPuBAc@q@mGMy@GOc@a@sA_Ai@[a@[k@e@s@uNMyBE{@Am@Ga@MSy@]UMJSlAaBV_@LKxAmERUpBgG|DuL|AwEb@uAf@uBj@gEPiBN{@rAkJCQl@_GNoANqAt@mFNc@He@^qCh@sEj@yDB]j@kLNsDI[]yEVM', 3),
(3565, 806, 'Perth Road & Portland Avenue', '-26.1862055', '27.9837582', '00:00:00', 0, 'bgw~CgrriDWLWgDeBuTiAuNEs@Du@vEgWtGo^|AqIf@}A@KRWbAiBzNiZ~DkItEmJJQZ]l@a@zIsElEyBh@e@f@o@pB{Cp@kA', 4),
(3566, 806, 'Enoch Sontonga Avenue', '-26.1930948', '28.0277433', '00:00:00', 0, 'xny~CoqxiD`@w@ROlAiBbG}IzA{B~B_DjCgDP{@Dg@GeAMaADcA?q@i@{BAa@@OxBcIzDkNjFmRxHoXF]HmGFwEJiBJ}@Fm@Dk@?]GuAuAmVAs@B_@Rs@Xe@b@_@p@_@VSRYVq@Jw@?e@MuBgA}Rm@oKWuEIkBIOAQ]eDCc@?Q{@eF_AsFIiAk@yMKyBDs@He@', 5),
(3567, 807, 'Enoch Sontonga Avenue', '-26.1930948', '28.0277433', '00:00:00', 0, '|n}~CcedjDTpBCPOF@VkCPoBPv@nNb@`IoEXwF`@oLz@qCNgBCwBYKBOAy@Kg@AY@UEcCRoGb@e@J]VoAbCa@z@s@pBSv@QbAC^@D?JEl@?zBGXENAFOB}BRsCVVlEdAlRAZEPUVSFeBPINGXeAtD', 2),
(3568, 807, 'Perth Road & Portland Avenue', '-26.1862055', '27.9837582', '00:00:00', 0, 'xyz~CkdajDKl@Ct@x@hRL`AtB`MJVZrBJ`B_MPmA^kC`AiA`@_@RiBjAmFnDgBpAi@VkA^_ALCHEB]NMN_@v@MDqInW[hBW|BQVUPIPCTRrB?n@Gz@}@vGeBhMa@bDO|AeCtR{@hGqA`Ko@tDcA~G_@fCEbA@fAHjALj@Tx@zAbEbBpFXx@b@dApAvC\\fA\\fAn@jCV|@tCtItGvR^nA', 3),
(3569, 807, 'Main Road & Plateau Drive', '-26.1747436', '27.9531556', '00:00:00', 0, 'xny~CoqxiDH^QVi@v@eBjC_@f@e@b@a@VmFpCiHtDe@\\[\\eDzGkMxW}IrQ_ArBUv@gApG_L`n@mA|GIbAFdAPhCnDfd@', 4),
(3570, 807, 'Ferreira Street & Golf Club Terrace', '-26.1661297', '27.9033906', '00:00:00', 0, 'bgw~CgrriDVjE?d@GZc@fK[jFk@xDi@rEi@vDBb@Eh@u@zFKv@}@rHMNk@~D]xBU|AQnBSdA[jCg@tBm@hBsBjGgDfKgBlFANETuAdEU\\?h@DfCXjG\\jIP`EPP`@Zh@ZrA~@b@`@FNLx@p@lG@b@QtBStB_AlJIp@K|@k@pCw@zGcAxKk@~FsAzNKz@]tBe@`BwCnMkAxEcBjGo@lCmA`Fc@dB[jB', 5),
(3571, 789, '14th Avenue & Hendrik Potgieter Road', '-26.1515818', '27.9244866', '00:00:00', 0, 'hee~Cu`aiDr@s@Qm@uBiDNI`EwB|FuCvE_C|DoBtN{Gz@q@`@{@BS?KCQa@q@o@s@aAk@GEEO@WlAmBVa@DKx@^`Ah@|CbB|BhAbCdAx@w@dCwBjHuFxBiBXEdF{DlFuEjBwAvAcAdFeEjTiQdF_E`D_CfDoBxHkEdDoBVS\\a@~CwCvA_B^a@pCmCf@q@v@_AxG{H\\c@^i@XSV_@lEkJpAoDhEaM`C}FfBuDhAsBVg@nB}CFWp@kA~@_B`AaBdAaB`GaIlDcEvAqBv@_AvG{IhC{CfDcEh@{@\\]dCoDhEsFn@w@dEgFjDcEpA}AlAmApCiCpDyCv@i@jAcA`Au@zAcAr@Y`B}@|AcArAw@hBkAhGmDfFsCfCyAlBqAt@i@dB_AlFsCRMvLgHtCaB`D{AlDaBtEgB~@]bC}@XQfEgBlFyBrAe@rC_A~Ae@|A_@Cl@ChB', 2),
(3572, 789, 'Main Road & Plateau Drive', '-26.1747436', '27.9531556', '00:00:00', 0, 'jvr~Ca_miDYJ@_@?MAgAA_@b@MrAi@bH{BjBg@pCw@bIwBfBg@lBy@`@CtBsAfB_Bz@y@tAaBp@eApA}B`GsK`C_EnAqBlDiE`DcDjCwBjCqBnHgF`DgC`KyH|@m@xAg@rAUrBC|@LhBl@N?X?RIDEBAHk@~@mGCQl@_GNoANqAt@mFNc@He@^qCh@sEj@yDB]j@kLL{C@WEMG}@YiDVM', 3),
(3573, 789, 'Perth Road & Portland Avenue', '-26.1862055', '27.9837582', '00:00:00', 0, 'bgw~CgrriDWLWgDeBuTiAuNEs@Du@vEgWtGo^|AqIf@}A@KRWbAiBzNiZ~DkItEmJJQZ]l@a@zIsElEyBh@e@f@o@pB{Cp@kA', 4),
(3574, 789, 'Enoch Sontonga Avenue', '-26.1930948', '28.0277433', '00:00:00', 0, 'xny~CoqxiD`@w@ROlAiBbG}IzA{B~B_DjCgDP{@Dg@GeAMaADcA?q@i@{BAa@@OxBcIzDkNjFmRxHoXF]HmGFwEJiBJ}@Fm@Dk@?]GuAuAmVAs@B_@Rs@Xe@b@_@p@_@VSRYVq@Jw@?e@MuBgA}Rm@oKWuEIkBIOAQ]eDCc@?Q{@eF_AsFIiAk@yMKyBDs@He@', 5),
(3575, 790, 'Enoch Sontonga Avenue', '-26.1930948', '28.0277433', '00:00:00', 0, '|n}~CcedjDTpBCPOF@VkCPoBPv@nNb@`IoEXwF`@oLz@qCNgBCwBYKBOAy@Kg@AY@UEcCRoGb@e@J]VoAbCa@z@s@pBSv@QbAC^@D?JEl@?zBGXENAFOB}BRsCVVlEdAlRAZEPUVSFeBPINGXeAtD', 2),
(3576, 790, 'Perth Road & Portland Avenue', '-26.1862055', '27.9837582', '00:00:00', 0, 'hee~Cu`aiDr@s@Qm@uBiDNI`EwB|FuCvE_C|DoBtN{Gz@q@`@{@BS?KCQa@q@o@s@aAk@GEEO@WlAmBVa@DKx@^`Ah@|CbB|BhAbCdAx@w@dCwBjHuFxBiBXEdF{DlFuEjBwAvAcAdFeEjTiQdF_E`D_CfDoBxHkEdDoBVS\\a@~CwCvA_B^a@pCmCf@q@v@_AxG{H\\c@^i@XSV_@lEkJpAoDhEaM`C}FfBuDhAsBVg@nB}CFWp@kA~@_B`AaBdAaB`GaIlDcEvAqBv@_AvG{IhC{CfDcEh@{@\\]dCoDhEsFn@w@dEgFjDcEpA}AlAmApCiCpDyCv@i@jAcA`Au@zAcAr@Y`B}@|AcArAw@hBkAhGmDfFsCfCyAlBqAt@i@dB_AlFsCRMvLgHtCaB`D{AlDaBtEgB~@]bC}@bBe@lBm@j@O~DoAhEsAhRkG~JaDnGsB~BcAdBaAxAeAhCcCjAyAl@}@~@_BtDaHhCqEnBeDx@qAdC{C|@cAbAeAhCcClCsBfE}C~EkD`A{@pCuB|IuGfBk@dAQrBC|@Lz@Tl@VH?P?RANKFC\\yBj@_ECQt@kHL}@z@cGBa@Nc@h@wDh@sEj@yDZkFb@gKCQCIMkByEkm@Es@Du@vEgWtGo^|AqIf@}A@KRWbAiBzNiZ~DkItEmJJQZ]l@a@zIsElEyBh@e@f@o@pB{Cp@kA', 3),
(3577, 790, 'Main Road & Plateau Drive', '-26.1747436', '27.9531556', '00:00:00', 0, 'xny~CoqxiDH^QVi@v@eBjC_@f@e@b@a@VmFpCiHtDe@\\[\\eDzGkMxW}IrQ_ArBUv@gApG_L`n@mA|GIbAFdAPhCnDfd@', 4),
(3578, 790, '14th Avenue & Hendrik Potgieter Road', '-26.1515818', '27.9244866', '00:00:00', 0, 'bgw~CgrriDVjE?d@GZc@fK[jFk@xDi@rEi@vDBb@Eh@u@zFKv@}@rHMNk@~D]xBU|AcB}@{@Y{@MqB@oATwAb@eEzCiEdDyC|B{DzCmFzD}C`CoDjD_@^gD`Ew@pAwC~E_F|IgArBiAjBq@bAeBrBkCvBsAz@qAx@aBr@WVwD~A}IfDeEvAiEpAkBl@', 5),
(3579, 819, 'Florida', '-26.1794173', '27.9161125', '00:00:00', 0, '', 1),
(3580, 819, 'Azaadville Muslim School', '-26.1710099', '27.74940609999999', '00:00:00', 0, 'jdx~CyjkiD|DjAmBvIaD|No@jCe@|BjD`AjDbAlFdBXFfAAN@?^Br@KnFIzDQtDMhAWhAaB~EaBpEgAvCy@bCUlBzHbAdKpAtARj@JIVwBlIg@`DmDxYs@~DcCfMgDvPcArDg@rAq@tAyAlCqD|GiDzFmJhNaCdDuElHmI~MMLID?B?DEJEF_AtAIDyEjHaGvKiEzHiCbE]h@_EvGgB~C[p@Ur@WlA@ZIbBHvERtI\\tHJlCn@rKP|Cn@|HZvCpBrLp@jE|BtNrA~H|DpRr@|CTdBPbBB|@DhCCrAI`B}AjQkAnMStB@nAcAbMUlDC|@DrB?j@d@xBd@rAf@`Av@dApChDPJTThD~DlBxBlBbCrBjC~AbCJRhFvGfAvAt@bAr@xARj@Rz@NjADvA@zADnQ?vGE~BIpBIpAQ|ASfBCd@e@dDg@lDcB~Je@hCgAzGi@hDQb@k@hDgCpOaC`Pk@hDYrBO|Au@xNWnFQjJAvCB~APdHR|CZjDZfCVdBXnBd@bCbEhSrArGvHh_@`GdYpF|WrEdUPb@z@|Dn@`DDRcBH{AH{DB_@?GA?A{FIgJk@gFWC@E?eFSyDSg@Ze@n@UhDSxDa@vHm@pMq@`L_@lHUjE~Gd@', 2),
(3581, 820, 'Azaadville Muslim School', '-26.1710099', '27.74940609999999', '00:00:00', 0, 'jdx~CyjkiD|DjAmBvIaD|No@jCe@|BjD`AjDbAlFdBXFfAAN@?^Br@KnFIzDQtDMhAWhAaB~EaBpEgAvCy@bCUlBzHbAdKpAtARj@JIVwBlIg@`DmDxYs@~DcCfMgDvPcArDg@rAq@tAyAlCqD|GiDzFmJhNaCdDuElHmI~MMLID?B?DEJEF_AtAIDyEjHaGvKiEzHiCbE]h@_EvGgB~C[p@Ur@WlA@ZIbBHvERtI\\tHJlCn@rKP|Cn@|HZvCpBrLp@jE|BtNrA~H|DpRr@|CTdBPbBB|@DhCCrAI`B}AjQkAnMStB@nAcAbMUlDC|@DrB?j@d@xBd@rAf@`Av@dApChDPJTThD~DlBxBlBbCrBjC~AbCJRhFvGfAvAt@bAr@xARj@Rz@NjADvA@zADnQ?vGE~BIpBIpAQ|ASfBCd@e@dDg@lDcB~Je@hCgAzGi@hDQb@k@hDgCpOaC`Pk@hDYrBO|Au@xNWnFQjJAvCB~APdHR|CZjDZfCVdBXnBd@bCbEhSrArGvHh_@`GdYpF|WrEdUPb@z@|Dn@`DDRcBH{AH{DB_@?GA?A{FIgJk@gFWC@E?eFSyDSg@Ze@n@UhDSxDa@vHm@pMq@`L_@lHUjE~Gd@', 2),
(3582, 820, 'Florida', '-26.1794173', '27.9161125', '00:00:00', 0, '', 1),
(3583, 821, 'Metrobus Roodepoort Bus Depot', '-26.1285999', '27.8442426', '00:00:00', 0, '', 1),
(3584, 821, 'Florida', '-26.1794173', '27.9161125', '00:00:00', 0, 'jen~Cyi}hDh@_FsCWcC[YB]IBWLkAPyBNq@F]XaAZo@Ra@f@}@bKyRzJ_RzE_J`JsMzGsJlBiCrAkCh@gA\\o@bFwLjEsKfCaI`C{Gj@iBpCwJ`H_TbF{ObCqH\\mARsA^oBj@cCpHia@b@gCJaAHw@NiC@eBEuDMeFg@iRWiOO}HFsC\\gDv@_ErB_F`@{@fBkCtAsBnE_Ht@{@zBcDx@PbALxQxBv]nEvEn@tBl@jDn@nFj@hNdB|Fx@|Cb@tH~@nBb@|AXrALjBX`DX`BqHlBqI`AkEnFgV|AwGt@aCv@wARKPA\\F\\LrDeHtGiMHUlA\\lA\\', 2),
(3585, 822, 'Roodepoort', '-26.1703984', '27.9336829', '00:00:00', 0, '', 1),
(3586, 822, 'Allen Glen High School', '-26.1204007', '27.9205342', '00:00:00', 0, 'jkv~C{xniDvHoUPg@b@uAf@uBj@gEPiBBOcB}@{@Y{@McA?m@@oATwAb@{@l@yG`FcEbD_QnM_DxCu@r@yDtEgDvFyEnIuBzDmArBoBfCc@f@kCvBaDrBy@^uE|AmIlCgUpH}VdIyExAk@PaA`@yBnAWHm@`@kClAeCnAeMlH_GhDiElCeAh@gFzCoHbEyErCw@\\yClB[c@k@c@{AqAcBuAwDsC_Ak@}B_B][kEsCQSuF{DqFsDwLgI_LyHy@i@_AlB}@fBiCxEc@|@NJ', 2),
(3587, 823, 'Dobsonville', '-26.2233613', '27.848726', '00:00:00', 0, '', 1),
(3588, 823, 'Metrobus Roodepoort Bus Depot', '-26.1285999', '27.8442426', '00:00:00', 0, 'v}`_D{j~hDo@qEMeAl@w@HYQWkEuF_BiBMS{@sCI]Cc@D}ADYr@oC~@eCF]PcH_T`@cAFqA@O?YAaEJkBgDmFmJQ]GSQoDQ}CWoAs@mCOmAIsBMcBOwDu@qREqAWwCI]GqAIMYIyGp@{CTuCVc@Dc@?eADwBAw@Gk@KaCm@cAa@_CsAmFaDc@Y}K_H}FmDsAu@iAe@o@UkBk@oc@qM{XgIuEuA}Ae@}Bk@wJwCqBm@kAO{AG]?eBHiCj@wIzBmCp@eJpBqARsAHyACmAQyAa@SIq@a@WSeAeAgBcB_@UkGdJaCdDcPlWWR?DCLEFOFOAMEa@C[FSHaAV[Ng[`OgBx@{CbBOHmBPU?Sq@Uk@eA}@{DaDaBxCcAbBYf@_@b@]VsCbAaA\\kA`@_CxAyAj@s@PiATSNwD|@eA^{AbAiBbAsG`DqUnKu@^_C|@{@\\{Ah@oBt@wC`A_LvDgHdC{@\\}@d@s@d@UXSToEtH_BdCg@h@y@r@k@`@c@RuB`A]J_ATgALYkBiAgFSk@]mAiCjAeAn@w@RsALkKdAaCZ[Nc@`@aAjBi@pA{@hC]hAYn@e@pAm@rBsBjHoDrLyCpJcAfEa@f@o@^uA`@aAf@_@\\QNU|Ce@`Fi@~E', 2),
(3589, 824, 'Metrobus Roodepoort Bus Depot', '-26.1285999', '27.8442426', '00:00:00', 0, 'v}`_D{j~hDo@qEMeAl@w@HYQWkEuF_BiBMS{@sCI]Cc@D}ADYr@oC~@eCF]PcH_T`@cAFqA@O?YAaEJkBgDmFmJQ]GSQoDQ}CWoAs@mCOmAIsBMcBOwDu@qREqAWwCI]GqAIMYIyGp@{CTuCVc@Dc@?eADwBAw@Gk@KaCm@cAa@_CsAmFaDc@Y}K_H}FmDsAu@iAe@o@UkBk@oc@qM{XgIuEuA}Ae@}Bk@wJwCqBm@kAO{AG]?eBHiCj@wIzBmCp@eJpBqARsAHyACmAQyAa@SIq@a@WSeAeAgBcB_@UkGdJaCdDcPlWWR?DCLEFOFOAMEa@C[FSHaAV[Ng[`OgBx@{CbBOHmBPU?Sq@Uk@eA}@{DaDaBxCcAbBYf@_@b@]VsCbAaA\\kA`@_CxAyAj@s@PiATSNwD|@eA^{AbAiBbAsG`DqUnKu@^_C|@{@\\{Ah@oBt@wC`A_LvDgHdC{@\\}@d@s@d@UXSToEtH_BdCg@h@y@r@k@`@c@RuB`A]J_ATgALYkBiAgFSk@]mAiCjAeAn@w@RsALkKdAaCZ[Nc@`@aAjBi@pA{@hC]hAYn@e@pAm@rBsBjHoDrLyCpJcAfEa@f@o@^uA`@aAf@_@\\QNU|Ce@`Fi@~E', 2),
(3590, 824, 'Dobsonville', '-26.2233613', '27.848726', '00:00:00', 0, '', 1),
(3591, 826, 'Gandhi Square', '-26.2066635', '28.0433497', '05:30:00', 0, '', 1),
(3592, 826, 'Enoch Sontonga Avenue', '-26.193305', '28.0241456', '05:20:00', 0, 'fo}~C}edjDCLEJTpBCPOF@VkCPoBPv@nNb@`IoEXwF`@oLz@qCNgBCwBYKBOAy@Kg@AY@UEcCRoGb@e@J]VoAbCa@z@s@pBSv@QbAC^@D?JEl@?zBGXENAFOB}BRsCVVlEdAlRAZEPUVSFeBPINGXeAtDKl@Ct@x@hR', 2),
(3593, 826, 'Helen Joseph Hospital Taxi Rank, Perth Rd', '-26.18389', '27.98952', '05:10:00', 0, 'b{z~C}m`jDL`AtB`MJVZrBJ`B_MPmA^kC`AiA`@_@RiBjAmFnDgBpAi@VkA^_ALCHEB]NMN_@v@MDqInW[hBW|BQVUPIPCTRrB?n@Gz@}@vGeBhMa@bDO|AeCtR{@hGqA`Ko@tDcA~G_@fCEbA@fAHjALj@Tx@zAbEbBpFXx@b@dApAvC\\fA\\fAn@jCV|@n@pBh@UsAcE', 3),
(3594, 826, 'Main Road', '-26.175232', '27.9657846', '05:00:00', 0, 'r`y~CuuyiDrAbEi@TL\\vAdEzBxGxC|Ih@nBq@dAwAtBo@~@e@d@]TeEvBkIjEq@b@[ZyArCaY`l@oBzDUl@g@lCuF`[', 4),
(3595, 826, 'Ferreira Street', '-26.1656423', '27.9003226', '04:50:00', 0, 'djw~CcauiDsGf^QjAC\\@|@zDjg@^rF@x@GTOrDk@jLC\\k@xDi@rE_@pCId@Bb@q@|FOfAOhAs@`GMN_AlGS|AOz@QhBk@fEg@tBc@tAQf@kAnD}DtLqBfGAVoAxDKXMRGH?V?h@@|@NdD|@dTbAx@`BdAf@b@LNN`Ap@lG@b@_@bEgAhLM~@Y`BWjAw@zG}AvPaA|Ji@rFQxAQbAW`A{AfGuC`M_C~IgAlEuAfGGhA}@rII|AG^M`B', 5),
(3596, 826, 'Westgate Mall', '-26.13585', '27.85938', '04:40:00', 0, 'fnu~C_hhiDTaCH}Av@cIEMAw@qFq@cGu@_Ea@gDe@{A[uBo@qEm@}B]wIeAcM}AiKuAkC]mBQsAO[J_@LSHqDvFgDvEwCjEi@v@i@hAy@lBgAvD_@vBUfCEpABbENtJLnFTfHTrG@tALtI@nA?hBGpBEj@K~@SzA]zBo@tDkD|QuAnHq@`DUxA]`BSp@sBxG}AjFmGjRmDjKgDtK[bAaCzGeC~HwEjLsFxMINwB|DCRyB`DIR@XFLNL@?BADAF?JH@NELMBGFC^', 6),
(3597, 826, 'Witpoortjie', '-26.1631828', '27.8252814', '04:30:00', 0, 'buo~Cch`iDB_@@GECGM?I[MMCYFQJaGlIeGtIi@x@kEnI{JbRmKvRy@~Ai@xAKv@S~B]vDy@lIA\\?rAh@nI\\jGJd@FTx@h@fHrA|BZl@BxBZ~@LnAN|Bh@xBd@fGlAz@LjLvBnJhBtQjDjKvBbJ`BnF`AhKlBfCh@hCj@pDp@zAXjBZfKFR?BVDz@Ej@IV_BfC{BjD~C~AvHpD~IxD|At@lNtGnLnFfEtBdDvAbAcC', 7),
(3598, 827, 'Melrose Arch', '-26.1316617', '28.069103', '07:45:00', 0, '', 1),
(3599, 827, 'Hamlin Street & 6th Avenue', '-26.1463549', '28.0775764', '07:25:00', 0, 'tzn~CciijDq@Qa@@gBl@YVa@h@o@^cCr@ODCOg@uB{@oDy@uDYwAu@eGg@wDp@S`@E^@h@LZTV\\R\\Vf@Z`@NJp@TvBd@zBd@`C`@rJtBnO~Cp@XXu@l@yAtBuE|@qBJORSrA_AzG_FdFwDzBaB\\Q\\KdAS?A?C@ABEDA@?oBmL}@_FEEA@E?GAGGAIBIHEH@DDnTyEhCk@DXlAjHPv@VdBz@bFS@', 2);
INSERT INTO `route_map` (`id`, `route_id`, `pinpoint_name`, `latitude`, `longitude`, `time`, `fare_amount`, `polyline`, `route_order`) VALUES
(3600, 827, 'Louis Botha Avenue & Joe Slovo Drive', '-26.1784844', '28.0576505', '07:15:00', 0, 'tuq~C{{jjDuB`@q@FyA\\oGtAaCh@?@AB?@A?A@bA|FbBhKp@~Dn@bEzBdNrArIbE~WrAtI?dB?|DCjCEh@BJ?VBPRV^JZ@tCDFbALf@Z`@b@TxA\\rATfAJzDNnCDn@?\\N|AA|BA`BC~OWlMUdGGjDRjANtDl@fCp@jGbBnKpCtD~@j@L`@FbB~@pBjA~@d@|@Zv@Pn@JjGh@tFb@pBR|@Rb@Pf@Zf@b@pBhCl@f@ZN|@TbBHfCLjAHdGPV?f@IRGj@]^Wb@{@v@sBLe@Pm@B[Ao@_@sAcDyL]wAEc@B[FUHONQXO\\I\\Ab@A', 3),
(3601, 827, 'Old Johannesburg Stock Exchange', '-26.20344309999999', '28.0356046', '06:55:00', 0, 'n~w~Ci_gjDvK[b@C~BErDAjE?tEClABtEZp@Bx@ApBMtBUhAGlDF`@El@C|@BjBC~BIjBUj@ALBFDXj@J`@Ej@IbADxADd@Tz@pA~ClA|BTf@pAxCj@|Ab@pAXp@p@rAN^H^FrALxCV`EZbJZdDZ~EJ|Bh@dJ\\`GNbDLpCTnCTlE^CjGk@~Dc@rGe@hF_@|BWbAOvAMPbDP|CT~C^`INlCnBZz@Nr@E', 4),
(3602, 828, '7 Impala Ave', '-25.8606138', '28.2185433', '00:00:00', 0, '', 1),
(3603, 828, 'Centurion Mall', '-25.8571457', '28.186789', '00:00:00', 0, 'f}y|CulfkDFg@vAoBNINCzAINAGwBOwCAc@GSEOIIMCKC_Bt@mBf@cAXa@JILOJINI\\P|CHxBXjEV|B~@fGRtB?f@Ah@BTFr@BN\\`DZhCtApMrBlSnA|JhAjHbArFrBjJbCfJd@~Az@nCPNbA~CxDrK~BbHTn@`@`AlCtF^d@VNTDb@GVOR[DW?]E[k@{BWUg@Sc@KYJaBj@w@Za@P[NeBhAyApAaAbAo@v@}AbCg@fA[bAWl@w@lCs@fD_ArE_@rAeAvEg@]oB}AyBqByDqDmIhMkD~Eg@p@w@u@wAkAA@E?CAAI@CaB{AT_@|AyBzAyBHK', 2),
(3604, 828, 'Gautrain Centurion Station', '-25.8517812', '28.1896258', '00:00:00', 0, 'riy|Cec`kDxDsFvBgDVc@yDaDmCaCcA_AeAqA]k@eCqEYa@WWyAaAYSc@p@_DrEcBhC_BrBSPoBlAwD|BU_@i@}@OSC@G@I?KM?QJON?JLd@Y', 3),
(3605, 828, 'Abongile stop', '-25.8441424', '28.1902305', '00:00:00', 0, 'xcx|Cqy`kDc@Z?D?HCFA@LTh@|@T^gE|BcAj@MJa@Y}CoC_Ay@gB{AcFuEaByAoCcC{AoAs@x@_CdCoD|D', 4),
(3606, 829, 'Melrose Arch', '-26.1316617', '28.069103', '07:45:00', 0, 'tuq~C{{jjDuB`@q@FyA\\oGtAaCh@?@AB?@E@CACC_Ch@?@?@?BCDE@E?ECCC?Cq@Lc@J[LeBlAgFvD{KdISTg@fAaAzB}AfDg@nAO`@FB|@p@^j@zC|DZZ~@p@xA`AbDxB~@p@c@n@KLSJoAd@sAVoA?eDWoDGiCAuAFo@FEg@YsBSaAKOe@U_@KcAO_BUeASiBm@_Bm@WGqAg@KE', 2094),
(3607, 829, 'Hamlin Street & 6th Avenue', '-26.1463549', '28.0775764', '07:25:00', 0, 'n~w~Ci_gjDGIIQ?[Fa@Fk@Eq@_AwD{FsTyBwIs@kCQa@g@m@iDcEiEeFq@_AwA{BeAgBgFkNy@_C_@yA[y@UYYSuAs@{@m@YYSBMLK^IBSCi@BWCWKoB}@mCeA?@?@EFKDMEGOgIa@m@EICA@C?C?CE]ToDtDkFpFBDAFEFIACG?IBAwA_CiCqE{DwGu@iAIGSGaCQuPw@oCSaAEyEU}Ha@mTgAcOu@aBKs@?}AES@', 2093),
(3608, 829, 'Louis Botha Avenue & Joe Slovo Drive', '-26.1784844', '28.0576505', '07:15:00', 0, '|z|~CmrbjDfAIT?HBjCOnBO`@CAKEUCm@o@oMe@_IO{BGc@a@_ISoEc@gIeBiZ{@ePq@sLEqACYGCk@IiAMKEOEI?m@?YEqF_BCCOW_AUkKqC_Bc@wI{B_Bc@yHmBw@UmBi@aBYq@Ci@@a@DkARcCb@}CZcBHgD@UDQCqCG}AAiAHoALiBH}@@g@AuAIcCO}@A{E@cHBqAAu@BmJTcBDgABUU', 2092),
(3609, 829, 'Old Johannesburg Stock Exchange', '-26.20344309999999', '28.0356046', '06:55:00', 0, '', 2091),
(3610, 830, 'Witpoortjie', '-26.1631828', '27.8252814', '00:00:00', 0, '', 1),
(3611, 830, 'Witpoortjie', '-26.1631828', '27.8252814', '00:00:00', 0, '', 1),
(3612, 830, 'Westgate Shopping Centre', '-26.1401993', '27.8607578', '00:00:00', 0, 'v`u~CyqyhDcAbCeDwAgEuBoLoFmNuG}Au@bBuDsCsA_F}BaDyAcHeDdAuA`@w@J]A{@Eg@FIqBkGsBgH}@{CgDcLsBoG_CcIeD{KuAyEiCkIcDmKQ}@e@wH_@kIWsEK_A]_As@{AeAmCiKgUaCgF_BhCw@fAaA~@_Ap@yCtAgAZgARU?AU{AkHKc@Ws@Ss@RQj@Sr@KTChADl@I\\M{@eBPM', 2),
(3613, 831, 'Metrobus Roodepoort Bus Depot', '-26.1285999', '27.8442426', '00:00:00', 0, '', 1),
(3614, 831, 'Davidsonville', '-26.1549591', '27.8516564', '00:00:00', 0, 'jen~Cyi}hDQdBWrCAd@NzBkB_@uDe@p@fLFdAJd@FTNJh@\\dGhAnATnANl@BxBZ~@LnAN|Bh@xBd@fGlA~FbArKrBjOvClGjAjKvBbJ`BNoFf@_Q\\yKJmDrFdAlDp@~NpC~AP`@DdALv@?jAQ|@[f@Y~@y@z@gAbD_FhAsAf@]~@i@bA]rAYd@CdAC`AAx@KdAU|@]jAs@|@}@|C}Dw@}@oA{APWj@{@PcAX_C@YImAe@gAaAqD}@aDy@kDgE_@{Ca@k@IDy@', 2),
(3615, 832, 'Davidsonville', '-26.1549591', '27.8516564', '00:00:00', 0, 'jen~Cyi}hDQdBWrCAd@NzBkB_@uDe@p@fLFdAJd@FTNJh@\\dGhAnATnANl@BxBZ~@LnAN|Bh@xBd@fGlA~FbArKrBjOvClGjAjKvBbJ`BNoFf@_Q\\yKJmDrFdAlDp@~NpC~AP`@DdALv@?jAQ|@[f@Y~@y@z@gAbD_FhAsAf@]~@i@bA]rAYd@CdAC`AAx@KdAU|@]jAs@|@}@|C}Dw@}@oA{APWj@{@PcAX_C@YImAe@gAaAqD}@aDy@kDgE_@{Ca@k@IDy@', 2),
(3616, 832, 'Metrobus Roodepoort Bus Depot', '-26.1285999', '27.8442426', '00:00:00', 0, '', 1),
(3617, 833, 'Roodekrans', '-26.1073654', '27.8457956', '00:00:00', 0, '', 1),
(3618, 833, 'Sunninghill', '-26.0323925', '28.0742249', '00:00:00', 0, 'r_j~Ckt}hDn@yBj@oBeBy@kE{B|EkOxBsG~AyErD_LhAiDlB_GfB}E|CwHbB_EXo@v@sA~@_AbFgEfA{AnAoDdB}EbB{GvAeFfAsDl@oAv@qANQ~ByApD{B|@k@tDaCxEmDnH{Ff@u@vAmCb@m@j@c@|Aq@r@QlACp@BRGVQJMFWD_DTwB`DkK|AcFpA_EfDeIb@q@vDwCbB{Af@k@\\a@tBiEp@mBZcB`@aDHg@J}@Vs@f@uAvAgBnBuAhAa@`A_@dAOlEo@~ScDjCe@^MpAw@f@k@d@}@ZmA@_AEs@z@e@bBwA`AkBt@wBzEsNxGmRb@_Ar@w@ZSz@]|@Sv@@fAJ`@Bd@?v@VbDf@z@NFELCv@CXKVWBMjAsCf@kA`@{@fBkCtAsBnE_Ht@{@zBcDdH}KrCwDjUu]dCyD?u@AYUSmCcCkBeAu@O}@QaBo@{CqAyEw@}@MwDi@qDm@{ASy@c@o@k@S[Q]UgACeAP_A^{ANk@~@yD\\}@Ra@pAcBLS`@{@LoABg@Bo@BkAEiANmEUq@MUKSw@g@kCaBsGiEmBeA_DwAiGiCe@SQUiBu@kFsBq@WuGeC_@OyBy@cW{KqBiAm@[{WsOsa@wU}KuGcCeBiByAyCuCcAiAaEsEaHaI}IgKuLiNsDaEqHuIiG}GyDkDgCoBgBkAcC{AmE{BeGwCgI}DoQ{I_HcDcV_Lg@WsQ}HcFuAmIqA}B]aEq@wWgEuU_EwHmAwF}@yEu@{KoBiCm@gDcAeAa@u@SaBq@eHoDcCoAq@_@iK_GaLyG{F{DaDqC}AyAwCkDoDkE{EaGoG_I}Xo]oQ_UgN_QoXw\\qE_GiZ}^qBsCiDkGcBsDaAcCiAiDuIyZUw@}AuGmAaHiJkj@o@yDaA{FcAoGO_A]_CQiBYsEOqCEgCBaG?SPgE`@}ED[T{Bl@kDN}@Hg@tBmMxCeQtFg]`AyFPmAFcB`@iFVgFF_D?yAGgDBaBPkN@i@IMACG]QYSOWIc@E[A?KLuAJmAHwA]iBQ_AE}@Se@GIGI_@EkFm@}@EkACuAFeBTgDf@aDv@mBN}BByCe@sEkAgG_B\\oAhQch@r@sBASA]GQUSQK_AIiCUMGwFe@mIq@}D[p@qLRaIHkENAhFQbOc@rHWRB@JDjAChE', 2),
(3620, 834, 'Ghandi square', '-26.2066264', '28.0433502', '00:00:00', 0, 'xyz~CkdajDdAuDFYBSB}@EcAMcBYeFq@qLC[JAnBKrGc@TILIHMF_@?cBFy@FIB_@PcARw@r@qBdBmDX_@`@ObAKrGe@nAKFETETG\\Sr@s@DMrAsAVUl@_@h@QnCUfRwAjHg@nBQnCOOoBEq@]gGGgAAWEAECCIS{BAACCCE', 6),
(3621, 834, 'Enoch Sontonga Avenue', '-26.1930948', '28.0277433', '00:00:00', 0, 'xny~CoqxiD`@w@ROlAiBbG}IzA{B~B_DjCgDP{@Dg@GeAMaADcA?q@i@{BAa@@OxBcIzDkNjFmRxHoXF]HmGFwEJiBJ}@Fm@Dk@?]GuAuAmVAs@B_@Rs@Xe@b@_@p@_@VSRYVq@Jw@?e@MuBgA}Rm@oKWuEIkBIOAQ]eDCc@?Q{@eF_AsFIiAk@yMKyBDs@He@', 5),
(3622, 834, 'Perth Road & Portland Avenue', '-26.1862055', '27.9837582', '00:00:00', 0, 'bgw~CgrriDWLWgDeBuTiAuNEs@Du@vEgWtGo^|AqIf@}A@KRWbAiBzNiZ~DkItEmJJQZ]l@a@zIsElEyBh@e@f@o@pB{Cp@kA', 4),
(3623, 834, 'Main Road & Plateau Drive', '-26.1747436', '27.9531556', '00:00:00', 0, 'dsr~CupiiDdH}KrCwDjIeMZk@bJcN~@uAdAcBfFaItKcPjDeFpLgQ|JgOxD}FnD{FlE}G`A{AlAaBV_@LKxAmERU`E}LxDoLPg@b@uAf@uBj@gEPiBb@yC~@mGCQl@_GNoANqAt@mFNc@He@^qCh@sEj@yDB]j@kLL{C@WEMG}@YiDVM', 3),
(3624, 834, 'Ontdekkers Road & Golf Club Terrace', '-26.1510719', '27.9068345', '00:00:00', 0, 'hpp~Cmo`iDTMB?HFt@|A[NYN]Lm@HiAEUBs@Jk@RSPa@aBUm@o@_Au@}@uBkBqCaCwC_COKHQlDwEj@s@TTf@d@PFZANCh@g@|FqNhDmKdBaFvDoMrLw^lCsIdBoFj@kD`@_Bf@mCtHsa@ZsCR{CAuGWkJ_@iNKmGMaIMwF@cAF}AT_C\\mBZ}Ap@iBfB_EvFoI~CyExAoBlAeB', 2),
(3625, 834, 'Westgate Shopping Centre', '-26.1401993', '27.8607578', '00:00:00', 0, '', 1),
(3627, 835, 'Westgate Shopping Centre', '-26.1401993', '27.8607578', '00:00:00', 0, '', 1),
(3628, 835, 'Ontdekkers Road & Golf Club Terrace', '-26.1510719', '27.9068345', '00:00:00', 0, 'hpp~Cmo`iDTMB?HFt@|A[NYN]Lm@HiAEUBs@Jk@RSPa@aBUm@o@_Au@}@uBkBqCaCwC_COKHQlDwEj@s@TTf@d@PFZANCh@g@|FqNhDmKdBaFvDoMrLw^lCsIdBoFj@kD`@_Bf@mCtHsa@ZsCR{CAuGWkJ_@iNKmGMaIMwF@cAF}AT_C\\mBZ}Ap@iBfB_EvFoI~CyExAoBlAeB', 2),
(3629, 835, 'Main Road & Plateau Drive', '-26.1747436', '27.9531556', '00:00:00', 0, 'dsr~CupiiDdH}KrCwDjIeMZk@bJcN~@uAdAcBfFaItKcPjDeFpLgQ|JgOxD}FnD{FlE}G`A{AlAaBV_@LKxAmERU`E}LxDoLPg@b@uAf@uBj@gEPiBb@yC~@mGCQl@_GNoANqAt@mFNc@He@^qCh@sEj@yDB]j@kLL{C@WEMG}@YiDVM', 3),
(3630, 835, 'Perth Road & Portland Avenue', '-26.1862055', '27.9837582', '00:00:00', 0, 'bgw~CgrriDWLWgDeBuTiAuNEs@Du@vEgWtGo^|AqIf@}A@KRWbAiBzNiZ~DkItEmJJQZ]l@a@zIsElEyBh@e@f@o@pB{Cp@kA', 4),
(3631, 835, 'Enoch Sontonga Avenue', '-26.1930948', '28.0277433', '00:00:00', 0, 'xny~CoqxiD`@w@ROlAiBbG}IzA{B~B_DjCgDP{@Dg@GeAMaADcA?q@i@{BAa@@OxBcIzDkNjFmRxHoXF]HmGFwEJiBJ}@Fm@Dk@?]GuAuAmVAs@B_@Rs@Xe@b@_@p@_@VSRYVq@Jw@?e@MuBgA}Rm@oKWuEIkBIOAQ]eDCc@?Q{@eF_AsFIiAk@yMKyBDs@He@', 5),
(3632, 835, 'Ghandi square', '-26.2066264', '28.0433502', '00:00:00', 0, 'xyz~CkdajDdAuDFYBSB}@EcAMcBYeFq@qLC[JAnBKrGc@TILIHMF_@?cBFy@FIB_@PcARw@r@qBdBmDX_@`@ObAKrGe@nAKFETETG\\Sr@s@DMrAsAVUl@_@h@QnCUfRwAjHg@nBQnCOOoBEq@]gGGgAAWEAECCIS{BAACCCE', 6),
(3633, 836, 'Westgate Shopping Centre', '-26.1401993', '27.8607578', '00:00:00', 0, '', 1),
(3634, 836, 'Tornado Park Old Age Centre', '-26.1626101', '27.87846', '00:00:00', 0, 'hpp~Cmo`iDTMB?HFt@|AXOz@a@nDgB~@e@|@o@xB{AvIaJr@s@vAmAfBgArFcDtC_Bt@a@xAUl@E^QVc@x@sBd@oAFg@@m@AaB[iGvHaA`Da@^Vh@J`Cl@hCx@|@NrBHr@Cz@MnGiArDu@JIV_@`A}BtCyHjD}IbCwGpCwH|B{F|@rA', 2),
(3635, 837, 'Tornado Park Old Age Centre', '-26.1626101', '27.87846', '00:00:00', 0, '', 1),
(3636, 837, 'Westgate Shopping Centre', '-26.1401993', '27.8607578', '00:00:00', 0, 'hxt~Cs|ciD}@sA}BzFiGtPeH~QeBhEOVWVeHtAyEv@s@BuAEy@ImBk@uEmASCa@?{CXkC^kDj@XfGAdBAb@ETQd@mA|CWb@QJa@Fq@FaAP_@Po@^mF|C}DbCk@XwAlAeBfBmGtG[ZsCnB_Ah@_CjAmB`AmB~@{@eBPM', 2),
(3640, 838, 'Westgate Shopping Centre', '-26.1401993', '27.8607578', '00:00:00', 0, '', 1),
(3641, 838, 'Lindhaven', '-26.1457737', '27.8501912', '00:00:00', 0, 'hpp~Cmo`iDTMB?HFt@|A[NYN]Lm@HiAEUBs@Jk@RVxBfBnIZ?f@Ir@QlAi@hBaAt@_@FTZ`Ez@jN^bGTHlAx@rBzA`JdH~AnA\\J\\J', 2),
(3642, 839, 'Sunninghill', '-26.0323925', '28.0742249', '00:00:00', 0, 'r_j~Ckt}hDn@yBj@oBeBy@kE{B|EkOxBsG~AyErD_LhAiDlB_GfB}E|CwHbB_EXo@v@sA~@_AbFgEfA{AnAoDdB}EbB{GvAeFfAsDl@oAv@qANQ~ByApD{B|@k@tDaCxEmDnH{Ff@u@vAmCb@m@j@c@|Aq@r@QlACp@BRGVQJMFWD_DTwB`DkK|AcFpA_EfDeIb@q@vDwCbB{Af@k@\\a@tBiEp@mBZcB`@aDHg@J}@Vs@f@uAvAgBnBuAhAa@`A_@dAOlEo@~ScDjCe@^MpAw@f@k@d@}@ZmA@_AEs@z@e@bBwA`AkBt@wBzEsNxGmRb@_Ar@w@ZSz@]|@Sv@@fAJ`@Bd@?v@VbDf@z@NFELCv@CXKVWBMjAsCf@kA`@{@fBkCtAsBnE_Ht@{@zBcDdH}KrCwDjUu]dCyD?u@AYUSmCcCkBeAu@O}@QaBo@{CqAyEw@}@MwDi@qDm@{ASy@c@o@k@S[Q]UgACeAP_A^{ANk@~@yD\\}@Ra@pAcBLS`@{@LoABg@Bo@BkAEiANmEUq@MUKSw@g@kCaBsGiEmBeA_DwAiGiCe@SQUiBu@kFsBq@WuGeC_@OyBy@cW{KqBiAm@[{WsOsa@wU}KuGcCeBiByAyCuCcAiAaEsEaHaI}IgKuLiNsDaEqHuIiG}GyDkDgCoBgBkAcC{AmE{BeGwCgI}DoQ{I_HcDcV_Lg@WsQ}HcFuAmIqA}B]aEq@wWgEuU_EwHmAwF}@yEu@{KoBiCm@gDcAeAa@u@SaBq@eHoDcCoAq@_@iK_GaLyG{F{DaDqC}AyAwCkDoDkE{EaGoG_I}Xo]oQ_UgN_QoXw\\qE_GiZ}^qBsCiDkGcBsDaAcCiAiDuIyZUw@}AuGmAaHiJkj@o@yDaA{FcAoGO_A]_CQiBYsEOqCEgCBaG?SPgE`@}ED[T{Bl@kDN}@Hg@tBmMxCeQtFg]`AyFPmAFcB`@iFVgFF_D?yAGgDBaBPkN@i@IMACG]QYSOWIc@E[A?KLuAJmAHwA]iBQ_AE}@Se@GIGI_@EkFm@}@EkACuAFeBTgDf@aDv@mBN}BByCe@sEkAgG_B\\oAhQch@r@sBASA]GQUSQK_AIiCUMGwFe@mIq@}D[p@qLRaIHkENAhFQbOc@rHWRB@JDjAChE', 2),
(3643, 839, 'Roodekrans', '-26.1073654', '27.8457956', '00:00:00', 0, '', 1),
(3646, 840, 'Metrobus Roodepoort Bus Depot', '-26.1285999', '27.8442426', '00:00:00', 0, '', 1),
(3647, 840, 'Klein Helderkruin Centre', '-26.1132456', '27.8606797', '00:00:00', 0, 'jen~Cyi}hDh@_FsCWcC[YB_Be@iBi@kGqBmAg@w@_@a@e@a@e@c@aAk@eCSq@SWGKeAo@yBmA{HkDe@Qa@IwC_@oEa@wD]_BSuAW{@EHYdAuEfAaFx@wDrCeJd@eBbAyDsAk@yAo@uBS_AGSIqBaAuGeDeHuDg@YDQ@W', 2),
(3648, 841, 'Klein Helderkruin Centre', '-26.1132456', '27.8606797', '00:00:00', 0, '', 1),
(3649, 841, 'Sunninghill', '-26.0323925', '28.0742249', '00:00:00', 0, 'vek~Cip`iDGh@w@c@e@USWQWa@uAKi@b@e@fA}@~CiCf@g@v@mA`AoC`@iAlAkDrAoFbBeGxA{ElA}B\\a@pHuEzA_A`FeDfLyIn@s@p@sAdAgBh@o@v@_@|Am@VCx@C~@Bb@QNMJ_@D_DFg@LoAvAwEhAsD|@sCpBoGtD}ITYvDwCpBkBn@s@xAuCb@}@p@mBh@qCh@yE~@iCvAgBnBuAjCaAhBWdXcEjCc@`AUd@Ul@c@Z]\\g@HMZ{@LiACq@C_@PIr@e@tAiAdAoB`AoCnE{MdAqCdF_Ol@y@p@k@b@QXMh@Oh@AdABz@Hn@@v@V|AT`C`@NGf@?d@K`@]p@iBr@_Br@_BlC_EhGiJxAoB|@mAxHyLnCsDxFuIlB{CpLkQv@qA?Q@[AQAOSQQMwBsBu@g@gAe@iAQoA_@gD{Ac@Q{B]mB_@yAOwB[aHgAy@c@m@i@U[Q_@UgACeAP_ATcAPm@dAeERu@Zo@jA{ANQh@iAT_D@u@AgAA_@Bg@DuADoAM[CKKYQYeAq@eHqEkBoA}A}@o@Yy@_@gEkBoBw@{@]SW}CqAwEgBoGaCqDuAcW{KmAs@g@YwEkC}NuIw]gSwR_LkEaDkD_DyA_BcCmCgD{DiGgHcDuD_BmBqCcDcHcImD_EgE{E_FyFeDoDeDyCiB{A{B_BeC}A_EuBoKgFkRiJmHsDeD{AyVkL}LsFgEgBcFuAqLiBoDm@{Es@ePmCwY_F_IqA{IsAuAUqJeBiCm@mBi@}Ai@aA]yBy@{LkGuF{CeMqH}@i@}A}@iEsCyBeBkDeD{GeIeGsH{BqCuCmDcGmHkSaWyRsVoM_PgSsVwBoC}C_EmKoMuK_NsA}AcBcCuCcF}@mBg@kAaAaCkAgDwBoHwDyMiDcNaE_VuFm\\YuB{@qEIe@oAwHSuAe@kD[gDIwAOuDG{FDkCH}BTaELsA`@wD`AsFhCwOrByLhCaPpDyT\\kBFg@BoAN_BJkA`@yHFuDCkD?qCBcEJmGBsAKOEUO]SS[I_AITsCJkAAw@SeAQ{@Iy@A[KSEOQUkGs@iCIuAFm@JaAJ}Cd@aAV_B^_AJ_BFk@@_@Ao@IwA[YCcAUeJeCi@KFc@p@oB`Rsi@Ae@CUMO_@WeBOeBOKGkFc@gBOeCSoCSyCW^uGP{CJgDPeJzQk@rK]tAABZDhCEzB', 2),
(3650, 842, 'Metrobus Roodepoort Bus Depot', '-26.1285999', '27.8442426', '00:00:00', 0, '', 1),
(3651, 842, 'Sandton City', '-26.10884669999999', '28.05271979999999', '00:00:00', 0, 'jen~Cyi}hDh@_FsCWcC[YB]IBWLkAPyBNq@F]XaAZo@Ra@f@}@bKyRzJ_RzE_J`JsMzGsJlBiCrAkCh@gA\\o@bFwLjEsKfCaI`C{Gj@iBpCwJ`H_TbF{ObCqH\\mARsA^oBj@cCpHia@b@gCJaAHw@NiC@eBEuDMeFg@iRWiOO}HFsC\\gDv@_ErB_F`@{@fBkCtAsBnE_Ht@{@zBcDdH}KrCwDjIeMZk@bJcN~@uAdAcB?u@AYUSmCcCo@c@{@a@u@O}@Qq@So@[aBu@y@[yEw@}@MgC_@o@IqDm@{ASy@c@o@k@S[Q]UgACeAP_A^{ANk@TeAh@sB\\}@Ra@pAcBLS`@{@LoABg@Bo@BkAEiANmEUq@MUKSw@g@kCaBsGiEmBeA_DwAsCoAuBy@e@SQUiBu@kFsBq@WuGeC_@OyBy@cW{KqBiAm@[{WsOsa@wU}KuGcCeBiByAyCuCcAiAaEsEaHaI}IgKoFkGeE}EsDaEqHuIeEyEcAcAyDkDgCoBgBkAcC{AmE{BeGwCgI}DoQ{I_HcDcV_Lg@WkKuEgEgBcFuAmIqA}B]aEq@{F{@{OkCuU_EwHmAwF}@yEu@{KoBiCm@gDcAeAa@u@SaBq@eHoDcCoAq@_@qC{AwFcDuG{DkC}A{F{DsAeAmAkA}AyAwCkDoDkE{EaGoG_I}Xo]oQ_UgN_QqCiDgJ}KuHoJqE_GiZ}^qBsCuCcFYO_@u@OYgAeC{@gByBoFoAgDWm@{@cBGa@A]BYf@kBHY|A}@`DgBtAq@dDaB|A{@p@i@tAoAHSZa@tCuDpBkCpCmD`@e@x@o@fBcB`DyB~Ak@lBq@dBi@xBc@h@IhFa@pDQxAO|Fk@dCWjDs@jDq@z@QdBk@dBe@zBk@dB_@dI_A`HaAtAW|OiChFcArKmB~Cq@fLsBbEu@xCg@|@KpCQ|CExAFdGh@xG`Ax[pEjBXpHfArEn@lCNb@BpA?|@EfAE|@En@IrCe@~Bq@fBq@fAg@`@U`C}AzAiAhAkAxAcBdB{B~EqGlD}DvBkB~AcAbCmAfBy@fCy@zA[`Gs@zAGLK~@MVKZQXUZg@Tk@He@RcBx@sKRgENkANs@Ty@t@mBjKoUj@uAfBwDvDkIrBaFl@y@fA}@nAu@h@UxA[bBSl@O`@MbAc@x@o@b@i@p@qAjA}BvAsDl@sA|CwGl@iAVi@JcA@YAe@w@kAkFyIy@oAa@MYDKDQ`@_CnF_B~D', 2),
(3652, 843, 'Sandton City', '-26.10884669999999', '28.05271979999999', '00:00:00', 0, 'jen~Cyi}hDh@_FsCWcC[YB]IBWLkAPyBNq@F]XaAZo@Ra@f@}@bKyRzJ_RzE_J`JsMzGsJlBiCrAkCh@gA\\o@bFwLjEsKfCaI`C{Gj@iBpCwJ`H_TbF{ObCqH\\mARsA^oBj@cCpHia@b@gCJaAHw@NiC@eBEuDMeFg@iRWiOO}HFsC\\gDv@_ErB_F`@{@fBkCtAsBnE_Ht@{@zBcDdH}KrCwDjIeMZk@bJcN~@uAdAcB?u@AYUSmCcCo@c@{@a@u@O}@Qq@So@[aBu@y@[yEw@}@MgC_@o@IqDm@{ASy@c@o@k@S[Q]UgACeAP_A^{ANk@TeAh@sB\\}@Ra@pAcBLS`@{@LoABg@Bo@BkAEiANmEUq@MUKSw@g@kCaBsGiEmBeA_DwAsCoAuBy@e@SQUiBu@kFsBq@WuGeC_@OyBy@cW{KqBiAm@[{WsOsa@wU}KuGcCeBiByAyCuCcAiAaEsEaHaI}IgKoFkGeE}EsDaEqHuIeEyEcAcAyDkDgCoBgBkAcC{AmE{BeGwCgI}DoQ{I_HcDcV_Lg@WkKuEgEgBcFuAmIqA}B]aEq@{F{@{OkCuU_EwHmAwF}@yEu@{KoBiCm@gDcAeAa@u@SaBq@eHoDcCoAq@_@qC{AwFcDuG{DkC}A{F{DsAeAmAkA}AyAwCkDoDkE{EaGoG_I}Xo]oQ_UgN_QqCiDgJ}KuHoJqE_GiZ}^qBsCuCcFYO_@u@OYgAeC{@gByBoFoAgDWm@{@cBGa@A]BYf@kBHY|A}@`DgBtAq@dDaB|A{@p@i@tAoAHSZa@tCuDpBkCpCmD`@e@x@o@fBcB`DyB~Ak@lBq@dBi@xBc@h@IhFa@pDQxAO|Fk@dCWjDs@jDq@z@QdBk@dBe@zBk@dB_@dI_A`HaAtAW|OiChFcArKmB~Cq@fLsBbEu@xCg@|@KpCQ|CExAFdGh@xG`Ax[pEjBXpHfArEn@lCNb@BpA?|@EfAE|@En@IrCe@~Bq@fBq@fAg@`@U`C}AzAiAhAkAxAcBdB{B~EqGlD}DvBkB~AcAbCmAfBy@fCy@zA[`Gs@zAGLK~@MVKZQXUZg@Tk@He@RcBx@sKRgENkANs@Ty@t@mBjKoUj@uAfBwDvDkIrBaFl@y@fA}@nAu@h@UxA[bBSl@O`@MbAc@x@o@b@i@p@qAjA}BvAsDl@sA|CwGl@iAVi@JcA@YAe@w@kAkFyIy@oAa@MYDKDQ`@_CnF_B~D', 2),
(3653, 843, 'Metrobus Roodepoort Bus Depot', '-26.1285999', '27.8442426', '00:00:00', 0, '', 1),
(3654, 844, '7 Impala Ave', '-25.8606138', '28.2185433', '00:15:00', 0, '', 1),
(3655, 844, 'Makro Centurion', '-25.8666873', '28.1964062', '00:08:00', 0, 'z{y|CmmfkDy@CE@?`AH~@JdAzAKXCDTDXFd@LjCHhBFj@DR@?@?BB@BdAAHEHBjCMRjHNzALvARfA\\fA@Dd@nAtCdGdChF\\x@`@vAvCpGlBhDP\\FVlEnJhAbCv@hBhFhLpBtE^bApBzFoBdAa@b@[p@k@lA}AlBkDnEOTSQ{@_@e@Ga@BU@yBc@]aC^ANtALF', 2),
(3656, 844, 'Centurion Mall', '-25.8571457', '28.186789', '00:03:00', 0, 'za{|C}bbkDMGOuA_@@\\`CxBb@TA`@Cd@Fz@^RPkAbBk@z@i@k@_Am@QKIKYG{Ac@_@Ac@F_@PoAn@mAl@k@`@eChAa@Lo@Hy@f@MXe@tASr@Kv@Ad@FbB?nCOzB_@dDWjAy@lBiAhBkA`BsC`EgDdFmJhNg@p@w@u@wAkAC@G?AG@GaB{AT_@|AyBdBeC', 3),
(3657, 845, 'Centurion Mall', '-25.8571457', '28.186789', '00:03:00', 0, 'za{|C}bbkDMGOuA_@@\\`CxBb@TA`@Cd@Fz@^RPkAbBk@z@i@k@_Am@QKIKYG{Ac@_@Ac@F_@PoAn@mAl@k@`@eChAa@Lo@Hy@f@MXe@tASr@Kv@Ad@FbB?nCOzB_@dDWjAy@lBiAhBkA`BsC`EgDdFmJhNg@p@w@u@wAkAC@G?AG@GaB{AT_@|AyBdBeC', 3),
(3658, 845, 'Makro Centurion', '-25.8666873', '28.1964062', '00:08:00', 0, 'z{y|CmmfkDy@CE@?`AH~@JdAzAKXCDTDXFd@LjCHhBFj@DR@?@?BB@BdAAHEHBjCMRjHNzALvARfA\\fA@Dd@nAtCdGdChF\\x@`@vAvCpGlBhDP\\FVlEnJhAbCv@hBhFhLpBtE^bApBzFoBdAa@b@[p@k@lA}AlBkDnEOTSQ{@_@e@Ga@BU@yBc@]aC^ANtALF', 2),
(3659, 845, '7 Impala Ave', '-25.8606138', '28.2185433', '00:15:00', 0, '', 1),
(3660, 846, 'Centurion Mall', '-25.8571457', '28.186789', '00:03:00', 0, 'za{|C}bbkDMGOuA_@@\\`CxBb@TA`@Cd@Fz@^RPkAbBk@z@i@k@_Am@QKIKYG{Ac@_@Ac@F_@PoAn@mAl@k@`@eChAa@Lo@Hy@f@MXe@tASr@Kv@Ad@FbB?nCOzB_@dDWjAy@lBiAhBkA`BsC`EgDdFmJhNg@p@w@u@wAkAC@G?AG@GaB{AT_@|AyBdBeC', 3),
(3661, 846, 'Makro Centurion', '-25.8666873', '28.1964062', '00:08:00', 0, 'z{y|CmmfkDy@CE@?`AH~@JdAzAKXCDTDXFd@LjCHhBFj@DR@?@?BB@BdAAHEHBjCMRjHNzALvARfA\\fA@Dd@nAtCdGdChF\\x@`@vAvCpGlBhDP\\FVlEnJhAbCv@hBhFhLpBtE^bApBzFoBdAa@b@[p@k@lA}AlBkDnEOTSQ{@_@e@Ga@BU@yBc@]aC^ANtALF', 2),
(3662, 846, '7 Impala Ave', '-25.8606138', '28.2185433', '00:15:00', 0, '', 1),
(3663, 847, 'Witpoortjie', '-26.1631828', '27.8252814', '00:00:00', 0, '', 1),
(3664, 847, 'Ghandi square', '-26.2066264', '28.0433502', '00:00:00', 0, 'v`u~CyqyhDv@gB~CxAzCvAJcMJqQ@gDFaI@S`@@@?bA@`FJPBH@TFRFt@j@TXN\\rAvCn@ZXFr@kJJgA^eDr@eIdBwRXmDBwA@oAIyCYkCM}@i@}Bs@cDw@wD}A}HiAwGaBeKmAaI{@kF}@aFMmAi@uF_@uFa@}GY}F]gHMoBU}HK_EBmAB]VkA`@wAn@qAvCaFtCyEXc@rBeDrCeFrCoF|CsFFM~EwHP_@DYAUCMBQFMLIBAv@gAv@yA|DaGh@y@dF{HdHmKlDoFdFiIfCaFp@oAhAcChAcDb@gBfAqEvBeLjBiJ~@_GxA{LjAyJl@eDzBwIxBqHvC{HdC_JzAyF~BkIxQer@bQkp@lAyDfAgC^y@rC}GbBaF|@kDpFgTtEyQtB{J`BcJrBeI|AiFt@uC~BiIdG_UdFwR`BkGdCgJdBmGr@qCd@oBXoAr@aDt@_ExCqPFw@@g@G{AIw@Mi@Wu@_@w@a@k@_@_@m@c@mDuByD{BiEgCq@k@q@y@i@{@_@{@a@wAM}@IcAC}@BiAH{@RiA|AgH`@}AX{@lEqLjDuJdOwa@bLs[V_AXqA^sCz@_Mr@kKL{ANkAl@uDfCcOVaAVs@hI{OfIuObGeLVu@Py@Hi@J}ACqAIcA{@gF}BeNa@kCm@iEMoBCmCCyAU[MIs@_@a@[OSIW]uDQaC_A}Mk@yHy@qLi@eHu@kJ_AmMe@cGG}@GgBAwBAqECoKEoDA_@CmAEcLCsG?aAKe@?oA@qCJ{EHuDEm@O][Ya@KsA?iB@iDEUEKKGY?{@ESGIQG[AO@oDVgDVuCTAWEAECCIS{BAACCCE', 2),
(3665, 848, 'Metrobus Roodepoort Bus Depot', '-26.1285999', '27.8442426', '00:00:00', 0, '', 1),
(3666, 848, 'Roodepark Eco Estate', '-25.6754508', '28.3331279', '00:00:00', 0, 'jen~Cyi}hDh@_FsCW}CWiEoAkGqBeCgAa@e@eAgBk@eCg@iAmA{@uLyF_F{@gNsAuAW{@EgCcA_CoAsEgC_FqCwHeEoCwAeEeC_CoBuAiBmAcCiAcE]wECwBIsDKeVA_I?eD?[oB?gAAqD@iCj@y@ZwA`AaAhAgFbHm@r@sAn@aAL}@AmA]_OoHgI_EsLgGkEeB{GkDoB@m@HcGzEgD`C_GzEcF`EgMfKqe@d`@iq@lj@eYbUkH~FeB`Bs@hA_A~Bw@~F{@dNsCjb@gAfNMtBkBcBgB_BgEgDaDsBaBw@mKmE_V}Iaz@g[u`@eOia@mOkQuGwJqD}C{AiCyAyDkCgDyCeDuDuAgBiC{DaBcD_E}JmFwReOkj@gb@s|AiTow@yD}LsBaFqEyI{C{EuHeKyEiGoPiTcGkI{KsNgQqUkJcMaQ}UmQiYyi@o}@sn@scAmJsKiC}BcAw@uGaEaIyDeF{B_Bs@oJkEmh@aUic@gRuFsCeJkGsGcGeDwDqDmFgDsG_EeKsGaUo^woA{]anAwDsM}EqNwFoN}DeJoX{m@mZmq@kP}^ci@}lAoGsQ{AsF{CqNiCuS_@eFeCc`@wGafA{@sMuA_NaCoN{AeGuIwZsOsj@}CaOwCqRoBoUY{F[{SAuBGkIQ_HMqD[gGmB}TeAeIeCePuD_[sBo[i@yRGg\\MePE}Cg@{NwA{TgAmLuCkToBeLgFkUqD}MyDoLoa@ejAeRwh@oKeZa\\g_A_[e|@}FcT_DaPg@yCwFaf@_DaYeAuH}AmHgDsKkA}C_EmHaDsE}BoCkDeDeDqCaEqCgDiBkD}AaQoFiSaGqEaBwMiGsK}GoKyI}QuQkZwY}NyNoOiO{KwKsRyQuKiI}KwG}IeEyOkFyj@aOqNuEaLgFwMuHmIiFiRoLiIsD}G_C}G_BgTmDkPkCm`@qGuk@oJ{VyDwFu@uIYgLd@u\\rBuLxAoGxAaDhAeEjBaDhBwHlGqHlHsL`MoAlAqIhFsJxCcCZcHViKOo^i@ij@w@op@aAu^a@{BGmIiAaHkB_EcBgDmBeDgCaHuHmAyAaCkEoAcDiEwLmByFuC}HaBaDaBmCqEsFeB_B}H}EcHqCgJeBqEYkG?mDRgBRi@Hu@X[Jy@RyBt@kAf@wAdAa@l@?`@e@`@oDhEy@x@iAj@O@{@Fi@k@~@{IJkACaAGaBRoAxB_RnAeMJaNWaIa@gEi@}EwCkRiBcMsJum@_Hud@sFy`@cHcf@iEuQyEmQoBgIg@uBnAM', 2),
(3667, 849, 'Metrobus Roodepoort Bus Depot', '-26.1285999', '27.8442426', '00:00:00', 0, '', 1),
(3668, 849, 'Ghandi square', '-26.2066264', '28.0433502', '00:00:00', 0, 'jen~Cyi}hDh@_FsCWcC[YB]IBWLkAPyBNq@F]XaAZo@Ra@f@}@bKyRzJ_RzE_J`JsMzGsJlBiCrAkCh@gA\\o@bFwLjEsKfCaI`C{Gj@iBpCwJ`H_TbF{ObCqH\\mARsA^oBj@cCpHia@b@gCJaAHw@NiC@eBEuDMeFg@iRWiOO}HFsC\\gDv@_ErB_F`@{@fBkCtAsBnE_Ht@{@zBcDdH}KrCwDjIeMZk@bJcN~@uAdAcBfFaItKcPjDeFpLgQ|JgOxD}FnD{FlE}GZ{@Cc@g@e@_@k@Um@D[WkEMwCUqFAoBNgG?gBCUM[s@gAYc@QKMSoBwDuBoDU]gAmBFMFIhAm@zB_AzDcBxCkAx@[d@Or@GrD_Ab@KzL_DnMcDtI}BdDq@xC]lBEfECnOV|DMpBQdAQb@IbB_@~DoAp@Uz@a@~CqAdEeBlEgBvOqGzHaDvl@mVvIkDtFoBdDcAzDgArCs@|HcBhJiBlL_CxGsANOZOr@S~Bo@vA_@t@[j@[rAoApDkDz@q@ZQ`@On@K|@An@APANGTSLmAZ}Cb@cEbAyJrByRlIkx@t@iFp@wD\\cBAOAMEMOSSI]I_@CWAIEiAKgCWcEc@kAUy@WkAi@sCyA{@m@s@w@u@qA_A{B_BqDKGIMuAiCq@_Bk@iAm@}AKWCQ{@oAs@{@gA_AeAq@cDcBgAg@mAe@qCs@]GG@KAq@Iq@?YABUPoCZyET}CPuAhAaHdBaKVmATq@zA{CzC}FbJeQrHsN`@aALe@P}@Fm@DeBEeA]}B_DcR_@aCk@eES}BI{F[_@i@[k@][c@IWC]_@wEs@sJe@gHqA{QyBaYkA}OE}@IiBC_CAqHGmMEcAEoKE{I?_A?OEOCQAu@?_CDsCP}GCu@M_@SWSKQEy@A_C@eDCa@EMIGU?w@CUEOSKi@A{Gh@sBNcBLAWICCCSaCCACECE', 2),
(3669, 850, 'Ruimsig', '-26.0819964', '27.8633774', '00:00:00', 0, '', 1),
(3670, 850, 'Metrobus Roodepoort Bus Depot', '-26.1285999', '27.8442426', '00:00:00', 0, 'hee~Cu`aiDr@s@Qm@uBiDNI`EwB|FuCvE_C|DoBtN{Gz@q@`@{@BS?KCQa@q@o@s@aAk@GEEO@WlAmBVa@DKx@^`Ah@|CbB|BhAtCpA|@^rHzDvCrAj@b@dB~@pRrJbPbIh@Rb@HZBdAE\\Iz@[VSd@i@t@gAxDeF`AiA`@]t@c@TKrBo@x@KpAEfDDnB??Z?tA@~C?~C?~CDxLFvGFvBPtBJ|APnAn@nClAbDlBnCfAbAh@^|ErCdInEzDvBlOhIxCvAtAV~ARvD\\nE`@vC^`@Hd@PzHjDxBlAdAn@FJRVRp@j@dCb@`A`@d@TBPNbAb@dAb@jGpBdD~@^FRTvGr@i@~E', 2),
(3672, 755, 'Vilakazi Street & Mandela Street', '-26.2472423', '27.818301', '00:00:00', 0, '|o`_DqxbiDp@vGALIIMaAq@kF`BYbKgBxB_@tAEfBJx@J|B`@|ATbB@v@Ep@Kj@QTGrEeB|CsAlAo@tAs@NMxA`A`A~@|@`B`@hA~A~E~@pCj@|ArC`KNjAF~@BfBBfBP~CVnD`@zDh@rBjB|En@xAt@xAlElHnElEnAdAfC|AvA`ApCdBlChAjBx@vAt@tJlElEjBp@XpAd@vDjAr@RfD`@jBHAfCTnwA@dMDlOA|O?vE?pO?fLDzKBhL@vO?rBaF@gA?', 3),
(3673, 755, 'Main Street & Elias Motsoaledi Road', '-26.2222293', '27.8722499', '00:00:00', 0, 'ton~C{l~hDaAbBb@\\D@JAvAmCDOEQaAq@d@aAFQCECEAM@Cg@_@kAw@HMlKyRtDiHj@}@dOgThEaGtBcEHQlEgK|FqNhDmKdBaFvDoMrLw^lCsIdBoFj@kDFW\\Ll@VrTfJ~D|A~CLpFNn@?^NfI~DxDjBzDtBnIdEbClA`CnAh@RlAT\\HhAh@|DrBvCxAlBdA|@r@tAbAdF`El@j@`Ar@n@R\\FNIzCcBfBy@f[aOj@]pAy@v@o@tAwAl@s@|DaGh@y@dF{HdHmKbBgC^`@jA|@rApAx@x@`@Zd@Tx@VvAXjAHpACvAMtK}BzMmDhCi@tAK~A@xBTzIjCvDfAhCp@|FdBdVfHz]jK`JjC~Ah@pBdAfAp@bEbC|BvAbCzAvIlFxAz@nCzAlBp@pB`@dBJhAAp@Er@OzDa@|CY`Ea@hC[~AOfNqA|KmAxJcAxBWBT', 2),
(3674, 851, 'Metrobus Roodepoort Bus Depot', '-26.1285999', '27.8442426', '00:00:00', 0, '', 1),
(3675, 851, 'MetrobusRoodepoortBusDepot', '-26.1285999', '27.8442426', '00:00:00', 0, 'jen~Cyi}hDQdBWrCAd@NzBkB_@uDe@p@fLFdAJd@FTNJh@\\dGhAnATnANl@BxBZ~@LnAN|Bh@xBd@fGlA~FbArKrBjOvClGjAjKvBpPzC`Dj@hGhAfCh@hCj@pDp@zAXjBZrE@rDDR?BVDz@Ej@IV_BfC{BjD~C~AvHpD~IxDjHdDlNvG`F|BfEtBdDvAbAcC', 1),
(3676, 852, 'Metrobus Roodepoort Bus Depot', '-26.1285999', '27.8442426', '00:00:00', 0, '', 1),
(3677, 852, 'Hoërskool Die Burger', '-26.17017', '27.95054', '00:00:00', 0, 'jen~Cyi}hDh@_FsCWcC[YB]IBWLkAPyBNq@F]XaAZo@Ra@f@}@bKyRzJ_RzE_J`JsMzGsJlBiCrAkCh@gA\\o@bFwLjEsKfCaI`C{Gj@iBpCwJ`H_TbF{ObCqH\\mARsA^oBj@cCpHia@b@gCJaAHw@NiC@eBEuDMeFg@iRWiOO}HFsC\\gDv@_ErB_F`@{@fBkCtAsBnE_Ht@{@zBcDdH}KrCwDjIeMZk@bJcN~@uAdAcBfFaItKcPjDeFpLgQ|JgOxD}FnD{FlE}G`A{AlAaBV_@LKxAmERU`E}LxDoLPg@b@uAf@uBj@gEPiBb@yC~@mGCQl@_GNoANqACoAIe@Ia@KmAkLl@[qKJu@B]IoDI_DKyBQuDCk@aA@UBq@Z', 2),
(3678, 853, 'Metrobus Roodepoort Bus Depot', '-26.1285999', '27.8442426', '00:00:00', 0, '', 1),
(3679, 853, 'Westgate Shopping Centre', '-26.1401993', '27.8607578', '00:00:00', 0, 'jen~Cyi}hDnAaMT}CPO^]`Ag@`@Mr@Sn@_@`@g@r@{Cd@_BjEoN`D{KfBeG~@aC\\iAz@iCh@qA`AkBb@a@ZO`C[rC]jIu@v@S|@i@FEhCkAd@[n@Qr@G`BBXGXM{@eBPM', 2),
(3680, 854, 'Lindhaven', '-26.1457737', '27.8501912', '00:00:00', 0, '', 1),
(3681, 854, 'Westgate Shopping Centre', '-26.1401993', '27.8607578', '00:00:00', 0, '|rq~Cgq~hD{@WiDkCgHwFgDaC_@Ow@_Mq@{KMuAk@`@yCtAgAZgARU?AU{AkHKc@Ws@Ss@RQj@Sr@KTChADl@I\\M{@eBPM', 2),
(3682, 855, 'Roodekrans', '-26.1073654', '27.8457956', '00:00:00', 0, '', 1),
(3683, 855, 'Westgate Shopping Centre', '-26.1401993', '27.8607578', '00:00:00', 0, 'r_j~Ckt}hDn@yBj@oBeBy@eAm@eCmA|EkOxBsG~AyEtB{G|@cCb@oAHWh@^|ErClAp@vGpDfNtH`EvBxCvAtAV~AR`Hn@dBNvC^`@Hd@PzHjDxBlAdAn@FJRVRp@j@dCb@`A`@d@TBPNbAb@dAb@jGpBvAb@f@ARGNONUDu@JcAHa@Je@ZiAnAcCdK}R~C}FvFiKtDiHNURLr@`@P@VCZI\\iAz@iCh@qA`AkBb@a@ZO`C[rC]jIu@v@S|@i@FEhCkAd@[n@Qr@G`BBXGXM{@eBPM', 2),
(3684, 743, 'Ridgevale Primary School', '-26.1102397', '27.848774', '00:00:00', 0, '', 1),
(3685, 856, 'Metrobus Roodepoort Bus Depot', '-26.1285999', '27.8442426', '00:00:00', 0, '', 1),
(3686, 856, 'Clover Park', '-26.1447904', '27.9187249', '00:00:00', 0, 'jen~Cyi}hDh@_FsCWcC[YB]IBWLkAPyBNq@F]XaAZo@Ra@f@}@bKyRzJ_RzE_J`JsMzGsJlBiCrAkCh@gA\\o@bFwLjEsKfCaI`C{Gj@iBpCwJ`H_TbF{ObCqH\\mARsA^oBj@cCpHia@b@gCJaAHw@NiC@eBEuDMeFg@iRWiOO}HFsC\\gDv@_ErB_F`@{@fBkCtAsBnE_Ht@{@nAgBAYGQ}ASoDg@c@BiC|@_ARy@Da@E_Ai@eE{BaBs@iAi@u@g@q@o@m@y@Ys@Oa@Sq@OeAEoADeB@eAD_AHeAPmANc@Ra@fGgKX}@NgA?YA[Os@Oi@i@sB]qB_@mAUc@Wg@Ma@I]Gq@AeARmA^iA\\y@b@eB@]Y?_@@]Ne@VCBaD`Gb@b@Xg@', 2),
(3687, 857, 'Metrobus Roodepoort Bus Depot', '-26.1285999', '27.8442426', '00:00:00', 0, '', 1),
(3688, 857, 'Ruimsig', '-26.0819964', '27.8633774', '00:00:00', 0, 'jen~Cyi}hDh@_FsCWcC[YB_Be@iBi@kGqBmAg@w@_@a@e@a@e@c@aAk@eCSq@SWGKeAo@yBmA{HkDe@Qa@IwC_@oEa@wD]_BSuAW{@EgCcA_CoAsEgCaCwA}Ay@wHeEoCwAeEeC_CoBuAiBa@i@k@yAMc@Qc@i@{BUwBG_BCwBIsDE{EC_IAiEA_I?eD?[oB?gAA_BCqADy@JoA^y@Zu@b@a@\\aAhAyDdFm@|@m@r@WR{@Z]Hc@B}@Ac@Ii@S_OoHgI_EsLgGq@QyCsA{GkDw@_@c@OQMu@_@kB}@mFmCcCuAW`@mAlBCJ@JDNhAp@n@r@`@p@B\\I^[n@g@b@wLxFoFlCuNfHaEvBOHtBhDPl@s@r@', 2),
(3689, 858, 'Ghandi square', '-26.2066264', '28.0433502', '00:00:00', 0, '', 1),
(3690, 858, 'Park Station', '-26.1973427', '28.0422579', '00:00:00', 0, '|n}~CcedjDTpBCPOF@VkCPoBPeFZgAJaQnAiDTUAmCX_@BeKr@gCVCMAU?IPKtBMjAIJGHKDMCAW@a@D', 2),
(3691, 859, 'Beeldskool', '-26.1834277', '28.0082155', '00:00:00', 0, '', 1),
(3692, 859, 'Metrobus Roodepoort Bus Depot', '-26.1285999', '27.8442426', '00:00:00', 0, 'n~x~Ckj}iDLIt@BXDk@jEk@bEOzAGp@kAxIeAnIoB|Ni@bEc@|BgArHWjBEfADtAJr@Lh@j@bBrAxD~AjF\\|@pAvC`AlC~@zDvAjElCbIpBbGfCxHH^QVi@v@eBjC_@f@e@b@a@VwOfIe@\\[\\qRt`@}IrQ_ArBUv@gApG}Gl_@oEpVIbAFdA`Eph@VjE?d@GZc@fK[jFk@xDi@rEi@vDBb@Eh@u@zFKv@}@rHMNk@~D]xBU|AQnBSdA[jCg@tBm@hBsBjGgDfKgBlFANETuAdEiBtCmGhJWl@ONw@nA_EnGcJ`N_P~UqBzCkLdQsAvBqCbEyItMuDpFcJrNeIdLkBdDo@bAqDvFkBjCoBpCmC|D}@pBe@dA_@jA_@rASv@]zCQtCHvIRfLX`ITbHLtHBnHKdCEj@O|AWzAq@fEyFrZ}A`I_@lBcBvFu@|BkA`EsCrIgHbT{DhMo@fByAbEeC~HqLrY[r@cCpEeEfGwGjJiGxIe@|@aFlJqJrQeLbTk@dBQtASjCGn@RTvGr@i@~E', 2),
(3693, 860, 'Plein Street', '-26.1998056', '28.0442797', '00:00:00', 0, '', 1),
(3694, 860, 'Beeld (Johannesburg)', '-26.1834365', '28.0082429', '00:00:00', 0, 'xc|~CwkdjDh@fJP~DyCZsKr@qEd@u@H{CZTnCTlEd@|HVpDCb@a@tA[t@a@bBMhBDl@A`A@j@H|@h@xBJf@CZL`Cb@~GJTF~AL|CBh@`@bADPLNTTd@f@JRJd@HnBP|Dp@xLv@lMN~BBXDTQBmBLyCT_F^u@Fc@H_AD}KNa@Dk@RyBv@cC~@eBhAeFfDkBvAm@ZiA`@}@NQB?@ADEDSFYTKRQb@KFC?_ApC_CfHqCtIOt@Gb@YhCMTUPMPERN|ABt@Cv@dCjAEVwAhKeDk@e@CU@GF', 2),
(3695, 861, 'Davidsonville', '-26.1549591', '27.8516564', '00:00:00', 0, '', 1),
(3696, 861, 'Metrobus Roodepoort Bus Depot', '-26.1285999', '27.8442426', '00:00:00', 0, 'tls~Cuw~hDEx@aCWoAyDo@wDE{@Dm@DY^i@d@k@~AiAhAcAf@m@v@mAz@cBz@cBtA}Bj@s@rBqBfCqBS[Ua@KO?}@RcJiGSoI]m@?iBMSe@aAiAmBgBcGsCoD}AMM}Ai@{@\\{Ah@oBt@wC`A_LvDgHdC{@\\}@d@s@d@UXSToEtH_BdCg@h@y@r@k@`@c@RuB`A]J_ATgALYkBiAgFSk@]mAiCjAeAn@w@RsALkKdAaCZ[Nc@`@aAjBi@pA{@hC]hAYn@e@pAm@rBsBjHaBpFiCnI}AbFcAfEa@f@o@^uA`@aAf@_@\\QNU|CMrAaAlJ', 2),
(3697, 862, 'Roodekrans', '-26.1073654', '27.8457956', '00:00:00', 0, '', 1),
(3698, 862, 'Metrobus Roodepoort Bus Depot', '-26.1285999', '27.8442426', '00:00:00', 0, 'r_j~Ckt}hDn@yBj@oBeBy@eAm@eCmA|EkOxBsG~AyEtB{G|@cCb@oAHWh@^|ErClAp@vGpDfNtH`EvBxCvAtAV~AR`Hn@dBNvC^`@Hd@PzHjDxBlAdAn@FJRVRp@j@dCb@`A`@d@TBPNbAb@dAb@jGpBdD~@^FRTvGr@i@~E', 2),
(3699, 863, 'Metrobus Roodepoort Bus Depot', '-26.1285999', '27.8442426', '00:00:00', 0, '', 1),
(3700, 863, 'Gustav Preller Street', '-26.1487592', '27.8362733', '00:00:00', 0, 'jen~Cyi}hDQdBWrCAd@NzBkB_@uDe@p@fLFdAJd@FTNJh@\\dGhAnATnANl@BxBZ~@LnAN|Bh@xBd@fGlA~FbArKrBjOvClGjAjKvBpPzC`Dj@hGhAPwIFoClBBb@J', 2),
(3701, 864, 'Princess Primary School', '-26.1487745', '27.8296854', '00:00:00', 0, '', 1),
(3702, 865, 'Luipaardsvlei', '-26.1077424', '27.7772838', '00:00:00', 0, '', 1),
(3703, 865, 'Metrobus Roodepoort Bus Depot', '-26.1285999', '27.8442426', '00:00:00', 0, 'fdj~CagphDg@vEaD_@`@}D`@oDpA{Lf@oFpAsLh@iFC[Dk@VoBNk@j@qAxDgIj@sApHwOzBmElGuM`CoFxKmUhBiDP_@Xo@Zm@L_@FIFOF_@Ja@Fc@FI\\_Bt@}C|@_I|@wH`@oDDcA?wA@yF@m@|@{Hr@_HzAiN|@cJK}ESsA|@_@l@g@l@_AlDuGdBeD|FwKfIgRtBwFvB_GbAuCn@cC~BkMx@iHDuBBkBC]m@mKO_Ck@aKGmBYcF_@oGI_A?o@BuAj@uHLsABW^FRTbCZrCVi@~E', 2),
(3704, 867, 'Metrobus Roodepoort Bus Depot', '-26.1285999', '27.8442426', '00:00:00', 0, '', 1),
(3705, 867, 'Meadowlands', '-26.2026186', '27.8765626', '00:00:00', 0, 'jen~Cyi}hDh@_FsCWcC[YB]IBWLkAPyBNq@F]XaAZo@Ra@f@}@bKyRzJ_RzE_J`JsMzGsJlBiCrAkCh@gA\\o@bFwLjEsKfCaI`C{Gj@iBpCwJ`H_TbF{ObCqH\\mARsA^oB|@\\`NxF~EtB~D|AxENfFLtDbBjJvEjJ|EdLzFtA`@~@P~BfAfG~CfCvAhGxEzChC`Ar@ZLp@LjDmBj_@kQv@e@~@u@rAkApA{AnJwN`FoHdGeJ^`@^TfBbB|AxAp@`@RHxA`@lAPxABrAIpASdJqBpEiAhCq@lEiAdAS\\CdBEzAFjANpBl@vJvC|Bj@hGhBdWrHxVpHjPzEdBj@hAd@|@f@rDxBrCdBvAz@`An@Xq@Ne@p@iBbB}C@I?Qq@sEw@mFAYCy@@e@RiBgKaBiCc@UfBQFw@h@`A`C]lAi@xAmAU', 2),
(3706, 868, 'Meadowlands', '-26.2026186', '27.8765626', '00:00:00', 0, '', 1),
(3707, 868, 'Deutsche Internationale Schule Johannesburg', '-26.1799808', '28.0198553', '00:00:00', 0, 'pu|~CktciDlATh@yA\\mAaAaCv@i@PGTgBhCb@fK`BPgBFuIBeDYoIIcB@{BD]`AaEjEqQnG_X~BwJ`AyDb@kBhD|@vHfBzLog@jAuEzFcVvB_JZ{AHm@Au@IcC?q@Fs@D_@F[t@sBbDeIl@_BNc@d@qB`@uCJgB@kA?mAOsCKgIGeI@}AJiBNsATgBTsA|@sDvAyD~@oBrAsBtDuEnD}D~BiC|BsCbBsB?EBQ@KKUMUQMsAw@g@Qi@Kk@GiBIk@Gs@MeAe@cAw@_@a@e@q@a@_AY}AOuAEe@EqCKoCM{AE]a@{Bc@iBkAkFYoBM_BMyCGgDQwDQsCIcA_@oDk@}Dq@}DKo@m@iDq@mDiAkGaAqGg@iFK_BKoCE{D?oAH}DNeDToCVqCBq@JgATuBH]r@wGpAcM~@{I`CiUrByRdE}`@vAmNTsBt@iFp@wD\\cBAOAMEMOSSI]I_@CWAIEiAKgCWcEc@kAUy@WkAi@sCyA{@m@s@w@u@qA_A{B_BqDKGIMuAiCq@_Bk@iAm@}AKWCQ{@oAs@{@gA_AeAq@cDcBuCmAqCs@]GG@KAq@Iq@?YABUPoCZyET}CPuAn@}D~BeNVmATq@zA{CzC}FbJeQrHsN`@aALe@P}@Fm@DeBEeA]}B_DcR_@aCk@eES}BI{F[_@i@[k@][c@IWC]_@wEs@sJKQg@qEsA{LMUGYe@iCu@{ESgBUsBY{DK}BOsEO{DMiCDGOgBQiBOgAOo@a@iAS_@k@q@e@_@eAk@eAYs@Im@AkV\\gHNeKf@{DXqBNmE`@kB^eEbAwIpB{KrCkFfAgALy@FkBAeBKoDWu@Cg@?gDP]BKFODqDZmBZaCNaABaACa@Aa@@mBIw@CS@MDSLEFQ`AkAhG_BdJeBdKMr@Ej@[tBi@QeBm@uAc@y@U[Aw@BoAD_@H{@Ze@XFJTd@x@|AiAh@cAd@k@X', 2),
(3708, 869, 'Deutsche Internationale Schule Johannesburg', '-26.1799808', '28.0198553', '00:00:00', 0, '', 1),
(3709, 869, 'Ghandi square', '-26.2066264', '28.0433502', '00:00:00', 0, 'dhx~Cor_jDxDiBy@}Ag@c@A?A?CAA?EEAGBIDCJ@@@rAa@XKZEvBGn@@rA^lAb@LGh@IJEHKR]LE`@gChCyNpCiPNmA`@qCd@wCb@aD?O@Q?a@COIOSOSGQDe@VQRMZKz@Dt@NdBEJLb@Xl@`@p@d@h@p@l@t@`@vAd@dBPj@?pCQdDW~Fa@bAEvA@pBJ`CPtBJd@Ct@?n@EjASjAYlEcApFsA`TeFtBYnFg@bEYnCKpPYnR[d@A\\CpBQrA]l@Ub@YZWz@_At@mAZs@^qAPoAFeB?m@DMEoKE{I?_A?OEOCQAu@?_CDsCP}GCu@M_@SWSKQEy@A_C@eDCa@EMIGU?w@CUEOSKi@A{Gh@uEXmCTUaEfAG', 2),
(3710, 870, 'Metrobus Roodepoort Bus Depot', '-26.1285999', '27.8442426', '00:00:00', 0, '', 1),
(3711, 870, 'Deutsche Internationale Schule Johannesburg', '-26.1799808', '28.0198553', '00:00:00', 0, 'jen~Cyi}hDh@_FsCWcC[YB]IBWLkAPyBNq@F]XaAZo@Ra@f@}@bKyRzJ_RzE_J`JsMzGsJlBiCrAkCh@gA\\o@bFwLjEsKfCaI`C{Gj@iBpCwJ`H_TbF{ObCqH\\mARsA^oBj@cCpHia@b@gCJaAHw@NiC@eBEuDMeFg@iRWiOO}HFsC\\gDv@_ErB_F`@{@fBkCtAsBnE_Ht@{@zBcDdH}KrCwDjIeMZk@bJcN~@uAdAcBfFaItKcPjDeFpLgQ|JgOxD}FnD{FlE}G`A{AlAaBV_@LKxAmERU`E}LxDoLPg@b@uAf@uBj@gEPiBb@yC~@mGCQl@_GNoANqAt@mFNc@He@^qCh@sEj@yDB]j@kLL{C@WEMG}@yEcm@K}A@w@jCaOtFsZtA_IrB{K^qAJ]`A}ApM_XzEyJ~FuLX]`@_@tH_EzFqCl@c@b@k@lAiBn@_A@M@MLm@?G]iAyAmEcDoJ}FaQmIwVq@oBYcAOaAG}@?u@DgAzA_LJsAPoA~AoJNiAHuANqANwApAsJ`BcLvAqKh@cEB}@\\kCDa@Bs@A[UyBIqAUmCkAkLkAiKa@gDGa@g@Ju@Ta@Lu@\\E_@]wCGc@_@iASo@MYi@}@aBmD}BdA{@b@', 2),
(3712, 871, 'Deutsche Internationale Schule Johannesburg', '-26.1799808', '28.0198553', '00:00:00', 0, '', 1),
(3713, 871, 'Meadowlands', '-26.2026186', '27.8765626', '00:00:00', 0, 'dhx~Cor_jDxDiBy@}Ag@c@A?A?CAA?EEAGBIDCJ@@@rAa@XKZEvBGn@@rA^lAb@LGh@IJEHKR]LE`@gChCyNpCiPNmA`@qCd@wCb@aD?O@Q?a@COIOSOSGQDe@VQRMZKz@Dt@NdBEJLb@Xl@`@p@d@h@p@l@t@`@vAd@dBPj@?pCQdDW~Fa@bAEvA@pBJ`CPtBJd@Ct@?n@EjASjAYlEcApFsA`TeFtBYnFg@bEYnCKpPYnR[`AA\\BtDChBHv@P~@^f@^XZ`@d@b@r@Rh@XhAJp@JhAGLJ`DHjCPdGR`EETBVLzAXjDnC~[|A~SABEHT`@n@dA^v@p@|BRbBFjDBlBDf@XzBx@lFzB`N^zB\\nBHtA?~AC\\C^OfA]jAw@~AaHvMyOpZo@tAO^[rAc@`CcA`Ga@|Bo@`EY|C_@nFIr@G~@JNDHLRPXv@PDFz@PjAXz@X`A^bBv@xC`B`Ap@dAbAp@x@Zd@TX\\l@~BbFz@hBb@~@@H?F\\t@t@bBx@rB`AhBf@l@z@r@zAx@|BjAp@T`AVpARhCV`F`@HCP?jA@t@ADINIP?LHFRCRKNE@Wj@kArFMf@e@`D_AfIqC~WaEl`@kCfWuAvNkC|VaArIc@xFM~CChE@|BPhFRpC^hDxAfJrArH`AhFjBhLNtARbCT`DPbFFlCJtBVzCNhAZnAJd@n@rCn@vCPnANfBH|AFrCH|B^rBBJ~@zAj@h@lAl@x@Vx@L~BNdAPlAf@dC|An@FPDNLHP?RCRMX[RU@o@Dk@LOJeAfAkAtAeBpBgDxDoD~DgA`BeBrCw@`Bg@vAa@nA{@rDYbB[lCIfCBtGFbHPdEFnCCdBAf@KpAMnAWvAo@bCeCjG{ApDg@`BKbAGbBDf@B|AGh@_@jBmJp`@kKxb@aC`KqBa@cKgCeAfE{BtJiEfQ_GlV{BjJCjCb@xK?hAKjMQfByDo@wIuAUfBQFw@h@~@xB@RgAzCmAU', 2),
(3714, 872, 'Meadowlands', '-26.2026186', '27.8765626', '00:00:00', 0, '', 1),
(3715, 872, 'Metrobus Roodepoort Bus Depot', '-26.1285999', '27.8442426', '00:00:00', 0, 'pu|~CktciDlATh@yA\\mAaAaCv@i@PGTgBhCb@fK`BShBAd@Bx@@XRxAtAfJAZcB|Cq@hBOd@Yp@aAo@wA{@s@c@}FmDsAu@iAe@o@UkBk@oc@qM{XgIuEuA}Ae@}Bk@wJwCqBm@kAO{AG]?eBHiCj@wIzBmCp@eJpBqARsAHyACmAQyAa@SIq@a@WSeAeAgBcB_@UkGdJaCdDcPlWWR?DCLEFOFOAMEa@C[FSHaAV[Ng[`OgBx@{CbBOHmBPU?Sq@Uk@eA}@{DaDaBxCcAbBYf@_@b@]VsCbAaA\\kA`@_CxAyAj@s@PiATSNwD|@eA^{AbAiBbAsG`DqUnKu@^_C|@{@\\{Ah@oBt@wC`A_LvDgHdC{@\\}@d@s@d@UXSToEtH_BdCg@h@y@r@k@`@c@RuB`A]J_ATgALYkBiAgFSk@]mAiCjAeAn@w@RsALkKdAaCZ[Nc@`@aAjBi@pA{@hC]hAYn@e@pAm@rBsBjHoDrLyCpJcAfEa@f@o@^uA`@aAf@_@\\QNU|CMrAaAlJ', 2),
(3716, 873, 'Kruinpark Retirement Village', '-26.1112233', '27.8577978', '00:00:00', 0, '', 1),
(3717, 873, 'Metrobus Roodepoort Bus Depot', '-26.1285999', '27.8442426', '00:00:00', 0, 'vyj~Cm~_iDLc@{C{AsDlK}@pC~CnBlK~F~@f@rOnItC|AfBv@p@^r@Px@JhBRdGh@dCTrCb@`J|D~D|BZb@j@zBRz@b@`A`@d@TBl@^lBv@bJtClBb@RTbCZrCVi@~E', 2),
(3718, 874, 'Azaadville', '-26.1719917', '27.7505316', '00:00:00', 0, '', 1),
(3719, 874, 'Metrobus Roodepoort Bus Depot', '-26.1285999', '27.8442426', '00:00:00', 0, 'zuv~Cy_khDd@gK~Hl@DDFBzBNhCXJ@bCP|ANRFJLLVPn@|@vC`AlCN\\JNXPHRMpBUnChCq@hBe@xGaBxCu@bAKt@EKkB[kGAI?I?K@EEeB[cEUeCG{ASuDY}Ck@}Dk@iCQaAEACCIU_C_LkBqJ@UEMkDeQeBuIiJ{c@aDuOaKyf@kCsMYaBe@iDi@iFQeBYaHI{EBeFHwDLkDLgCz@yPTsBj@qDpAkIn@iEbE_W?e@NgAp@sDjBuLdAyGxA{IP_@NwATmBN{CH_DEwVAiDCmBQ_Be@eBSe@_A{Ag@q@aH{I{BcC}JeMwBoCQUISqCiDw@eAg@aAe@sAe@yBASKUEs@AeAFwBFw@{@wBsAwCO]UYu@k@SG_@IQCaFKcAAu@AwAAoKQ{IIwEEcLKcLMyPUgKG}@?k@Am@Eq@EyDu@sCk@wBa@oKuBeEs@kKqBiEy@aE_AkGgA{UuEmKoBqH}AgAO{DaAaB[gDg@g@USC}AUaBY{E}@_@Ew@IC{@]uG_@oGI_A?o@BuAj@uHLsABW^FRTbCZrCVi@~E', 2),
(3720, 875, 'Metrobus Roodepoort Bus Depot', '-26.1285999', '27.8442426', '00:00:00', 0, '', 1),
(3721, 875, 'Azaadville', '-26.1719917', '27.7505316', '00:00:00', 0, 'jen~Cyi}hDQdBWrCAd@NzBkB_@uDe@p@fLH`BVlErApVBbCMlDq@pF}AjIa@dCa@vAsBjGyDdKiJrTyEzIUb@cIfO_@^GPCL?TBLHPf@\\~Ap@jAf@`A\\Qd@o@jDo@bEGb@Y`CBLEh@SpA[lBcA|Hw@xFQf@Gz@QzDSbF{@hTQbE@L?PFtA?fA@PC`@DtBL`CPtCLdDA|@Cb@oArFmAxF_BdHsCzLy@zCoDjO{DrPS|CUdE_@vJWrF[hFqBpM[fCa@dDQnDdQjAfHf@vDJzD@HFlEIpDKzLYrGGLExCGhACtCE|AAtAFnBFvALNHJ@jAJhDj@zAVdAXxBl@zAh@`A\\THxDnBlDzBtExD|DnEfAzA`CjDr@hAhBdCvC|CdCpBPDrCdBzDzBjBlA~EvB^VjBp@bD|@tEbAtATfGl@\\CtCP~E`@pCPbF^PFzJj@PCnKh@pKx@LFlG`@jKn@ZCnDRdBHhCNCXKdBMpCuBj`@WjETd@NT`@`@`LdAhIj@rHr@~Gh@U|E_@zG`DPdHl@TwE', 2),
(3722, 876, 'Florida', '-26.1794173', '27.9161125', '00:00:00', 0, '', 1),
(3723, 876, 'Ruimsig', '-26.0819964', '27.8633774', '00:00:00', 0, 'jdx~CyjkiD|DjAx@wDZwAnGqYPeAiCe@i@Q_ASyAOwABWAgB[oOmBaEc@yGaAUkBy@iIcCyUmBeRQkBoAmLm@eGKOa@uCUWPk@l@iBf@uBZkCReAPoBcB}@{@Y{@MqB@oATwAb@eEzCiEdDyC|B{DzCmFzD}C`CoDjD_@^gD`Ew@pAwC~E_F|IgArBiAjBq@bAeBrBkCvBsAz@qAx@aBr@iFbBoInC{PrFmH~B_WbIg@NsAn@s@^k@^WHcAn@iErBsDpBaSjLuBtAsAr@cH`EgAj@oF|Cw@d@oC|AkC~AuBlAcElC}AhAwCdCaGlFwAbBi@j@qCbDgFxGeFpGm@t@s@lAs@x@o@~@_GpHeMbPuNpQuE|GQJoB|CoAbC}AxCqAvCkAxC{AjEuDpKwE~JW^Qf@}@nAsDhFsAfBmAvAu@t@uCdCkBfBuC~Be@RWReDnBoDpBiCxAgDnBsGzE{NrLiO~L{CzBmFpEg@b@eFzDOZuB`BiFnEwAjA}AfAgA~@MP_Ai@iEsBgAk@yCcBy@a@U\\oAjBCT@NLLDBz@f@h@j@`@l@FR?^Ul@MVSP_@XuMhGcKdFiLzF_B|@tBhDPl@s@r@', 2),
(3724, 877, 'Westgate Shopping Centre', '-26.1401993', '27.8607578', '00:00:00', 0, '', 1),
(3725, 877, 'Metrobus Roodepoort Bus Depot', '-26.1285999', '27.8442426', '00:00:00', 0, 'hpp~Cmo`iDTMB?HFt@|A[NYN]Lm@HiAEUBs@Jk@RSPa@NiB|@u@f@a@Lo@LgK`AuBVwAR[Nc@`@]n@mAlCaBbFiA|CsBbH}AnFmAbEwDzL{@vDUf@k@d@c@Rs@Rm@Tk@Z]ZSP]pEgAlK', 2),
(3726, 878, 'Allen Glen High School', '-26.1204007', '27.9205342', '00:00:00', 0, '', 1),
(3727, 878, 'Metrobus Roodepoort Bus Depot', '-26.1285999', '27.8442426', '00:00:00', 0, 'rsl~CifliDOKb@}@hCyE|BuEp[jTpFrDtFzDPFpErCXTh@\\tBpAx@b@hDfCnDfCX\\l@f@Zb@dBtAtBrBhF`FpE|DDNf@b@vDnDd@`@ZZn@|@j@nA`@`Bh@xDt@lGHRZtADB@B@J^~AAJZdAJb@@Bh@jBD\\BlBBvFBbB@?BBBHALIDKE?A_AlG@L_@pBCJ@?@@@@@F?FEFA@LtBTxBGTLjBd@xGF\\FJFNb@^^Vd@RKVu@vBaAjBi@f@y@n@[j@ALG~@K~@Qp@M^a@t@_Ax@{@d@gA\\qHtAiK|AkIjAm@Le@RcAf@gAj@g@h@m@j@Wj@g@|@YtAQvASdBMh@]fB_@xAuArCo@nAa@p@c@^YV[XWVgEvDg@j@_ApB}BdGw@|BmC~HMb@sArEOp@K~@Gt@QjFInFAnF?zBCfEGhBWdCU~AqA~Ga@rBoA`Gk@xBm@nB_D|Hs@fByEzLgEtLkDnJ]dAyDnLk@dBYrAuBxJi@dC~ARvD\\nE`@vC^`@Hd@PzHjDxBlAdAn@FJRVRp@j@dCb@`A`@d@TBPNbAb@dAb@jGpBdD~@^FRTvGr@i@~E', 2),
(3728, 879, 'Metrobus Roodepoort Bus Depot', '-26.1285999', '27.8442426', '00:00:00', 0, '', 1),
(3729, 879, 'Hoërskool Roodepoort', '-26.153605', '27.8727663', '00:00:00', 0, 'jen~Cyi}hDh@_FsCWcC[YB]IBWLkAPyBNq@F]XaAZo@Ra@f@}@bKyRzJ_RzE_J`JsMzGsJlBiCrAkCh@gA\\o@bFwLjEsKfCaI`C{Gj@iBpCwJ`H_TpCwI`@PvF|B|CpAZRh@n@~AbC`C~CxHqGzFeFLQ`DvC|ChC|CzCdDrC`A~@[dASNa@D', 2),
(3730, 880, 'Metrobus Roodepoort Bus Depot', '-26.1285999', '27.8442426', '00:00:00', 0, '', 1),
(3731, 880, 'Wilro Park', '-26.1169908', '27.8516564', '00:00:00', 0, 'jen~Cyi}hDh@_FsCWcC[YB_Be@iBi@kGqBmAg@w@_@a@e@a@e@c@aAk@eCSq@SWGKeAo@yBmA{HkDe@Qa@IwC_@oEa@wD]_BSa@Ed@}B', 2),
(3732, 881, 'Wilro Park', '-26.1169908', '27.8516564', '00:00:00', 0, '', 1),
(3733, 881, 'Deutsche Internationale Schule Johannesburg', '-26.1799808', '28.0198553', '00:00:00', 0, 'b~k~C{w~hDdBiIh@qC~F_QpB{FdGoPnDkJdAiClD_JPa@xAiFfBiIxAcIb@iCNmAJwBAcI?cDNaKD_DFg@LoAvAwEhAsD|@sCpBoGtD}ITYvDwCpBkBn@s@xAuCb@}@p@mBh@qCh@yE~@iCvAgBnBuAjCaAhBWdXcEjCc@`AUd@Ul@c@Z]\\g@HMZ{@LiACq@C_@PIr@e@tAiAdAoB`AoCnE{MdAqCdF_Ol@y@p@k@b@QXMh@Oh@AdABz@Hn@@v@V|AT`C`@NGf@?d@K`@]p@iBr@_Br@_BlC_EhGiJxAoB|@mAxHyLnCsDxFuIlB{CpLkQvA_CfC{DxG}JnDmF~CwE`KcOfRgYzDgG\\o@pFiIZi@tAkBLKDMzAiEJKfBmFrAeEtDaL~@uCf@uBZkCReAPoBT}A\\yBj@_ECQt@kHL}@z@cGBa@Nc@h@wDh@sEj@yDZkF^kJB[CQE[KyAi@_H}Cq`@UkC?_A^}BvA{HfIgd@|BeMf@sBPc@@KRWbAiBnF{KpHoOnJwRX_@\\]pDmBfEyBdD_Bf@YXU`@c@hAcB|@sABUJk@@O{@oCqEyMaFcOwLc^WsAIeAAo@@eAJ{@r@aFb@kDBi@Ho@tAmI`@gCLkBXoCpBeOxCwSl@}EDaAf@gEAu@O{AUkDsA{McBcOYyBaATsBv@g@kEI]Ww@Uq@w@yAaBmDiAh@cAd@k@X', 2),
(3734, 882, 'Lindhaven', '-26.1457737', '27.8501912', '00:00:00', 0, '', 1),
(3735, 882, 'Metrobus Roodepoort Bus Depot', '-26.1285999', '27.8442426', '00:00:00', 0, '|rq~Cgq~hD{@WiDkCgHwFgDaC_@Ow@_Mq@{KMuAk@`@yCtAgAZgARU?AU{AkHKc@Ws@Ss@a@NiB|@u@f@a@Lo@LgK`AuBVwAR[Nc@`@]n@mAlCaBbFiA|CsBbH}AnF}CbKgBzF{@vDUf@k@d@c@Rs@Rm@Tk@Z]ZSP]pEgAlK', 2),
(3736, 883, 'Sunninghill', '-26.0323925', '28.0742249', '00:00:00', 0, '', 1),
(3737, 883, 'Metrobus Roodepoort Bus Depot', '-26.1285999', '27.8442426', '00:00:00', 0, 'zk{}C_gjjDD{BEiCC[uA@sK\\{Qj@QdJKfDQzC_@tGxCVnCRlFb@jFb@LCdBJbDPrAJ_@fAkSvl@@b@JXLPtElAj@TVHjB^j@LxBNdAAxBOdHqAxB]fBO`A@fALtI`AtCVbGp@CvAId@{AxDO^Sr@Qv@QbAOrBMpFGvEAJKN?f@A|@MlIc@fLInAu@zFaBlJs@dFShAc@fC_@hB}AxJmCtPG`@uAfHcB`KId@MlAc@lFGlACjAEzA@vC?pA?f@@r@RxDThDb@vDnCpPnAlH`FtZvAbIxAzHp@tCf@~B|BdJj@zBBHtBxHzB|H`AlCbAdCt@|AzAvCpAvBrAfBvClE~Z``@vDvElWp[|LjO|U|YzSdW|N|QzDdFfBnBrAnAhC`CjBxArDbCzQfKvGdDpCzAxGnDdCfAh@NNDrDhAlI`B`Ep@xHlAbFx@zCb@xGbA|[rFjQhCtKfB`Cd@`Cp@jAZhDhAnF`ChDbB~@f@`KfFfQpIpKpFlEtBh@XdAd@TTrCtApCrAbHfD|BnA|@h@dFrD`@ZfB|ArBlBtDbEvFjGzJlLzMpOdIlJfDxDvEhFpDrDdDjCrCpBlPnJdSdL~_@vT`B|@v@b@`ItDpOhGbFrB`FpB|EnB~@^LAP@b@LdAb@jHrCbBr@pDdAlCx@~ANtBJhABVJKhCCrAIbC@f@?jAMbDCjAErCEr@GNa@bAs@|@Q`@_@f@m@hAOh@u@rCUt@Yz@O`AAdATfA`@v@HFh@b@x@^~ARdANbBR`Cd@|ALnB^zB^d@NpBbAfAb@b@JhBZzAv@\\TjC~Bt@t@TTKRyItMuDpFcJrNeIdLkBdDo@bAqDvFkBjCoBpCmC|D}@pBe@dA_@jA_@rASv@]zCQtCHvIRfLX`ITbHLtHBnHKdCEj@O|AWzAq@fEyFrZ}A`I_@lBcBvFu@|BkA`EsCrIgHbT{DhMo@fByAbEeC~HqLrY[r@cCpEeEfGwGjJiGxIe@|@aFlJqJrQeLbTk@dBQtASjCGn@RTvGr@i@~E', 2),
(3738, 884, 'Metrobus Roodepoort Bus Depot', '-26.1285999', '27.8442426', '00:00:00', 0, '', 1),
(3739, 884, 'Sunninghill', '-26.0323925', '28.0742249', '00:00:00', 0, 'jen~Cyi}hDh@_FsCWcC[YB]IBWLkAPyBNq@F]XaAZo@Ra@f@}@bKyRzJ_RzE_J`JsMzGsJlBiCrAkCh@gA\\o@bFwLjEsKfCaI`C{Gj@iBpCwJ`H_TbF{ObCqH\\mARsA^oBj@cCpHia@b@gCJaAHw@NiC@eBEuDMeFg@iRWiOO}HFsC\\gDv@_ErB_F`@{@fBkCtAsBnE_Ht@{@zBcDdH}KrCwDjIeMZk@bJcN~@uAdAcB?u@AYUSmCcCo@c@{@a@u@O}@Qq@So@[aBu@y@[yEw@}@MgC_@o@IqDm@{ASy@c@o@k@S[Q]UgACeAP_A^{ANk@TeAh@sB\\}@Ra@pAcBLS`@{@LoABg@Bo@BkAEiANmEUq@MUKSw@g@kCaBsGiEmBeA_DwAsCoAuBy@e@SQUiBu@kFsBq@WuGeC_@OyBy@cW{KqBiAm@[{WsOsa@wU}KuGcCeBiByAyCuCcAiAaEsEaHaI}IgKoFkGeE}EsDaEqHuIeEyEcAcAyDkDgCoBgBkAcC{AmE{BeGwCgI}DoQ{I_HcDcV_Lg@WkKuEgEgBcFuAmIqA}B]aEq@{F{@{OkCuU_EwHmAwF}@yEu@{KoBiCm@gDcAeAa@u@SaBq@eHoDcCoAq@_@qC{AwFcDuG{DkC}A{F{DsAeAmAkA}AyAwCkDoDkE{EaGoG_I}Xo]oQ_UgN_QqCiDgJ}KuHoJqE_GiZ}^qBsCuCcFSg@{@gBg@kAaAcCiAiDkEkOiCmJUw@}AuGmAaHiJkj@YuBUcAk@cDUwAcAoGO_A]_CQiBWgDAk@OqCEgCA{BDeC?SPgE`@}ED[T{Bl@kDN}@Hg@tBmMxCeQtFg]`AyFPmAFcBN{APmCVgFF_D?yAGgDBaBF}GHmE@i@IMACG]QYSOWIc@E[A?KLuAJmAHwA]iBQ_AE}@Se@GIGI_@EkFm@}@EkACuAFeBTgDf@aDv@mBNsADi@AsASs@QQ?YIyDaA}Cy@iBe@Fc@Tk@hQch@r@sBASA]GQUSQK_AIiCUMGwFe@mIq@}D[p@qLRaIHkENAhFQbOc@rHWRB@JDjAAvCAp@', 2),
(3740, 885, 'Quellerina', '-26.1580471', '27.9386367', '00:00:00', 0, '', 1),
(3741, 885, 'Metrobus Roodepoort Bus Depot', '-26.1285999', '27.8442426', '00:00:00', 0, '`_t~CiwoiDKRLdEBlAH@n@@\\Df@Lt@f@nB~CfBcFpAsDj@mBbB{FhB}GXi@tCuCz@{@r@a@fCy@xBe@TEBZXzAPj@d@nAl@vAbBlClBdDxAhC`CrEFN@V~@tAZp@Dz@StJb@xKZ~FTn@\\h@TXv@j@XNOP_ClD}BhDWl@ONg@v@_BhC{A|BsFlIwInMgL~PuLvQ_AzAeDxEqDvFiJbNcJrNeIdL{B|DqEbHgDvEwCjEi@v@i@hAy@lBu@dCQp@_@vBUfCEpABbENtJLnFTfHTrG@tALtI@nA?hBGpBEj@_@zCu@lEWbBoBnKmAjGcApFq@`DUxA]`BSp@sBxG}AjFmGjRmDjKgDtK[bAaCzGeC~HwEjLsFxMaClEoBpCyAzBaGlIeGtIi@x@kEnIaFhJyCxFmKvRy@~Ai@xAKv@S~BOdBRTbCZrCVi@~E', 2),
(3742, 886, 'Metrobus Roodepoort Bus Depot', '-26.1285999', '27.8442426', '00:00:00', 0, '', 1),
(3743, 886, 'Pick n Pay Hyper Princess Crossing', '-26.1299218', '27.8489237', '00:00:00', 0, 'jen~Cyi}hDnAaMT}CPO^]`Ag@`@Mr@Sn@_@`@g@r@{Cd@_B~@}CuB{AA?CBMBo@tAr@f@DPENwAlCI@', 2),
(3744, 887, 'KFC Jabulani Mall', '-26.2502698', '27.8573609', '00:00:00', 0, '', 1),
(3745, 887, 'Metrobus Roodepoort Bus Depot', '-26.1285999', '27.8442426', '00:00:00', 0, 't~e_Da}_iDc@@yBB?n@iCDGtDGzBQvI?TiBKmDa@s@QyFgBc@SuI{D_PiHaAc@kFeDmCaB_Ay@wEyEwEmHo@sAi@gA}BcGe@oBSqBUkBQqCQ_DCaBAgBKeA_@aBgCyIi@}AoBgGaA_DUo@Yi@u@{@{@w@i@MK?UBs@`@}@b@kAj@qFxBsBr@s@PkBNaAAaAI{AUcDg@aAGq@@sALyB^kGdA{Cf@uBVgGt@oBNcStBuCXqE`@oIz@qHl@c@Dc@?eADwBAw@Gk@KaCm@cAa@iHgEcHiEaI_FsDyB}@g@iAe@eBk@kP{EyVqHeWsHiGiB}Bk@wJwCqBm@kAO{AGeBD]BeARmEhA{IzBeJpBqARsAHyACmAQyAa@SIq@a@}AyAgBcB_@UkGdJaCdDuElHmI~MMLID?B?DEJEFQDOAGCQC_@?a@NaAV[Ng[`OgBx@{CbBOHmBPU?Sq@Uk@iCyBwBeBaBxC}AjC_@b@]VsCbAaA\\kA`@_CxAyAj@s@PiATSNwD|@eA^{AbAiBbAsG`DgJdE_LhF_C|@{@\\{Ah@oBt@iJ~CcH`CqE|A{@\\}@d@s@d@UXSTiCnEeAdB_BdCg@h@y@r@k@`@c@RuB`A]J_ATgALYkBiAgFSk@]mAiCjAGD}@h@w@RkIt@sC\\aCZ[Nc@`@aAjBi@pA{@hC]hA_A`CgBdGgBhGcChIaCvHe@~As@zCa@f@o@^s@Ra@LaAf@_@\\QNU|CMrAaAlJ', 2),
(3746, 888, 'Metrobus Roodepoort Bus Depot', '-26.1285999', '27.8442426', '00:00:00', 0, '', 1),
(3747, 888, 'Soweto', '-26.2485377', '27.8540323', '00:00:00', 0, 'jen~Cyi}hDh@_FsCWcC[YB]IBWLkAPyBNq@F]XaAZo@Ra@f@}@bKyRzJ_RzE_J`JsMzGsJlBiCrAkCh@gA\\o@bFwLjEsKfCaI`C{Gj@iBpCwJ`H_TbF{ObCqH\\mARsA^oB|@\\`NxF~EtB~D|AxENfFLtDbBjJvEjJ|EdLzFtA`@~@P~BfAfG~CfCvAhGxEzChC`Ar@ZLp@LjDmBj_@kQv@e@~@u@rAkApA{AnJwN`FoHdGeJ^`@^TfBbB|AxAp@`@RHxA`@lAPxABrAIpASdJqBpEiAhCq@lEiAdAS\\CdBEzAFjANpBl@vJvC|Bj@hGhBdWrHxVpHjPzEdBj@hAd@|@f@rDxB`I~EbHhEhHfEbA`@`Cl@j@Jv@FvB@bAK`@IvBUtD[pAMpGu@j@ErO{AbAKrMsA~JiA`BYbKgBxB_@tAEfBJx@J|B`@|ATbB@v@Ep@Kj@QTGrEeB|CsAlAo@tAs@NMxA`A`A~@|@`B`@hA~A~E~@pCj@|ArC`KNjAF~@BfBBfBP~CVnD`@zDh@rBjB|En@xAt@xAlElHnElEnAdAfC|AvA`ApCdBlChAjBx@vAt@tJlElEjBp@XpAd@vDjAr@RfD`@jBH', 2),
(3748, 889, 'Soweto', '-26.2485377', '27.8540323', '00:00:00', 0, '', 1),
(3749, 889, 'Roodepoort', '-26.1472785', '27.9010334', '00:00:00', 0, 'jte_Duf_iD?NiBKmDa@s@QyFgBgEkBsNuG_H{CkFeDmCaB_Ay@wEyEwEmHo@sAi@gAs@kBiAwCe@oBSqBUkBQqCQ_DCaBAgBKeA_@aBgCyIaAsC_CuHo@kBYi@u@{@{@w@a@KSAUBs@`@}@b@_CfA}D|AsBr@s@PkBNaAAaAIoDm@oAOaAGkABoBXiGdAaFx@}JlAqMnAwJdAgIt@yGp@{CTuCVc@Dc@?eADwBAw@Gk@KaCm@cAa@_CsAmFaDuHyEiKmGsAu@iAe@o@UkBk@iU{GgQiFo[iJ}Ae@}Bk@wJwCqBm@kAO{AG]?eBHiCj@kFtAkBd@mCp@eJpBqARsAHyACmAQyAa@SIq@a@WSeAeAgBcB_@U_@a@`CuDvDmGbBeD|BmEdAoCz@}Cn@iCZuAx@sEtBuKr@eD`@kC\\sBb@}DbB_Nj@oE~@iEvAsFo@MwBYqOoBkCUcEa@{Dg@gGu@oYsDkGs@aCUgAUo@Sm@MsHaAsHaAeH}@cGu@_Ea@gDe@{A[uBo@qEm@}B]wIeAcM}AiKuAkC]mBQsAO[J_@LSHqDvFgDvEwCjEi@v@i@hAy@lBgAvD[I', 2),
(3750, 890, 'Helderkruin', '-26.1241653', '27.8692376', '00:00:00', 0, '', 1),
(3751, 890, 'Metrobus Roodepoort Bus Depot', '-26.1285999', '27.8442426', '00:00:00', 0, 'xkm~CoebiDfAmGP_BHeB?qAAgE?mEJ{HZBtBN?H@hA@vB@dHBnFQfDk@pDq@tCGjB?`AG^a@fA]~@g@jBAFDTLLzCjAm@nBbDjAND\\BjFErDFnALlA\\d@b@d@~@DXFj@EbA[hCo@rFCn@B^Pt@dHrO`CnF^x@f@n@vB~A`BdAfAn@j@b@IVm@dBq@~B{BzHiAxDkCpI_BnFo@rCUf@k@d@c@RaBh@k@Z]ZSP{@~Ji@~E', 2),
(3752, 891, 'Ferndale', '-26.0875503', '27.9922582', '00:00:00', 0, '', 1),
(3753, 891, 'Panorama Primary School', '-26.1345831', '27.9238423', '00:00:00', 0, '~ef~CeeziDx@HRaC`BuQjLnA`Gp@TBm@bHIzAy@lIIpA@hALnAvB`LdBfJ`@jCb@dCh@hBn@dB^rAXnBBpAM|A]dB[nAaExOyBrIkEtPYnAAp@Bh@Jd@lArD~AtE\\hA\\fBJjABrBEbB?rCMnIY`O?hBKbG?fBHhA^vB^zBdAlGb@zBTz@f@lA|@hBtApBV\\xAhBb@\\l@^h@T~@`@`DrAdAb@hChAlAx@`@^l@bAZv@\\xAnBQt@@fAVnAb@|A`B~AbCLRNJ\\T\\JnBp@fAp@pB|CrCxEXRzBfD^Pf@?d@CfF}CjNiInOyIdBxDzAzCtClFjBfDrB`E`BhDp@hAfBbDrA~BlCbEtAfCt@bB~@|BhA|CbBbGz@vDRrARdB^lFFnANjF?tBAzAz@J|EnArATvATr@PjBt@v@NdDx@nA\\`Dz@jDz@t@Lt@DnAF|BJvELpGPfCH@hCJ|IfCYHB^NtCfBlClB|GzEv@b@HNp@tAbDlHWNC@IS', 2),
(3754, 892, 'Panorama Primary School', '-26.1345831', '27.9238423', '00:00:00', 0, '', 1),
(3755, 892, 'Allen Glen High School', '-26.1204007', '27.9205342', '00:00:00', 0, 'llo~Ce{liDHRBAVOcDmHq@uAIOw@c@}G{EmCmBuCgB_@OICgCXsE\\yDV}CVsIp@iD?{BLa@BC\\S`Ci@zFOdAIb@OZ_BrCsBdEOI_AlB}@fBiCxEc@|@NJ', 2),
(3756, 893, 'Allen Glen High School', '-26.1204007', '27.9205342', '00:00:00', 0, '', 1),
(3757, 893, 'Randburg Centre', '-26.0913463', '28.0068197', '00:00:00', 0, 'rsl~CifliDOKb@}@hCyE|BuEuGqE}@q@g@g@Yc@]{@]w@q@wCUkBa@kIOsCe@mKIuCG_E@kD?qAE{CIiCWeEYsDSsA[}Au@cDaAgDcAyCeCiGo@mAqCqEaA{AuAcCaB}CeAiBaDwGoC_FsDeHcAqB{@qBiDlBmJrFqJxFqK`GQN_@Ok@gAqBwCKa@sCyEqB}COMu@c@w@WwAe@m@a@_@m@mAiB}AaBoAc@gAWu@AkAJy@Ji@gBUi@e@o@_@e@aAs@k@[cFwBiEgBk@Y[W][y@_AwC{D]q@u@oBk@sBwAuIk@uD[cCEs@?_A@cAHoELsIXkSBcC@oDCs@]qBw@sC_BmEcAcDGe@?u@Dm@Lm@ZiAxAyFvFwT`D{Ld@gBPaAJ_B?eAM}ACQg@wAi@yAw@kC]wB_BeJeCoM_@uBIaBFeBz@mJrBcVmI_AyH{@c@G^iEt@iIxBmVZwDXaERmCE]@WN@tFl@BG@KDa@', 2),
(3758, 894, 'Village Main', '-26.214211', '28.0500779', '00:00:00', 0, '', 1),
(3759, 894, 'Gandhi Mall', '-26.2072982', '28.0432846', '00:00:00', 0, 'h~~~CooejDEHEdAAP{@KqD_@OCAxB@|H@nABfE@`@DPPp@Hd@LrAAhJEx@q@rDUjAAj@AXG?OCQGs@k@y@o@IEIAkAAqFAwF?gEZmBNIkAY{F', 2),
(3760, 895, 'Witpoortjie', '-26.1631828', '27.8252814', '00:00:00', 0, '', 1),
(3761, 895, 'Metrobus Roodepoort Bus Depot', '-26.1285999', '27.8442426', '00:00:00', 0, 'v`u~CyqyhDcAbCeDwAgEuBoLoFmNuG}Au@bBuDsCsA_F}BaDyAcHeDdAuA`@w@J]A{@Eg@sDEqGAk@Am@Eq@EyDu@sCk@wBa@oKuBuFaA{IcBiEy@aE_AkGgAmIcBuQiDeEw@qH}AgAO{DaAaB[gDg@g@USC}AUUEgHqAwAOGmBYcF_@oGI_A?o@BuAj@uHLsABW^FRTbCZrCVi@~E', 2),
(3762, 896, 'Ruimsig', '-26.0819964', '27.8633774', '00:00:00', 0, '', 1),
(3763, 896, 'Metrobus Roodepoort Bus Depot', '-26.1285999', '27.8442426', '00:00:00', 0, 'hee~Cu`aiDr@s@Qm@uBiDNI`EwB|FuCvE_C|DoBtN{Gz@q@`@{@BS?KCQa@q@o@s@aAk@GEEO@WlAmBVa@DKx@^`Ah@|CbB|BhAtCpA|@^rHzDvCrAj@b@dB~@pRrJbPbIh@Rb@HZBdAE\\Iz@[VSd@i@t@gAxDeF`AiA`@]t@c@TKrBo@x@KpAEfDDnB??Z?tA@~C?~C?~CDxLFvGFvBPtBJ|APnAn@nClAbDlBnCfAbAh@^|ErCdInEzDvBlOhIxCvAtAV~ARvD\\nE`@vC^`@Hd@PzHjDxBlAdAn@FJRVRp@j@dCb@`A`@d@TBPNbAb@dAb@jGpBdD~@^FRTvGr@i@~E', 2),
(3764, 897, 'Metrobus Roodepoort Bus Depot', '-26.1285999', '27.8442426', '00:00:00', 0, '', 1),
(3765, 897, 'West Ridge High', '-26.14413', '27.87264429999999', '00:00:00', 0, 'jen~Cyi}hDh@_FsCWcC[YB]IBWLkAPyBNq@F]XaAZo@Ra@f@}@bKyRzJ_RzE_J`JsMzGsJlBiCrAkCh@gA\\o@bFwLjEsKfCaI`C{GDQTJ`A\\`@?b@Kf@YlCgCDm@`@qDZF~Ej@L_@', 2),
(3781, 898, '5 Impala Ave', '-25.8608484', '28.2195732', '00:00:00', 0, '', 1),
(3782, 898, '6 Springbok Rd', '-25.8612044', '28.2216269', '00:00:00', 0, 'x_z|C_qfkD\\WfAIb@CNAGwBOwCAc@GSEOIIMCKC_Bt@mBf@cAXyA^}C`AcA\\qBl@CY\\M|Ae@HCbEuA~H_C', 2),
(3783, 898, 'Dooringkloof Mall Botha Ave, Irene', '-25.85531', '28.21849', '00:00:00', 0, 'l`z|Cs}fkDvBu@LxALrBfAhXFzB@R_@?Ae@GuAe@sLWmHOwCAc@GSEOIIMCKC_Bt@mBf@cAXyA^}C`AcA\\yLpDoFdB', 3),
(3784, 898, '80 Amkor Rd', '-25.8429459', '28.2140067', '00:00:00', 0, 'nzx|CamfkDgPzFkCt@cG`B{Br@qHlBkNtDiL~CcEfAIc@j@Q', 4),
(3785, 898, '50 Botha Ave', '-25.8352531', '28.2100744', '00:00:00', 0, 'pmv|CcpekDpEmAfFwApFyAtMoD`EaAXIJd@sBd@qQzE{JnCcKjCoJnBqCv@{@VuGrC{CnAiFrBoCpAqAj@', 5),
(3786, 898, 'McDonald\'s Lyttelton Drive-Thru', '-25.82845309999999', '28.2066174', '00:00:00', 0, 'x|t|CeydkD}EdB_FnB{CrAsDtA}J|Dk@^QREd@Tr@d@zAQDW?I?GEGKe@eBKK_@AWD', 6),
(3787, 898, 'Hofmeyer Road & Botha Avenue', '-25.82061', '28.20464999999999', '00:00:00', 0, 'vrs|CwcdkDb@EVBJNf@hBLFJ?P?e@yAI[QWWQSGGAWHcAX_Cp@iAT_@@_A@iAEgAEiAAo@Fk@Hm@NcFhBgC~@{ChAgE|AqDnAWoAYK]Dh@i@Ln@DRF\\`@OVG', 7),
(3788, 898, '329 Botha Ave', '-25.815234', '28.202724', '00:00:00', 0, '~ar|CquckDtBq@|GcC|CiA|DyA~Ai@v@U`AIdAAxBJfB?bAIf@K|Bo@jBk@RIRGDT_@LWHaD`A}A`@w@FkABeEM}AH_ATsI~CkC`AgFjBmC`AsDhAqF`BwD~@gCp@_E~@kA\\kInB{HlBkMvCcFpACo@r@OrIeBlH}AdM_D`Cm@', 8),
(3789, 898, 'Botha Avenue', '-25.80947444424778', '28.20042967964112', '00:00:00', 0, 'n`q|C}hckDfAYF\\QDkInBe@LqNhDcJtB', 9),
(3790, 898, '8 Fountains Rd', '-25.7838728', '28.1945306', '00:00:00', 0, 'd|o|Cu{bkDoCv@mGtBmIfDcEnAgBd@kCl@iIvAuAT{B`@{OnCsDl@mE^iAFe@?gA?aA?wDWmHg@S@sELmBPeANu@Lq@PcCv@mD~@yGlBkJnC{Af@c@Li@^{B~@uBd@_C\\wBL[BUJUT@l@DzABhADv@Hh@\\tA`AjBhB~Ct@`BTr@i@HIU]cA[u@Yi@iBwCm@qA[mAIs@EcAAwAEqCE{AG}A\\?bLgBhAU', 10),
(3791, 899, 'Fountains Valley - Christina de Wit Ave & Eeufees Rd', '-25.78179', '28.19344', '00:00:00', 0, '', 1),
(3793, 899, 'D.F. Malan Drive', '-25.8089865329655', '28.20060936244687', '00:00:00', 0, 'doj|C}oakDlAIxBWrAWtGmAx@O`FoAjHkBjEmAxEuApFmA`@GvAQdCK~IF|AB`EAhEQdBKdD]pE{@jGwAj`@mJbGyArAWbFcApDw@_@M', 2),
(3794, 899, '325 Botha Ave', '-25.815822', '28.202973', '00:00:00', 0, 'dyo|Cy|bkD^LrIeBlH}AnCs@~NsDn@Q', 3);
INSERT INTO `route_map` (`id`, `route_id`, `pinpoint_name`, `latitude`, `longitude`, `time`, `fare_amount`, `polyline`, `route_order`) VALUES
(3795, 899, 'Hofmeyer Road & Botha Avenue', '-25.82061', '28.20464999999999', '00:00:00', 0, 'fdq|CijckDrJeCpHoBxFiBVG', 4),
(3796, 899, 'Lyttelton Pharmacy', '-25.828784', '28.207244', '00:00:00', 0, '~ar|CquckDtBq@|GcC|CiA|DyA~Ai@v@U`AIdAAxBJfB?bAIf@K|Bo@jBk@RI', 5),
(3797, 899, 'Centurion', '-25.83495', '28.21082', '00:00:00', 0, 'zts|CgfdkDrMgFvIoDdMaF', 6),
(3798, 899, '80 Amkor Rd', '-25.8429459', '28.2140067', '00:00:00', 0, 'l|t|CazdkDjNwFrF}B|D{A`Cu@~A]dBi@pDw@jCy@', 7),
(3799, 899, 'Doringkloof Link Apteek - Baby Clinic', '-25.855601', '28.218705', '00:00:00', 0, 'pmv|CcpekDpEmAfFwApFyAtMoD`EaA`LaDbK_D`EsAfDeAHT', 8),
(3800, 899, '6 Springbok Rd', '-25.8612044', '28.2216269', '00:00:00', 0, 'n|x|C{mfkDIU\\KnFgB~C_AtFeBdEuAlCw@nCy@', 9),
(3801, 899, '5 Impala Ave', '-25.8607675', '28.2190208', '00:00:00', 0, 'l`z|Cs}fkDvBu@LxALrBfAhXFzB@R_@?gBJ?@A@ABEBO?EG[Ec@ACBCBICCI?C@CAM@YIcBK_CEg@Ca@Oy@SeAMeAHy@PW', 10),
(3809, 780, 'Witpoortjie', '-26.1631828', '27.8252814', '00:00:00', 0, '', 1),
(3810, 780, '180 Dromedaris St', '-26.1522515', '27.830262', '00:00:00', 0, 'v`u~CyqyhDcAbCeDwAgEuBoLoFmNuG}Au@_JyDwHqDkB_A', 2),
(3812, 780, '81 Dromedaris St', '-26.16269999999999', '27.8247', '00:00:00', 0, 'd{r~CkszhDfGvCxI|DbInDz^~PpB~@', 3),
(3813, 780, '71 Van Alkmaar St', '-26.16579', '27.8223', '00:00:00', 0, 'x{t~CeoyhDzFnClF`C\\Lx@bAt@|@Ul@AB', 4),
(3814, 780, '19 Muizenberg St', '-26.16242', '27.81873', '00:00:00', 0, 'xnu~Cq`yhDgBbF}GnRuCeAwBcA', 5),
(3815, 780, '28 Boren St', '-26.1615', '27.81914', '00:00:00', 0, 'dzt~CgjxhDsDgBKV', 6),
(3816, 780, '6 Boren St', '-26.16048', '27.81719', '00:00:00', 0, 'dtt~CwlxhDiEfK', 7),
(3817, 780, '2 Leerdam St', '-26.15674', '27.81889', '00:00:00', 0, 'zmt~Co`xhDs@`BiD}AaCiAqFaCoCoAOGTk@', 8),
(3818, 780, '38 Leerdam St', '-26.1586943', '27.8219155', '00:00:00', 0, '~vs~C{jxhDpEyKlCmGl@X', 9),
(3819, 780, 'Dromedaris St & Leerdam St', '-26.1603', '27.82602', '00:00:00', 0, 'lct~Ci_yhDm@YhCcGvFwMe@S', 10),
(3820, 780, '143 Dromedaris St', '-26.1561691', '27.8286832', '00:00:00', 0, 'zlt~CswyhDwJsEwG}CgCiAYOXq@', 11),
(3821, 780, '54 Nassau St', '-26.15236', '27.83047999999999', '00:00:00', 0, 'bts~CqgzhDYp@aDuAyI}DgGwC', 12),
(3822, 780, '27 Narcissus St', '-26.1488834', '27.8267228', '00:00:00', 0, 'd{r~CkszhDs@_@eFbI{F`JgDlFW]z@qA', 13),
(3823, 780, '15 Mc Grath Ave', '-26.1463524', '27.828412', '00:00:00', 0, 'jfr~Cg{yhDh@y@_EyAaEqAmEsA', 14),
(3829, 906, 'Ecosmob Technologies Pvt. Ltd.', '23.0282336', '72.4989057', '00:00:00', 0, '', 1),
(3830, 906, 'Iskcon Cross Road', '23.0245701', '72.5069855', '00:00:00', 0, 'mspkCa}nyLFyFJcGTyGPmG@uAXiGDm@LeCBgAC]AWAe@jB`@dFhAfCj@Je@lAV', 2),
(3831, 909, 'Mangaluru', '12.9141417', '74.8559568', '20:00:00', 0, '', 1),
(3832, 909, 'Bengaluru', '12.9715987', '77.5945627', '22:00:00', 0, 'ihymAsh{gMdg@fb@hu@pc@|q@a{@xNkf@jWaZrEqj@~Vgt@j_@qN`L}Hx@oa@`V_iAp@euAaDehB}Few@uT}n@oB{w@~QiQ~Dsu@dF}h@qH}m@yUglB{`@_tBeMauArKocAjYsPro@kMdlAmr@f|@wgAdZotAn@s{Av[iuB~i@gbEvZusAdGaiAwJiy@tH_`@sGmf@nBkrBuIsWw[sf@o^sc@Lwu@sGsgAnGk}@~BaZkTob@uL{hAhDcp@we@wxAmNuaBoCq}@vNorDxc@gxCjc@a}A}Acu@bb@yn@lRus@t`@abDvAgp@`Wk]_d@s^_d@s}B_CwhBbPikBe@ouAsUcKgDeZx@mQaSe_@UouAv`@e\\|Iel@fCqq@qXyXjBer@|K}b@kAy_@o@gqAuAwtApJij@aPck@cPsIh@gQuWo_@qNyh@l@_`@iHsb@kZsR|@qg@_F{U_U_T|NyQw_@eKyZpEsA}GcFeLeXuLov@o]fHyJaX_b@y{@_p@w_@oKcWaUuGqWuW_VszAuPa_@gi@uKaXdE}IB_SeGcY{LsFb@kRwP_FgYwTki@gW}IiXxZi~Byo@ml@g]ksAee@ef@Uwz@eUgd@i\\}WpQir@xXgi@_F{q@`f@cm@|Fe_ApL_vAsTe}@yi@qd@rAuz@pZa{@|McoC_o@yxC}yAoaDgYcMuHki@aXwaAuQijAzC}Z}a@sb@y]kdAdJem@xIko@qJax@bIsfBlGm~@uu@itAsX_aAgAg}@t^_nAbIqqAzZ}{ClXqcBdBceAnWy~@z\\{h@iEal@jLkpArHilA_NiuDAa{Aza@_z@brA{p@rnAwh@hQorAoCi~@rXwkAfb@esDvx@an@daAun@`a@cl@aNqzBu_@abAcb@}qD_k@qzDqeAozDmFaZmb@sJm\\abAoG{mAaj@ilBlCibEeYs{AoC{cBiQulDiTwt@{Jah@dIyv@rYwhAdU{dByE{tFgo@gsDiLynB{j@elBAe}Bqo@ckBof@sgC_Rq|CcBgyAaWsz@gCywAaL{yAqD{qFt[kq@ueAsaB_z@otB`CueA{Pqe@an@qm@yZoaAc\\{bB}D{}Ash@sdCwyBwbE_x@}tDrGo`AjSgyB`d@kwBlKw|AL_eAsF_z@jOukAeV{v@iAgaAra@atAeYklB_[ey@cw@c_@_uAabAq`@yu@n_@yx@b}AabFvuAi}Cx`AopDnzBmcH~dAowBbf@sMkLgRfc@mjAnd@}~@vd@s\\dr@iGf[}NpMcMxEqTnk@ga@l]b`@bAeB', 2),
(3833, 910, 'Bengaluru', '12.9715987', '77.5945627', '22:00:00', 0, 'ihymAsh{gMdg@fb@hu@pc@|q@a{@xNkf@jWaZrEqj@~Vgt@j_@qN`L}Hx@oa@`V_iAp@euAaDehB}Few@uT}n@oB{w@~QiQ~Dsu@dF}h@qH}m@yUglB{`@_tBeMauArKocAjYsPro@kMdlAmr@f|@wgAdZotAn@s{Av[iuB~i@gbEvZusAdGaiAwJiy@tH_`@sGmf@nBkrBuIsWw[sf@o^sc@Lwu@sGsgAnGk}@~BaZkTob@uL{hAhDcp@we@wxAmNuaBoCq}@vNorDxc@gxCjc@a}A}Acu@bb@yn@lRus@t`@abDvAgp@`Wk]_d@s^_d@s}B_CwhBbPikBe@ouAsUcKgDeZx@mQaSe_@UouAv`@e\\|Iel@fCqq@qXyXjBer@|K}b@kAy_@o@gqAuAwtApJij@aPck@cPsIh@gQuWo_@qNyh@l@_`@iHsb@kZsR|@qg@_F{U_U_T|NyQw_@eKyZpEsA}GcFeLeXuLov@o]fHyJaX_b@y{@_p@w_@oKcWaUuGqWuW_VszAuPa_@gi@uKaXdE}IB_SeGcY{LsFb@kRwP_FgYwTki@gW}IiXxZi~Byo@ml@g]ksAee@ef@Uwz@eUgd@i\\}WpQir@xXgi@_F{q@`f@cm@|Fe_ApL_vAsTe}@yi@qd@rAuz@pZa{@|McoC_o@yxC}yAoaDgYcMuHki@aXwaAuQijAzC}Z}a@sb@y]kdAdJem@xIko@qJax@bIsfBlGm~@uu@itAsX_aAgAg}@t^_nAbIqqAzZ}{ClXqcBdBceAnWy~@z\\{h@iEal@jLkpArHilA_NiuDAa{Aza@_z@brA{p@rnAwh@hQorAoCi~@rXwkAfb@esDvx@an@daAun@`a@cl@aNqzBu_@abAcb@}qD_k@qzDqeAozDmFaZmb@sJm\\abAoG{mAaj@ilBlCibEeYs{AoC{cBiQulDiTwt@{Jah@dIyv@rYwhAdU{dByE{tFgo@gsDiLynB{j@elBAe}Bqo@ckBof@sgC_Rq|CcBgyAaWsz@gCywAaL{yAqD{qFt[kq@ueAsaB_z@otB`CueA{Pqe@an@qm@yZoaAc\\{bB}D{}Ash@sdCwyBwbE_x@}tDrGo`AjSgyB`d@kwBlKw|AL_eAsF_z@jOukAeV{v@iAgaAra@atAeYklB_[ey@cw@c_@_uAabAq`@yu@n_@yx@b}AabFvuAi}Cx`AopDnzBmcH~dAowBbf@sMkLgRfc@mjAnd@}~@vd@s\\dr@iGf[}NpMcMxEqTnk@ga@l]b`@bAeB', 1),
(3834, 910, 'Mangaluru', '12.9141417', '74.8559568', '20:00:00', 0, '', 2),
(3835, 911, 'Mangaluru', '12.9141417', '74.8559568', '22:01:00', 0, '', 1),
(3836, 911, 'Tamil Nadu', '11.1271225', '78.6568942', '23:00:00', 0, 'ihymAsh{gMn}AxfAvaAmbB~]seAjw@ycA|d@muBoBk~Ds\\cgBnTy`CkA{wAuw@gaFeMauArKocA~iA__@liCe{Blx@mgH|mA_aJeFcuFmf@g_Aa^kzAsGsgA{G}{BkG_zBeu@m{DoCq}@vNorDdhAivFrr@syCt`@abDxYsnA_d@s^_d@s}BbLauEe@ouA{Zif@gQsq@UouAtk@kiAiTkkAjBer@`H_vCeGelDog@k|@cMyiAuc@gv@|@qg@_\\{j@|NyQw_@eKm]kAi_@{Yov@o]yNym@utBqrAk`@qn@szAuPqe@gmAaGcm@o]_a@qnAifAxZi~Byo@ml@mcAqzB{U_`BwIgkAxQc|A~m@imBpL_vAm_AwbBd]wvB|McoC_o@yxC}yAoaD_|@gzBwo@{iCsRqrBWmhBbIsfBgm@wsC{Zg_Cxh@q`Dnw@sfI`o@wuC~Uu}C_NiuDAa{Aza@_z@vaDszAlf@q~Efb@esDvx@an@fcBy{A{qAqpJqqBavJigAwhBqr@e{DlCibEu]o`EiQulD_VsuCxo@snDyE{tFmhBgpKAe}Bqo@ckBoy@eeHok@qhIqD{qFt[kq@ueAsaB_z@otByLglB{iAapBab@waEsh@sdCwyBwbEko@mvFzdAkoIeF_`CjOukAeV{v@h_@ivCeYklBcsAiyA_uAabAq`@yu@n_@yx@b}AabFd~BsuG|nSna@lkHdEpqC_tCz{BghDddAkiFqWofFyM}kBudAijCpv@suCd`AciAjiFo{C`rB}rEfhBkyH`pEisF`z@{nBfm@u~CniCirGz{A_xB|n@cuDlxBe{JlkC_~HljDo}ChX{zBb_@crAt|@qyAb}B_cEf`D}sDpwBim@xaDg|A~nCnn@voD}PrkBee@hxBh@`lAlg@|xA}Fr`F~VhrErn@xqB~Nnl@|d@twD`Hz}D`PltEzsAztC|jAhoC|rC~wDtmAr{DzvBndKtpA|kDtgD|pBffBdaB`f@nxBvQxgBmlBloAd`@tmA_KvzCg_C`hAmAhrBpwAlkElb@zpMjlAzcJ}lM~vAmIzwChb@ryAyy@l_@kcBkZa~BurByxBw`As`CkMspBm[q}GgCweI`aAqdBfS}`DxZqkFpaDo`@blAij@`eAwpCxbAsd@hXcOxGqzA|ZesCfj@ivAfmAf_Aps@`XljCjFplB{g@drAig@h{Al|@rqEfD~iF}q@bzCpBv_Dl_@h`L_v@ngLuhGffEagCpsDmyCrfA{r@bJiuDLgyAvR_cArpAmS~r@{X', 2),
(3837, 912, 'Tamil Nadu', '11.1271225', '78.6568942', '23:00:00', 0, 'ihymAsh{gMn}AxfAvaAmbB~]seAjw@ycA|d@muBoBk~Ds\\cgBnTy`CkA{wAuw@gaFeMauArKocA~iA__@liCe{Blx@mgH|mA_aJeFcuFmf@g_Aa^kzAsGsgA{G}{BkG_zBeu@m{DoCq}@vNorDdhAivFrr@syCt`@abDxYsnA_d@s^_d@s}BbLauEe@ouA{Zif@gQsq@UouAtk@kiAiTkkAjBer@`H_vCeGelDog@k|@cMyiAuc@gv@|@qg@_\\{j@|NyQw_@eKm]kAi_@{Yov@o]yNym@utBqrAk`@qn@szAuPqe@gmAaGcm@o]_a@qnAifAxZi~Byo@ml@mcAqzB{U_`BwIgkAxQc|A~m@imBpL_vAm_AwbBd]wvB|McoC_o@yxC}yAoaD_|@gzBwo@{iCsRqrBWmhBbIsfBgm@wsC{Zg_Cxh@q`Dnw@sfI`o@wuC~Uu}C_NiuDAa{Aza@_z@vaDszAlf@q~Efb@esDvx@an@fcBy{A{qAqpJqqBavJigAwhBqr@e{DlCibEu]o`EiQulD_VsuCxo@snDyE{tFmhBgpKAe}Bqo@ckBoy@eeHok@qhIqD{qFt[kq@ueAsaB_z@otByLglB{iAapBab@waEsh@sdCwyBwbEko@mvFzdAkoIeF_`CjOukAeV{v@h_@ivCeYklBcsAiyA_uAabAq`@yu@n_@yx@b}AabFd~BsuG|nSna@lkHdEpqC_tCz{BghDddAkiFqWofFyM}kBudAijCpv@suCd`AciAjiFo{C`rB}rEfhBkyH`pEisF`z@{nBfm@u~CniCirGz{A_xB|n@cuDlxBe{JlkC_~HljDo}ChX{zBb_@crAt|@qyAb}B_cEf`D}sDpwBim@xaDg|A~nCnn@voD}PrkBee@hxBh@`lAlg@|xA}Fr`F~VhrErn@xqB~Nnl@|d@twD`Hz}D`PltEzsAztC|jAhoC|rC~wDtmAr{DzvBndKtpA|kDtgD|pBffBdaB`f@nxBvQxgBmlBloAd`@tmA_KvzCg_C`hAmAhrBpwAlkElb@zpMjlAzcJ}lM~vAmIzwChb@ryAyy@l_@kcBkZa~BurByxBw`As`CkMspBm[q}GgCweI`aAqdBfS}`DxZqkFpaDo`@blAij@`eAwpCxbAsd@hXcOxGqzA|ZesCfj@ivAfmAf_Aps@`XljCjFplB{g@drAig@h{Al|@rqEfD~iF}q@bzCpBv_Dl_@h`L_v@ngLuhGffEagCpsDmyCrfA{r@bJiuDLgyAvR_cArpAmS~r@{X', 1),
(3838, 912, 'Mangaluru', '12.9141417', '74.8559568', '22:01:00', 0, '', 2),
(3839, 913, 'Gujarat', '22.6708317', '71.5723953', '16:00:00', 0, '', 1),
(3840, 913, 'Rajasthan', '27.0238036', '74.21793260000001', '16:30:00', 0, 'q{jiCm~ysLspBgmDoe@cc@sdAam@?sm@jJ_dAsQqiBkgA_g@_HqzBsKmo@{t@_r@qzFutEimIgcGcqDkdCkwB}|DenCgaDcwDsuFi_De}DywA}kCunCcnEcyBeuA{qBq{DcyB{rCcrF{eCcoA_n@_EieAnGsbEfn@mbBpe@anC|C{vBmGgc@go@wa@wrB}l@_~Ccv@aoCgrB}{BkeAy}BypAqRgoD{}GoxDg_Ec{Cy_AigAP{U_{AiKgzAan@ggAsaAs}DayDmcBsiAiBmUcc@oTm|G`_AovGvJ{}Dcz@e~BbfAipGjyBsj@jO_o@_LqcBox@wdDgx@yyGjZqdEMcwB|c@}}CbiAmbCwYm`AkGwj@g_@q{AuPmvAvOmrA~n@{vCdUg}HcL{yAvn@uz@aDccJ{kAqsA{x@}fAsGowB{@e}JmoAitEwbAauEkQidEciAku@u{A{dBwLoxAwlAo{CwmB}i@ku@my@iOol@kdAqv@wLcbAaeBauCkz@a}BexBcuBqnDejDgjGm~@yiBgGylAuyAibEsgBkmCa`@qyCyX_iBiqCybEsb@wwBa`BgsAmtAkwBg[yl@qb@zF}jBseAkwA_jAscAb~@}m@qc@}|AquBqxD{kCyvDocB}}AotBalAqXuu@oy@koAaR}gAw|A{_CicD_o@gkAubDqqByrDemB_dAoW}bAhr@orAxm@eoAxH{fApvBsKzx@qt@vp@egAb|Cu{@zkBke@llDbJlu@pC~j@eZbh@_yAru@kCzd@qc@hMgeD`UmiDojAenEc{CqsDk`B{uF}xGmyHkuI{gAeoAs^qQ_v@zRk_BwC_f@ubB{zCmxEmKenA_v@cr@qkCgrAoyB_z@upEmwCyqEciAihBwP_\\ux@icG_dCixNusDgwWknJefFwiBs_Go~@eaQk~AgcDgcDarCcjAwpEmxKwpD{qLw|Mghc@{cAiiBglAenCsyD}iMmsC}vG{{F}xCqhA}w@auA_\\yxF_hC{jCk`@{uDwq@kdAuj@q}Ap@gaC~|@}z@wg@ep@s_C{eFsjAmgBgUyiGkjC{xDm`DycDmuEiiC_mC{yAg`AmfDom@c}As`Aw}DzoAcqGk@i]aO}qDdaC{|BveAa}DphAs|DjpAco@ss@gqDynAe`Cml@imCwsAqrCiuA_bCo^esB`Bce@~Iu\\qe@_`BsQebD_wAs`AsdBkXg~@ojBmk@epCck@_fBfgAo`Dve@wwDykA{f@ke@kj@s|@q~DgbA}l@w]e|@q|ChNsa@rBwbB', 2),
(3841, 914, 'Rajasthan', '27.0238036', '74.21793260000001', '16:30:00', 0, 'q{jiCm~ysLspBgmDoe@cc@sdAam@?sm@jJ_dAsQqiBkgA_g@_HqzBsKmo@{t@_r@qzFutEimIgcGcqDkdCkwB}|DenCgaDcwDsuFi_De}DywA}kCunCcnEcyBeuA{qBq{DcyB{rCcrF{eCcoA_n@_EieAnGsbEfn@mbBpe@anC|C{vBmGgc@go@wa@wrB}l@_~Ccv@aoCgrB}{BkeAy}BypAqRgoD{}GoxDg_Ec{Cy_AigAP{U_{AiKgzAan@ggAsaAs}DayDmcBsiAiBmUcc@oTm|G`_AovGvJ{}Dcz@e~BbfAipGjyBsj@jO_o@_LqcBox@wdDgx@yyGjZqdEMcwB|c@}}CbiAmbCwYm`AkGwj@g_@q{AuPmvAvOmrA~n@{vCdUg}HcL{yAvn@uz@aDccJ{kAqsA{x@}fAsGowB{@e}JmoAitEwbAauEkQidEciAku@u{A{dBwLoxAwlAo{CwmB}i@ku@my@iOol@kdAqv@wLcbAaeBauCkz@a}BexBcuBqnDejDgjGm~@yiBgGylAuyAibEsgBkmCa`@qyCyX_iBiqCybEsb@wwBa`BgsAmtAkwBg[yl@qb@zF}jBseAkwA_jAscAb~@}m@qc@}|AquBqxD{kCyvDocB}}AotBalAqXuu@oy@koAaR}gAw|A{_CicD_o@gkAubDqqByrDemB_dAoW}bAhr@orAxm@eoAxH{fApvBsKzx@qt@vp@egAb|Cu{@zkBke@llDbJlu@pC~j@eZbh@_yAru@kCzd@qc@hMgeD`UmiDojAenEc{CqsDk`B{uF}xGmyHkuI{gAeoAs^qQ_v@zRk_BwC_f@ubB{zCmxEmKenA_v@cr@qkCgrAoyB_z@upEmwCyqEciAihBwP_\\ux@icG_dCixNusDgwWknJefFwiBs_Go~@eaQk~AgcDgcDarCcjAwpEmxKwpD{qLw|Mghc@{cAiiBglAenCsyD}iMmsC}vG{{F}xCqhA}w@auA_\\yxF_hC{jCk`@{uDwq@kdAuj@q}Ap@gaC~|@}z@wg@ep@s_C{eFsjAmgBgUyiGkjC{xDm`DycDmuEiiC_mC{yAg`AmfDom@c}As`Aw}DzoAcqGk@i]aO}qDdaC{|BveAa}DphAs|DjpAco@ss@gqDynAe`Cml@imCwsAqrCiuA_bCo^esB`Bce@~Iu\\qe@_`BsQebD_wAs`AsdBkXg~@ojBmk@epCck@_fBfgAo`Dve@wwDykA{f@ke@kj@s|@q~DgbA}l@w]e|@q|ChNsa@rBwbB', 1),
(3842, 914, 'Gujarat', '22.6708317', '71.5723953', '16:00:00', 0, '', 2),
(3843, 915, 'Palladium Ahmedabad', '23.0583687', '72.5206402', '15:00:00', 0, '', 1),
(3844, 915, 'Himalaya Mall Commercial Building Big Bazar', '23.0469464', '72.53101989999999', '15:30:00', 0, 'ervkCscsyLRFEZhObDlOpCbBXfE`A`EfAbB`@NQP_@TyCNgCPsA\\{BNo@jBuFt@sCb@wBTqAf@qEj@}GX}A^iBl@cBz@aB`BcD`@q@N_@N}@NoAFkA@k@PcABkAoCH', 2),
(3845, 916, 'Alpha One Mall', '23.0397468', '72.5312158', '16:00:00', 0, '', 1),
(3846, 916, 'Reliance Digital', '23.0400705', '72.531482', '16:30:00', 0, 'e}rkCieuyLvBAv@EIw@MqAEmCQ@cA@sBBs@@a@B?DB~C', 2),
(3847, 917, '5 Impala Ave', '-25.8608484', '28.2195732', '00:00:00', 0, '', 1),
(3848, 917, 'Botha Avenue', '-25.8311163', '28.2083957', '00:00:00', 0, 'x_z|C_qfkD\\WfAIb@CNAGwBOwCAc@GSEOIIMCKC_Bt@mBf@cAXyA^}C`AcA\\iF|AyLvDmP|FkCt@cG`B{Br@qHlBiMhDiMjDeEfA}Cn@iB\\cGtAcA\\cBn@aHzCgFnB}B~@iCnAmG~B_FnB{CrAsDtA}J|Dk@^QREd@xBhHd@|Aq@V{Al@LVr@OAg@ZM`@Qy@qCqA_EI[]cAIURG~L_F', 2),
(3849, 918, 'Botha Avenue', '-25.8311163', '28.2083957', '00:00:00', 0, '', 1),
(3850, 918, '5 Impala Ave', '-25.8608484', '28.2195732', '00:00:00', 0, 'nct|ComdkDvIoDnIgDfQcHzIuDnDmA`Dw@dBi@bAU~DaA~Bu@hMiD`L{CrEoAvEiAlMsD|HcCjDkApCw@xHiC~C_AjCy@nHaClCw@pFeBTID\\HnAHnALvCj@zMXtIgCJ?@ABCBMBIEAAKAYGY@A@C@K?CI?OA}@OsDKuAq@aE@c@BUHSbAyA', 2),
(3851, 919, 'Elandspark', '-26.2405652', '28.1078787', '07:00:00', 0, 'vod_D_sojDs@sAcA_Bc@y@s@aAaCkBhAqBvAeCtC}ERc@Fc@CaF?OmCQyBUgDQ@\\', 1),
(3852, 919, 'Southern Klipriviersberg Road & Heidelberg Road', '-26.2426795', '28.1017615', '06:35:00', 0, 'ntc_DiskjDtIhBpDp@^qCNiAx@oFNq@NUV[bCgChBgBJUPe@Pk@D}@DuBDwCHe@NqJ@}AZmTFoD@gAEm@AqBKiD@w@iB{Vc@yHSiB', 2),
(3853, 919, 'Gard Road & Henderson Road', '-26.2383159', '28.081331', '06:15:00', 0, 'fz`_DigdjDMSbAO~Fg@zFk@xD_@d@Gd@Ir@WlAo@z@g@RCjC{ArAu@fAk@^QXEtCaAbFeBlAa@VU|M}MdCgCf@cA|BoF^mAt@gBLWH[?UD?^AZCh@K\\AhCCMeK[cZGcCGQYg@gBo@_Bo@eBgAcDkCl@kALc@pBaNb@kC`@{Ch@{DdAgGjB{Lb@sC`@{ClEmZvBiNRuA\\_BNiAwIcBoDw@', 3),
(3854, 919, 'Eloff Street & Smollen Street', '-26.2238846', '28.0435686', '05:59:00', 0, 'ng{~C_jbjDhOsCp@Sf@]RUXa@b@aAf@m@TS~@i@JhAf@vIXxE@DO@Y@qANc@JWTK\\C`@JdCJnAHZPh@Zh@PR\\RXH^Fx@AhAGjBGp@BVCnAKlDUdDKhQYnPY|@AHGb@?rBe@fAc@n@e@|@aA|@qAVk@L_@Z{ALaAD_BEyOGqBSaGF}@JmDJaJDyB@eEDmBR{@Pc@TWRHXLh@JjBBbFPrGDpPLxYTt@Aj@E~AWLR', 4),
(3855, 919, 'Braamfontein', '-26.1952602', '28.0337497', '05:45:00', 0, '', 5),
(3856, 920, 'Village Main', '-26.214211', '28.0500779', '00:00:00', 0, '', 1),
(3857, 920, 'Elandspark', '-26.2405652', '28.1078787', '00:00:00', 0, 'h~~~CooejDEHEdAAP{@KqD_@OC?oAA{BQAQQEWCkAAm@BMDECgACiACAMMWM_C|@YJAQ?yD?sCA{BIe@A{AAMGMKM]@iCTcCTqCPSDCQCk@?OFMfBeBr@i@f@Uh@Qn@KdAGt@Bj@FdCd@jHpAn@D\\?^Ep@Sv@i@^c@NYl@oAxA_D\\{@Xg@jC{HzBsGXw@`@{@z@qAz@y@vKwJjCcCj@s@h@_AXo@~@{CdB{FtBuGv@iC|AoGlDcPv@oDh@}BT{Aj@kEnBcNXuBTmA\\eAh@gAbRu[|AkC~ByF~BgGvE_LdDoI`BkD`BaDf@i@vCcEt@cAJQfDoDd@e@j@k@tEeEbB_BrAgA|FwDhBiAbAo@lGmDb@WFODW?OCe@m@_Aa@q@q@mAY[aCkB|B{Dx@{ApBgD^q@DSDq@AqACeCmCQyBUgDQ@\\', 2),
(3858, 921, 'Braamfontein', '-26.1952602', '28.0337497', '00:00:00', 0, '', 1),
(3859, 921, 'Village Main', '-26.214211', '28.0500779', '00:00:00', 0, 'ng{~C_jbjDhOsCp@Sf@]RUXa@b@aAf@m@TS~@i@JhAf@vIXxE@DO@Y@qANc@JWTK\\C`@JdCJnAHZPh@Zh@PR\\Rp@Nj@BpAIZC|AEp@BVCnAKlDUdDKhQYnPY|@AFEP?vBWnAa@f@UZUXW~@gAn@iA`@_AVgAPyAB_C@E@eAEcLCuIHcFH_BNgBt@{Fn@cFZ_DNkDF_I@eK@uI@cAKOGy@G{COoG[WMEWHSHCDCDKLKNEJ?RH^h@x@Rp@D\\?~@i@vEvCXlFj@H{ABE', 2),
(3860, 922, 'Bruma', '-26.1797294', '28.1097924', '06:45:00', 0, 'ppv~CoamjDDwDKc@AAC?EECMBKBCBA@mAH_@@{M?WBeKA_AMsAAg@nB{Nz@mGLc@L]PWh@g@d@U\\KlCYdEa@TGx@_@f@]|DcDfB_Bh@[~As@j@Qn@KpAMr@Az@AZCx@@v@?dAG`ASt@ShJsC|A]b@Kd@QhB}@t@YXi@Di@BI_AiEuAqGaDaOG]QQ][[Kg@CmHfD}At@', 1),
(3861, 922, 'Sylvia Pass Garden Centre', '-26.1709714', '28.0886642', '06:20:00', 0, 'nsy~CgahjDAsLoCqA{G_DoDcBsCyA}DeBuI}D{PaI_JcEkAg@}GcDKw^GsV?m@E_@U{@{@cCUgAsAiHsAoHe@kC?M{EiBg@U?aD@iA', 2),
(3862, 922, 'Hendon Street & Kenmere Road', '-26.186961', '28.0630788', '06:05:00', 0, '|z|~CmrbjDfAIT?HBjCOnBO`@CAKEUCm@o@oMe@_IO{BGc@a@_ISoEc@gIeBiZ{@ePq@sLEqACYGCk@IiAMKEOEI?m@?YEqF_BCCOW_AUkKqC_Bc@wI{B_Bc@yHmBw@UmBi@aBYq@Ci@@a@DkARcCb@}CZcBHgD@UDQCqCG}AAA]CgGAcLCeBe@_CWm@QOq@i@KM', 3),
(3863, 922, 'Old Johannesburg Stock Exchange', '-26.20344309999999', '28.0356046', '05:45:00', 0, '', 4),
(3864, 925, 'Bedford Plaza', '-26.1778857', '28.1347005', '07:30:00', 0, 'njx~CsurjDVKhCi@g@oESoBeAuIkAyJC_@@QJ]b@{@Ni@A[k@}Hm@iMCAECAIBEBA@?IsB[wHEkBC_DGwGC}CCiFAa@a@DsATcDp@kB`@AS`@I', 1),
(3865, 925, 'Eastgate Shopping Centre', '-26.18038799999999', '28.1172088', '07:10:00', 0, 'ppv~CoamjDDwDKc@AAC?EECMBKBCBA@mAH_@@{M?WBeKA_AMsAAg@nB{Nz@mGLc@L]PWh@g@d@U\\KlCYdEa@TGx@_@f@]|DcDfB_Bh@[~As@j@Qn@KpAMr@Az@AZCx@@v@?dAG`ASt@ShJsC|A]b@Kd@QhB}@t@YXi@Di@BI_AiEuAqGmEgSGSVOfAg@t@[BMLK^SDI@Q@UDIM]}AmEmAsDmCqHa@uAIo@GaA?aAAcAMMKKMKMM[FeAPM?', 2),
(3866, 925, 'Sylvia Pass Garden Centre', '-26.1709714', '28.0886642', '06:35:00', 0, 'nsy~CgahjDAsLoCqA{G_DoDcBsCyA}DeBuI}D{PaI_JcEkAg@}GcDKw^GsV?m@E_@U{@{@cCUgAsAiHsAoHe@kC?M{EiBg@U?aD@iA', 3),
(3867, 925, 'Hendon Street & Kenmere Road', '-26.186961', '28.0630788', '06:20:00', 0, '|z|~CmrbjDfAIT?HBjCOnBO`@CAKEUCm@o@oMe@_IO{BGc@a@_ISoEc@gIeBiZ{@ePq@sLEqACYGCk@IiAMKEOEI?m@?YEqF_BCCOW_AUkKqC_Bc@wI{B_Bc@yHmBw@UmBi@aBYq@Ci@@a@DkARcCb@}CZcBHgD@UDQCqCG}AAA]CgGAcLCeBe@_CWm@QOq@i@KM', 4),
(3868, 925, 'Old Johannesburg Stock Exchange', '-26.20344309999999', '28.0356046', '06:00:00', 0, '', 5),
(3869, 927, 'Rosettenville', '-26.2527573', '28.0566638', '06:30:00', 0, 'fz`_DigdjDMSbAO~Fg@zFk@xD_@d@Gd@Ir@WlAo@z@g@RCjC{ArAu@fAk@^QXEtCaAbFeBlAa@VU|M}MdCgCf@cA|BoF^mAt@gBLWH[?UD?^AZCh@K\\AhCChCExABDB`@?pGOdEKd@cB~AyEHk@@_@Fe@B[NN`@\\\\Ld@@~CB|F?nM?nH?tC@hBAAoAB_D~G?', 1),
(3870, 927, 'Eloff Street & Smollen Street', '-26.2238846', '28.0435686', '06:15:00', 0, '`lw~CqgdjD`@zBDDDHRn@`@tAb@nA`@z@Z\\XPZHj@@`AWlAc@RKFT`@nBfC`LXfATj@NXTTXVnAAnA_AdIkF~AiA\\jC^rDv@jLt@bIH|@DhB?~B@d@@d@C~@@t@FJFNXPDFdAq@x@g@FOd@m@JS@O?YCSSa@OOSKWA[FUZEVBXVn@Ff@b@l@b@r@Vj@Ph@TdAXbBj@dFNn@Vt@Zj@PVTb@PRjBpAxAb@dBPj@?pCQdDW|BQ|CUrAAdABdBLhDT~@Dd@Ct@?n@EjAS|EkAbGwAjLqCvHgB|ASpD]lCWzCOzDKtR[|NWX?BEHAZ?tBe@f@Qf@WZSZYjAuAl@aATo@DQ\\cBJiABo@AcGAoECaCIcCOqEH_BJmDNsM@gE@q@Fk@Rs@LYTW^NZLf@FdCD~BHnBDbHF|RLrVNzAKXGb@ILR', 2),
(3871, 927, 'Johannesburg General Hospital', '-26.17548', '28.04362', '06:00:00', 0, '', 3),
(3872, 932, 'Eastgate Shopping Centre', '-26.18038799999999', '28.1172088', '06:59:00', 0, 'ppv~CoamjDDwDKc@AAC?EECMBKBCBA@mAH_@@{M?WBeKA_AMsAAg@nB{Nz@mGLc@L]PWh@g@d@U\\KlCYdEa@TGx@_@f@]|DcDfB_Bh@[~As@j@Qn@KpAMr@Az@AZCx@@v@?dAG`ASt@ShJsC|A]b@Kd@QhB}@t@YXi@Di@BI_AiEuAqGmEgSGSVOfAg@t@[BMLK^SDI@Q@UDIM]}AmEmAsDmCqHa@uAIo@GaA?aAAcAMMKKMKMM[FeAPM?', 1),
(3873, 932, 'Sylvia Pass Garden Centre', '-26.1709714', '28.0886642', '06:40:00', 0, 'nsy~CgahjDAsLoCqA{G_DoDcBsCyA}DeBuI}D{PaI_JcEkAg@}GcDKw^GsV?m@E_@U{@{@cCUgAsAiHsAoHe@kC?M{EiBg@U?aD@iA', 2),
(3874, 932, 'Hendon Street & Kenmere Road', '-26.186961', '28.0630788', '06:05:00', 0, '|z|~CmrbjDfAIT?HBjCOnBO`@CAKEUCm@o@oMe@_IO{BGc@a@_ISoEc@gIeBiZ{@ePq@sLEqACYGCk@IiAMKEOEI?m@?YEqF_BCCOW_AUkKqC_Bc@wI{B_Bc@yHmBw@UmBi@aBYq@Ci@@a@DkARcCb@}CZcBHgD@UDQCqCG}AAA]CgGAcLCeBe@_CWm@QOq@i@KM', 3),
(3875, 932, 'Old Johannesburg Stock Exchange', '-26.20344309999999', '28.0356046', '06:00:00', 0, '', 4),
(3876, 934, 'Ghandi square', '-26.2066264', '28.0433502', '00:00:00', 0, '', 1),
(3877, 934, 'Village Main', '-26.214211', '28.0500779', '00:00:00', 0, 'rn}~CiedjDNdDmCTi@cJlE]zFa@dEWbEBnDNT?JEJ?l@?d@FCc@e@qJKsBMgBIiAHAJE\\UzAeAv@InCO@oFbFh@XDD{@B_@BE', 2),
(3878, 935, 'Elandspark', '-26.2405652', '28.1078787', '00:00:00', 0, '', 1),
(3879, 935, 'Village Main', '-26.214211', '28.0500779', '00:00:00', 0, 'fbd_DgypjDA]fDPxBTlCPBdC@pAEp@ERqCxEy@zA}BzD`CjBXZp@lA`@p@tA~BJRqGhEwAx@yFjDqChB_DfCeE`EwBpB}D|DmChD}@nAeAbB_D`GUp@cE|JqD~IyAnDsBdFgAbCsBjDqBlDqIzNsBtDk@jAY~@Qz@wAfKeApHq@lEcEhR{CtMkA~DeAxCaArCwBjHm@dBUf@g@z@a@h@oCfC}FhFcDvCiAnA_@n@]r@_B|Em@lBwA~DCZ]jA}ArE{@hC]n@g@r@[Xc@Xo@V}@Lc@Dg@AeAQiB]eB[e@I]FYNMLKN?JENANCr@CNAhA?`D?rC?xDnBy@lB{@z@_@HRFzAAhADJBP@|CA\\IXMLKHS@G?@vB?rANBlFj@H{ABE', 2),
(3880, 936, 'The Hill High School', '-26.24994999999999', '28.0677311', '00:00:00', 0, '', 1),
(3881, 936, 'Ghandi square', '-26.2066264', '28.0433502', '00:00:00', 0, 'd}e_Ds}hjDu@@QDQJYSKGiCm@}B_@Ae@ASkAoFqAwGm@aC[o@_@q@mAmBoFkKs@}AqAsCmB_H{@qCyAyEc@gBe@uBu@NwGpAmCf@g@NkAd@y@`@w@h@]\\c@`@gC|BcE`EsDfDuBfBkAlAy@v@gB|A}BlBk@\\g@Vm@Pc@J}@Hi@Bi@AaAKw@Os@WyBiAaCsAaE_C{BqAoBgAqAu@uAo@UK}Ao@IN_@`AO`@W^m@^wAr@m@ZWRSVOZ[f@gClLgCzKwAjFkCzHaC|HeAvC{@vAa@f@sAnA_CvBeCxBkD|CsArAi@v@Wf@]x@aAzCuCpICZSt@mAlDm@hBo@pBi@hAg@l@gCfBw@l@e@f@c@l@]p@Qh@]pBIv@Q|DCjCAJEFBxB?jB?vDGzL?|HHNDLBp@BvAAjBC~AC^GVUh@MNUJ]Lm@BmOMe@BKHEJG`@GJIDSDK@}DZeEZaBHmCTUaEfAG', 2),
(3882, 937, 'Elandspark', '-26.2405652', '28.1078787', '00:00:00', 0, '', 1),
(3883, 937, 'Village Main', '-26.214211', '28.0500779', '00:00:00', 0, 'fbd_DgypjDA]fDPxBTlCPBdC@pAEp@ERqCxEy@zA}BzD`CjBXZp@lA`@p@tA~BJRqGhEwAx@yFjDqChB_DfCeE`EwBpB}D|DmChD}@nAeAbB_D`GUp@cE|JqD~IyAnDsBdFgAbCsBjDqBlDqIzNsBtDk@jAY~@Qz@wAfKeApHq@lEcEhR{CtMkA~DeAxCaArCwBjHm@dBUf@g@z@a@h@oCfC}FhFcDvCiAnA_@n@]r@_B|Em@lBwA~DCZ]jA}ArE{@hC]n@g@r@[Xc@Xo@V}@Lc@Dg@AeAQiB]eB[e@I]FYNMLKN?JENANCr@CNAhA?`D?rC?xDnBy@lB{@z@_@HRFzAAhADJBP@|CA\\IXMLKHS@G?@vB?rANBlFj@H{ABE', 2),
(3884, 938, 'Bedford Plaza', '-26.1778857', '28.1347005', '06:30:00', 0, '~ex~CutrjDrC_@ZMtAYj@KOmASiBKiAqBmPo@sFDg@v@iBBQG}@i@{Hi@gLA?AACAAAAGBGBA@?]mIMeEAsAAyAOeSAq@eALeFdAyAZAS`@I', 1),
(3885, 938, 'Eastgate', '-26.1796783', '28.1173884', '05:55:00', 0, 'fbz~Ck|pjD_JkWq@qBMYEI[aAMQOUQIK?sAh@cCfAiEnBsAh@}Ap@cAf@UNISYy@mCsHaCeHmAiDUkAAMG_B?aBQSc@_@iBZIAyBVUD', 2),
(3886, 938, 'Langerman Drive & Queen Street', '-26.1893246', '28.1083776', '05:35:00', 0, 'd{|~CsnijDO{CqCRoBLQsCKgBCWIk@]qBYaAUi@IM_AiCc@wAy@oBc@kAQaAmCsWmAuL_CwMeIud@kEyV_AkFM_@S_Ac@oB{AsFMWQSEOqB_B}BkB]e@[k@Ww@{FmP_Oob@', 3),
(3887, 938, 'Main Street & Crown Street', '-26.2035524', '28.0703437', '05:25:00', 0, 'ng{~C_jbjDhOsCp@Sf@]RUXa@b@aAf@m@TS~@i@JhAf@vIXxE@DO@Y@qANc@JWTK\\C`@JdCJnAHZPh@Zh@PR\\RXH^Fx@AhAGjBGp@BVCnAKlDUdDKhQYnPY|@AHGb@?|@KhAU~@]j@e@bA_AX]b@s@JU`@_AZyAHo@Du@@sA@OBGAeCGuLAkF@}BJeDT{CjAcJl@iFRsCHmDBaR@wQOsKe@eWQeOCgDI]KgBKwDAwBCYEQWc@KG[IUCEASF]Lw@^gDdB{EjCe@Te@Dy@VGDG?[RyA~@oAt@MFWBaGb@{Gd@WkEm@qKu@}MqBu]', 4),
(3888, 938, 'Braamfontein', '-26.1952602', '28.0337497', '05:01:00', 0, '', 5),
(3889, 940, 'Sovereign Street', '-26.1913944', '28.1184391', '06:20:00', 0, 'vn{~CauqjDqB`AwB~@u@wByAiEIWk@}AoByFA@C?C?CCCI@E@AkAkDaFyNuCb@', 1),
(3890, 940, 'Queen Street & Oxford Road', '-26.1964392', '28.1123273', '05:59:00', 0, 'd{|~CsnijDO{CqCRoBLQsCKgBCWIk@]qBYaAUi@IM_AiCc@wAy@oBc@kAQaAmCsWmAuL_CwMeIud@kEyV_AkFM_@S_Ac@oB{AsFMWQSEOqB_B}BkB]e@[k@Ww@{FmP}JoYaC_H`Ac@~@c@bJcEtMcGrMeG', 2),
(3891, 940, 'Main Street & Crown Street', '-26.2035524', '28.0703437', '05:45:00', 0, 'tx}~CopajDjAwBXs@FU?[MwB_A}O}@ePiAyRu@qNeBiZkCoe@{Ea{@YcFIoAu@v@WXg@j@I`@AUG_Ac@aIqBu]', 3),
(3892, 940, 'Westgate', '-26.2079646', '28.0299529', '05:30:00', 0, '', 4),
(3894, 942, 'Ormonde', '-26.2450384', '27.9982051', '00:00:00', 0, 'xyy~CetbjDPMj@ADt@aBJgBLKfBSfGg@dBQ`@}@dBi@dAa@lASv@WpAEPICSEaASO?QDe@VQRMZKz@Dt@NdBEJFRVp@`@r@d@j@r@n@l@^h@Tf@Nl@Lz@Hb@@tAE`F_@jBObDUxBEdCH~BPjBL|BAvAOh@KbFkArLuCnNiDtB]hFg@lDYnCMnGM`RYjLSRB`A?|BCv@Bl@Dn@L|@Xr@d@v@z@Zd@\\t@X`APbAjA`Oj@xET`Af@dAb@n@hA`Ap@Zt@Tf@Hh@B~EFzDD`DFfAJjAT|@Xb@Pf@Vd@Z`@Zn@p@z@fAxAbCh@~@r@bAz@bAdAx@hAn@d@Pf@JhBVnAHbGHlNHzJFnHBrDNtALpFp@rBb@lCr@hDjA~CvA`B|@`B`ApA|@|BhBnBjBf@f@TPhBvBtAbBrAxBpB|D`A|B~@nCn@nBRj@n@~@d@xAtAlD|@nBx@hA|@hAjBlCb@j@VTn@V@DLHPLDHHP}@Ri@Nm@LcDx@e@Ps@h@{AtAjBnCzS|ZjBrCRl@Dp@Af@Cr@WCi@?cB?qF@', 2),
(3895, 942, 'Rand Girls\' High School', '-26.187896', '28.0354984', '00:00:00', 0, '', 1),
(3896, 943, 'Mayfield Park', '-26.3157844', '28.0178768', '14:10:00', 0, 'rim_D_dziDc@kAQq@x@UlA[hDaApGgBzFaBpMeEzHgCbEiA@aCBw@LqAPy@Po@Z{@p@iAb@k@`BsBvCkDjAsAXU|DqBbAw@~CkEnCqDX[Le@`@iBRo@N[rAgAPEvH[^KvDiBb@[hEmFT[hGcWhHe@lGa@OaGW_IKoDKwCnCQtBKxD_@xCQbD[bDUIoE', 1),
(3897, 943, 'Vereeniging Road & Angela Road', '-26.2877793', '27.9918366', '14:05:00', 0, 'dni_DopwiDjAiJjAwGn@gD`@gBd@}BHe@\\@t@NpA`@hBb@dDXzEJhACtDU`@?vAYb@IpAa@dA_@nB{@lBgAdCiB|A}Av@}@z@eAhCmD~AqBhBeBbDwBzEaC~@c@~FoCvCsAhEqBlEqBlCiAlAo@d@|AN^', 2),
(3898, 943, 'Columbine Avenue & Rifle Range Road', '-26.2680314', '27.9784819', '14:04:30', 0, 'xuj_DorbjDyGvCwBvAwCnB{@h@]Nw@NOEIIESMkBCuA@WHg@DOmCqAk@nBId@?^ZpBXhADF\\fAhAlBnBbD\\Xd@XZLt@RxAXrA^nA^\\PPPr@f@p@n@t@jAVp@V~@TjB@tBk@vJc@rF]xEyAhWU~ECdD@pBDVBdA@|CH~BDz@Hz@b@xCTf@bBvCnC`CpClB~CvB`@d@p@nAR~@@p@Cf@Cd@G~@cBxIcCzLcEhSgFpWaExS_Iv`@kDlQuCbOg@|B_AxE}@vEeAdHIp@c@xD]M', 3),
(3899, 943, 'Kliprivier Road', '-26.2743719', '28.0351174', '14:03:45', 0, 'fr__DmbbjD~DeKdGjCpKnEfAb@hIdDl@JjB?bGDb@HXH~DhBdCjA`@VbDpCbElDjExDnAzAx@zAjAvDF^NLLPPVXRz@PfBGh@Kd@Sr@g@hCyBxBwAl@WvAg@XKbBa@~B_@|@KnAGjBAxA@nCFnBBn@C~BU~Gw@dESrFQlEKpA@fCDvGl@`CLz@BT@hZqA`I]lCQxAY|Ac@~Bg@`GaArReCv@KtR}BjCa@pKsAfDc@`Fq@~A_@lA[r@StAk@pBgAjH{EpBcAx@a@rAc@bAc@vDYxBCrDTFCLALAXELKJOBWFk@?y@q@gFkDx@mA`@kA`@q@^c@b@a@h@GNAL@r@qAJqCT', 4),
(3900, 943, 'Earp Street & John Street', '-26.2174847', '28.0325488', '14:02:30', 0, 'ng{~C_jbjDhOsCp@Sf@]RUXa@b@aAf@m@TS~@i@JhAf@vIXxE@DO@Y@qANc@JWTK\\C`@JdCJnAHZPh@Zh@PR\\RXH^Fx@AhAGjBGp@BVCnAKlDUdDKhQYnPY|@AHGb@?rBe@fAc@n@e@|@aA|@qAVk@L_@Z{ALaAD_BEyOGqBSaG@MBUB?DAD?B?h@b@jC`BlC|AdAr@f@X\\LfEvAtC`AvDtB`InEwAlDgBvE', 5),
(3901, 943, 'Braamfontein', '-26.1952602', '28.0337497', '14:01:30', 0, '', 6),
(3902, 944, 'Eloff St & Wemmer Jubilee Rd', '-26.21179', '28.04407', '00:00:00', 0, '', 1),
(3903, 944, 'Ghandi square', '-26.2066264', '28.0433502', '00:00:00', 0, 'zn~~CwjdjDe@Yi@O]GWAOIU?oDO}AAoAAe@?uAHyCTh@fI@Zm@FsBNaBHmCTUaEfAG', 2),
(3904, 945, 'Glenvista', '-26.2810687', '28.0508097', '00:00:00', 0, '', 1),
(3905, 945, 'Village Main', '-26.214211', '28.0500779', '00:00:00', 0, 'f_l_DsrejDqAWABg@zAfA`@LJd@v@gCpCQRIp@n@DTFxAv@XXTb@TjCd@fF^pE?fAAb@C`@Sx@]r@e@b@y@h@[h@eAr@QT_@`BQbA_@lBk@bDAjB@vAEXG\\GHi@d@m@VoAX_AHmEIPdBlAbK\\hCC|@[vBGJMHSFK@{@M{AKyACgAD_BPy@VcA^u@b@URk@LsAv@yD|Bc@TyAj@y@X}GpBsBh@yB^m@L{C^oARiBP{H~@iC`@yHvAiDf@gFr@{Fp@wEj@yEh@uCb@yEz@_@LWJ{EX{Mp@uRx@_BF}AA_AIaIo@wEIUEs@BeCJc@BuIXeCT}H~@cABqBCmCIE]]oBMq@S_BA[TyBtA_NtC}WlBiQyIKOCk@SkLqFeK{EcMaGa@S_Be@_JyB]KK@O?uCu@iAUe@?cV~ByB^]D{@@qMMwMGwIGkCCc@A?QLuFXoKNgGA_@Km@Ou@i@XKDG@_A@Bu@BqAiDQi@CD{@B_@BE', 2),
(3906, 946, 'Wemmer Jubilee Road', '-26.2113143', '28.0472814', '00:00:00', 0, '', 1),
(3907, 946, 'Jhb Gen Hospital', '-26.1744353', '28.04716059999999', '00:00:00', 0, 'tk~~Co~djDd@xIT`FpCzAv@VvAD^??Z@t@_@l@Wl@Kn@_AlH_@~BW~AQrBEx@GVELCr@AhA?lABlH?lAD^HbAJjBHpANrCFd@?p@AdACd@Mz@I\\Qh@s@nAs@z@wAfAc@Vg@Pk@NgBVWBm@FeA?eJNyINwEHgDLgDN_CNqDVyE^cAJaAPoInBuHfB_FpAsHbBsB^cAJk@@kBC}AK}DY}A?ePhAoBFi@Ay@GgAW{@]cAq@cAeA_@o@Ym@Wu@Ok@G[G[Wa@WaAIWO]]c@OMm@_@m@[KI]u@a@_AMk@G_@C}BEgEEeBQ{BiBaVWyBa@mC{@aHg@iESmAm@kC_@qAGw@_@qA[aAe@_AU]_@e@c@c@k@a@o@[]GyBu@s@[_@_@c@q@_@u@I[Mw@Ck@[?WGq@k@k@]c@IoBIgB@aDH{DG{B|@s@XINET@RNn@rAGjAU', 2),
(3908, 947, 'Forest Hill', '-26.2527172', '28.0376373', '00:00:00', 0, '', 1),
(3909, 947, '12 Wemmer Jubilee Rd', '-26.2118196', '28.0463003', '00:00:00', 0, 'hnf_DebcjDDjAsCRcHXaDJmASqBYsBa@yCc@eFo@_Gy@kSqCeFu@s@KuCGcFIQEgCiAkMcGiR}I{BgAsGcBiEgAU@kDy@cAS{@FwNtAkD\\iAN_BX]ByDC{KKmOIyHE{GG{GIu@Dg@A_@Ew@SqAw@u@e@Ca@Cc@Q}D[aG^FpA\\', 2);

-- --------------------------------------------------------

--
-- Table structure for table `tbl_booking_history`
--

CREATE TABLE `tbl_booking_history` (
  `id` int(11) NOT NULL,
  `qr_code` varchar(10) NOT NULL,
  `customer_id` int(11) NOT NULL,
  `transport_vehicles_id` int(11) NOT NULL,
  `start_point_id` int(11) NOT NULL,
  `route_id` int(11) NOT NULL,
  `duty_id` int(11) DEFAULT NULL,
  `driver_trip_id` int(11) DEFAULT NULL,
  `end_point_id` int(11) NOT NULL,
  `start_time` time NOT NULL,
  `end_time` time NOT NULL,
  `fare_amount` float NOT NULL,
  `actual_amount` float NOT NULL,
  `no_of_seat` int(11) NOT NULL,
  `payment_mode` enum('Cash','Wallet') NOT NULL,
  `status` enum('Pending','Completed','CancleByDriver','Cancelled','PendingApprovalForCash') NOT NULL,
  `boarding_status` tinyint(1) NOT NULL,
  `booking_date` date NOT NULL,
  `booking_type` enum('Midway','Pre','Instant','Local') NOT NULL,
  `start_by` enum('Driver','Admin') DEFAULT 'Driver',
  `end_by` enum('Driver','Admin','System') DEFAULT 'Driver',
  `created_at` datetime NOT NULL,
  `updated_at` datetime NOT NULL,
  `start_point_name` varchar(250) DEFAULT NULL,
  `end_point_name` varchar(250) DEFAULT NULL
) ENGINE=InnoDB DEFAULT CHARSET=latin1 COLLATE=latin1_swedish_ci;

--
-- Dumping data for table `tbl_booking_history`
--

INSERT INTO `tbl_booking_history` (`id`, `qr_code`, `customer_id`, `transport_vehicles_id`, `start_point_id`, `route_id`, `duty_id`, `driver_trip_id`, `end_point_id`, `start_time`, `end_time`, `fare_amount`, `actual_amount`, `no_of_seat`, `payment_mode`, `status`, `boarding_status`, `booking_date`, `booking_type`, `start_by`, `end_by`, `created_at`, `updated_at`, `start_point_name`, `end_point_name`) VALUES
(1, '', 5, 44, 827, 292, 13, 6, 0, '12:05:00', '00:10:00', 10, 10, 1, 'Wallet', 'Completed', 1, '2023-04-05', 'Local', 'Driver', 'System', '2023-04-05 12:05:42', '2023-04-06 00:10:01', 'Eco Court Office Park', ''),
(2, '', 4, 44, 827, 292, 13, 7, 827, '16:30:00', '16:32:00', 10, 10, 1, 'Wallet', 'Completed', 1, '2023-05-18', 'Local', 'Driver', 'Driver', '2023-05-18 16:30:42', '2023-05-18 16:32:59', 'Eco Court Office Park', 'Eco Court Office Park'),
(3, '', 4, 57, 1742, 424, 17, 10, 1742, '18:55:00', '18:55:00', 20, 20, 1, 'Wallet', 'Completed', 1, '2023-05-18', 'Local', 'Driver', 'Driver', '2023-05-18 18:55:23', '2023-05-18 18:55:39', 'Eco Court Office Park', 'Eco Court Office Park'),
(4, '', 4, 38, 1740, 423, 16, 11, 0, '11:26:00', '11:36:00', 20, 14.2, 1, 'Wallet', 'Completed', 1, '2023-05-19', 'Local', 'Driver', 'Driver', '2023-05-19 11:26:52', '2023-05-19 11:36:18', '327 Ontdekkers Rd', ''),
(5, '', 1, 91, 1746, 428, 20, 17, 1746, '13:24:00', '13:26:00', 5, 5, 1, 'Wallet', 'Completed', 1, '2023-08-28', 'Local', 'Driver', 'Driver', '2023-08-28 13:24:31', '2023-08-28 13:26:19', 'Ecosmob Technologies Pvt. Ltd.', 'Ecosmob Technologies Pvt. Ltd.'),
(6, '', 1, 91, 1746, 428, 20, 18, 1746, '13:53:00', '13:59:00', 5, 5, 1, 'Wallet', 'Completed', 1, '2023-08-29', 'Local', 'Driver', 'Driver', '2023-08-29 13:53:11', '2023-08-29 13:59:50', 'Ecosmob Technologies Pvt. Ltd.', 'Ecosmob Technologies Pvt. Ltd.'),
(7, '', 1, 91, 1746, 428, 20, 18, 1746, '14:01:00', '14:01:00', 5, 5, 1, 'Wallet', 'Completed', 1, '2023-08-29', 'Local', 'Driver', 'Driver', '2023-08-29 14:01:33', '2023-08-29 14:01:33', 'Ecosmob Technologies Pvt. Ltd.', 'Ecosmob Technologies Pvt. Ltd.'),
(8, '', 1, 91, 1746, 428, 20, 18, 1746, '14:01:00', '14:02:00', 5, 5, 1, 'Wallet', 'Completed', 1, '2023-08-29', 'Local', 'Driver', 'Driver', '2023-08-29 14:01:50', '2023-08-29 14:02:11', 'Ecosmob Technologies Pvt. Ltd.', 'Ecosmob Technologies Pvt. Ltd.'),
(9, '', 1, 91, 1746, 428, 20, 18, 1746, '14:02:00', '14:02:00', 5, 5, 1, 'Wallet', 'Completed', 1, '2023-08-29', 'Local', 'Driver', 'Driver', '2023-08-29 14:02:24', '2023-08-29 14:02:40', 'Ecosmob Technologies Pvt. Ltd.', 'Ecosmob Technologies Pvt. Ltd.'),
(10, '', 5, 70, 3045, 676, 24, 25, 0, '11:01:00', '00:10:00', 10, 10, 1, 'Wallet', 'Completed', 1, '2023-10-04', 'Local', 'Driver', 'System', '2023-10-04 11:01:36', '2023-10-05 00:10:01', '340 Witch-Hazel Ave', '');

-- --------------------------------------------------------

--
-- Table structure for table `tbl_booking_user_taxi_data`
--

CREATE TABLE `tbl_booking_user_taxi_data` (
  `id` int(11) NOT NULL,
  `booking_history_id` int(11) NOT NULL,
  `vehicle_type` enum('Bus','Taxi') DEFAULT NULL,
  `vehicle_number` varchar(50) DEFAULT NULL,
  `vehicle_name` varchar(250) DEFAULT NULL,
  `is_ac` enum('0','1') DEFAULT NULL,
  `no_of_seats` int(11) DEFAULT NULL,
  `customer_name` varchar(250) DEFAULT NULL,
  `customer_email` varchar(100) DEFAULT NULL,
  `customer_mobile` varchar(15) DEFAULT NULL,
  `balance` float DEFAULT NULL,
  `emergency_number` varchar(15) DEFAULT NULL,
  `driver_name` varchar(250) DEFAULT NULL,
  `driver_email` varchar(100) DEFAULT NULL,
  `driver_mobile` varchar(15) DEFAULT NULL
) ENGINE=InnoDB DEFAULT CHARSET=latin1 COLLATE=latin1_swedish_ci;

--
-- Dumping data for table `tbl_booking_user_taxi_data`
--

INSERT INTO `tbl_booking_user_taxi_data` (`id`, `booking_history_id`, `vehicle_type`, `vehicle_number`, `vehicle_name`, `is_ac`, `no_of_seats`, `customer_name`, `customer_email`, `customer_mobile`, `balance`, `emergency_number`, `driver_name`, `driver_email`, `driver_mobile`) VALUES
(1, 1, '', '2133', 'FK66CJGP', '0', 60, 'Rhulani', 'eric@nemflex.co.za', '0713407113', 142, NULL, NULL, NULL, NULL),
(2, 2, '', '2133', 'FK66CJGP', '0', 60, 'Poplos', 'velaphi@calmex.co.za', '0810369391', 95.55, NULL, NULL, NULL, NULL),
(3, 3, '', '2146', 'FL35YNGP', '0', 60, 'Poplos', 'velaphi@calmex.co.za', '0810369391', 75.55, NULL, NULL, NULL, NULL),
(4, 4, '', '2080', 'FH73JS GP', '0', 60, 'Poplos', 'velaphi@calmex.co.za', '0810369391', 61.35, NULL, NULL, NULL, NULL),
(5, 5, 'Bus', '501502', 'ecosmob vehicle', '0', 10, 'Maulik', 'testvishva1234@mailinator.com', '0120650450', 290, NULL, NULL, NULL, NULL),
(6, 6, 'Bus', '501502', 'ecosmob vehicle', '0', 10, 'Maulik', 'testvishva1234@mailinator.com', '0120650450', 285, NULL, NULL, NULL, NULL),
(7, 7, 'Bus', '501502', 'ecosmob vehicle', '0', 10, 'Maulik', 'testvishva1234@mailinator.com', '0120650450', 280, NULL, NULL, NULL, NULL),
(8, 8, 'Bus', '501502', 'ecosmob vehicle', '0', 10, 'Maulik', 'testvishva1234@mailinator.com', '0120650450', 275, NULL, NULL, NULL, NULL),
(9, 9, 'Bus', '501502', 'ecosmob vehicle', '0', 10, 'Maulik', 'testvishva1234@mailinator.com', '0120650450', 270, NULL, NULL, NULL, NULL),
(10, 10, '', '4110', 'VLC209GP', '0', 60, 'Rhulani', 'eric@nemflex.co.za', '0713407113', 132, NULL, NULL, NULL, NULL);

-- --------------------------------------------------------

--
-- Table structure for table `tbl_customer_transaction`
--

CREATE TABLE `tbl_customer_transaction` (
  `ct_id` int(11) NOT NULL,
  `cust_id` int(11) NOT NULL COMMENT 'Customer id for whom balance updated',
  `customer_booking_id` int(11) DEFAULT NULL,
  `ct_type` enum('CREDIT','DEBIT') NOT NULL DEFAULT 'DEBIT' COMMENT ' Transaction type',
  `ct_amount` double(10,2) NOT NULL COMMENT ' Transaction amount ',
  `ct_description` text NOT NULL COMMENT ' Description',
  `ct_triggered_by` varchar(50) NOT NULL DEFAULT 'Portal' COMMENT ' Transaction done through from given',
  `ct_updated_by` int(11) DEFAULT NULL COMMENT ' Transaction done by ',
  `ct_updated_bal` double(10,2) NOT NULL DEFAULT 0.00 COMMENT ' Balance at transaction time ',
  `ct_updated_date` datetime DEFAULT NULL COMMENT ' Transaction done date time ',
  `sales_id` int(11) DEFAULT 0 COMMENT 'sale increment',
  `usage_id` int(11) DEFAULT 0 COMMENT 'usage increment'
) ENGINE=InnoDB DEFAULT CHARSET=latin1 COLLATE=latin1_swedish_ci;

-- --------------------------------------------------------

--
-- Table structure for table `tbl_mobile_user`
--

CREATE TABLE `tbl_mobile_user` (
  `id` int(11) NOT NULL,
  `taxi_owner_id` int(11) DEFAULT NULL,
  `parent_id` int(11) DEFAULT NULL,
  `calmex_id` int(11) DEFAULT NULL,
  `calmex_url` text NOT NULL,
  `calmex_header` text NOT NULL,
  `name` varchar(250) DEFAULT NULL,
  `email` varchar(100) DEFAULT NULL,
  `country_code` varchar(10) DEFAULT NULL,
  `mobile` varchar(15) DEFAULT NULL,
  `passport_number` varchar(100) DEFAULT NULL,
  `emergency_number` varchar(15) DEFAULT NULL,
  `device_token` text DEFAULT NULL,
  `api_token` text DEFAULT NULL,
  `device_type` enum('Android','iOS') NOT NULL,
  `balance` float DEFAULT NULL,
  `profile_image` varchar(50) DEFAULT NULL,
  `type` enum('DRIVER','CUSTOMER') NOT NULL,
  `is_verified` enum('Yes','No') NOT NULL DEFAULT 'No',
  `is_profile_updated` enum('Yes','No') NOT NULL DEFAULT 'No',
  `transport_vehicle_id` int(11) DEFAULT NULL,
  `latitude` varchar(20) DEFAULT NULL,
  `longitude` varchar(20) DEFAULT NULL,
  `status` enum('A','I') NOT NULL DEFAULT 'A',
  `user_qr_code` varchar(15) DEFAULT NULL,
  `user_qr_number` varchar(15) DEFAULT NULL,
  `id_number` varchar(15) DEFAULT NULL,
  `company_id` int(11) DEFAULT 1,
  `created_by` int(11) DEFAULT NULL COMMENT 'Merchant Id',
  `created_at` datetime NOT NULL,
  `updated_at` datetime NOT NULL
) ENGINE=InnoDB DEFAULT CHARSET=latin1 COLLATE=latin1_swedish_ci;

--
-- Dumping data for table `tbl_mobile_user`
--

INSERT INTO `tbl_mobile_user` (`id`, `taxi_owner_id`, `parent_id`, `calmex_id`, `calmex_url`, `calmex_header`, `name`, `email`, `country_code`, `mobile`, `passport_number`, `emergency_number`, `device_token`, `api_token`, `device_type`, `balance`, `profile_image`, `type`, `is_verified`, `is_profile_updated`, `transport_vehicle_id`, `latitude`, `longitude`, `status`, `user_qr_code`, `user_qr_number`, `id_number`, `company_id`, `created_by`, `created_at`, `updated_at`) VALUES
(1, NULL, NULL, 178, 'https://calmexweb.ecosmob.net:8080/api/v3/edriver/ticket/purchase', '{\"X-appVersion\":\"3.1\",\"id\":\"178\",\"authtoken\":\"UHvFFlw1CSvaUJzaDwGIAYnrVEuUoa\",\"tenant-id\":\"1\",\"X-platform\":\"ANDROID\",\"X-OSVersion\":\"9\",\"X-device\":\"vivo vivo 1921\",\"cache-control\":\"no-cache\"}', 'Maulik', 'testvishva1234@mailinator.com', '27', '0120650450', NULL, NULL, 'fpLeDM-_RCqmEo6B9xsrJe:APA91bFcDL3xKCJQzMxOitenm7hvv27aYcyMbe_CG7fYWWfzzVAaZReUJBvu9CxiVd3AOJDoNaXBAOFshzbriWlaur-rDpl7oOt4ZPjY_lr6QlB8fI3HH2G7zsYo0Q34ULm9to4A69M1', NULL, 'Android', 270, 'https://shafi.edriver.api.ecosmob.net/profile/user', 'CUSTOMER', 'Yes', 'No', NULL, '', '', 'A', 'zudbWcVYvw', 'QR-444-791-614', NULL, 1, NULL, '2023-02-02 14:20:37', '2023-09-13 11:47:58'),
(2, NULL, NULL, 187, 'https://calmexweb.ecosmob.net:8080/api/v3/edriver/ticket/purchase', '{\"X-appVersion\":\"3.1\",\"id\":\"187\",\"authtoken\":\"G6SET3llg5b6UuVSsDBAa9jVSwA889\",\"tenant-id\":\"1\",\"X-platform\":\"ANDROID\",\"X-OSVersion\":\"10\",\"X-device\":\"samsung SM-G965F\",\"cache-control\":\"no-cache\"}', 'Mahendi', 'mahendi.ecosmob@123.com', '27', '0972571952', NULL, NULL, 'cGhws9puQ7O-wQvCrDToP0:APA91bFblnNXrUAQNTrXrnSOhjTjZI3LL7B6eU0FJCDCXoP9VFvHVyQy41Kza1C4xHVLpEDp-pFjKi829buO6jb7XgSQ5hN4i6eKBiArcs8nK0LqHTfBppCXnb5ZGbVHn2G87FLsk0HK', NULL, 'Android', 171, 'https://shafi.edriver.api.ecosmob.net/profile/user', 'CUSTOMER', 'Yes', 'No', NULL, '', '', 'A', 'bpPBDTujOW', 'QR-292-706-965', NULL, 1, NULL, '2023-02-02 14:26:56', '2023-02-16 15:06:01'),
(3, NULL, NULL, 179, 'https://calmexweb.ecosmob.net:8080/api/v3/edriver/ticket/purchase', '{\"X-appVersion\":\"3.1\",\"id\":\"179\",\"authtoken\":\"1cAGZ0dxuX0rAh0f0zJK0mf5QKJLh4\",\"tenant-id\":\"1\",\"X-platform\":\"ANDROID\",\"X-OSVersion\":\"12\",\"X-device\":\"samsung SM-G973U\",\"cache-control\":\"no-cache\"}', 'Krunal', 'testannu1234@mailinator.com', '27', '0120650451', NULL, NULL, 'e8h5oPNGQNm4q4H8Rck5yN:APA91bHsgvuq8Ut8CCaQraPrErwNg5iTsI7I7x4X7NQLs2dTxUSQRjTIs10vXT22c0ZcoAWjGOrR70tnXzw7oAPIy4s4OOyQDWUWN12yBnzlxqlAfg2_RfC_Sp6Q4zHW_amo8qdNvnFe', NULL, 'Android', 290, 'https://shafi.edriver.api.ecosmob.net/profile/user', 'CUSTOMER', 'Yes', 'No', NULL, '', '', 'A', 'euNCrL7MDW', 'QR-190-918-792', NULL, 1, NULL, '2023-02-02 15:35:31', '2023-12-28 15:08:06'),
(4, NULL, NULL, 19, 'https://calmexweb.ecosmob.net:8080/api/v3/edriver/ticket/purchase', '{\"X-appVersion\":\"3.1\",\"id\":\"19\",\"authtoken\":\"39JlJSaPGBCmYbQrjKEThXNnKie9ED\",\"tenant-id\":\"1\",\"X-platform\":\"ANDROID\",\"X-OSVersion\":\"11\",\"X-device\":\"samsung SM-A032F\",\"cache-control\":\"no-cache\"}', 'Poplos', 'velaphi@calmex.co.za', '27', '0810369391', NULL, NULL, 'fziW8trGTJ2twFYSW06-yo:APA91bE6HroFUIyIkSIn8FkpeZzDBy240N8Aqbbs3tCFhKr-OgwDHa2sXU_p5wZPaOxXRv3nT20hEq1IEX5CFGh8dKMCDo6jPmf7h7QrCVwnG-__6-fFbDUANbfN5PfHBmUnzjcU4G0Y', NULL, 'Android', 61.35, 'https://shafi.edriver.api.ecosmob.net/profile/user', 'CUSTOMER', 'Yes', 'No', NULL, '', '', 'A', '1ZLW2sa1Pe', 'QR-698-466-882', NULL, 1, NULL, '2023-02-03 16:42:20', '2023-05-31 11:00:58'),
(5, NULL, NULL, 37, 'https://calmexweb.ecosmob.net:8080/api/v3/edriver/ticket/purchase', '{\"X-appVersion\":\"3.1\",\"id\":\"37\",\"authtoken\":\"OkltquQV5SaQxZwdk36CKQyn05fuRn\",\"tenant-id\":\"1\",\"X-platform\":\"ANDROID\",\"X-OSVersion\":\"9\",\"X-device\":\"samsung SM-G975F\",\"cache-control\":\"no-cache\"}', 'Rhulani', 'eric@nemflex.co.za', '27', '0713407113', NULL, NULL, 'cwK0y5VRT8ugUe-DAe7sBv:APA91bEgd3s2Pm9uYMdbqr5SYaQlYlfG4I_f7tn27MuD4RrcBBJ0eNt8KcWySK3sv-l1OHLyRluHxAforC7dWKnbSUka0nUNbUwdASCGxXMAAinebD7drLjEZ2Cpkq0Dw0-kBxDYFMLx', NULL, 'Android', 132, 'https://shafi.edriver.api.ecosmob.net/profile/user', 'CUSTOMER', 'Yes', 'No', NULL, '-26.1395074', '27.8598977', 'A', 'xwPBrLKo45', 'QR-512-915-637', NULL, 1, NULL, '2023-02-06 21:54:12', '2023-10-09 11:58:19'),
(6, NULL, NULL, 16, 'https://calmexwebnew.calmex.co.za:8080/api/v3/edriver/ticket/purchase', '{\"X-appVersion\":\"3.1\",\"id\":\"16\",\"authtoken\":\"hMwapQVpLqchE04RiykecShJFnxNzs\",\"tenant-id\":\"1\",\"X-platform\":\"ANDROID\",\"X-OSVersion\":\"13\",\"X-device\":\"realme RMX3242\",\"cache-control\":\"no-cache\"}', 'Akash', 'akash.sheth@ecosmob.com', '27', '0120650452', NULL, NULL, 'dNVx3ParThOLcvRnDPKjaf:APA91bFdfgn3550-PCdxylZCF9uGIkKGQwkEcn8i8x_ZgxnTU_Wg5uxzdTFnjSJJA8JPBSXQeekVR7kG2wbhtm-CFemQWdmCVKLYjaxshJsmu-huTkWdLauo-RPVI06aMXjWJM4SuOVx', NULL, 'Android', 0, 'https://shafi.edriver.api.ecosmob.net/profile/user', 'CUSTOMER', 'Yes', 'No', NULL, '23.0282748', '72.4988487', 'A', 'YzGk6FxzVA', 'QR-779-262-226', NULL, 1, NULL, '2023-03-22 14:52:49', '2023-03-22 14:52:49'),
(7, NULL, NULL, 190, 'https://calmexweb.ecosmob.net:8080/api/v3/edriver/ticket/purchase', '{\"X-appVersion\":\"3.1\",\"id\":\"190\",\"authtoken\":\"TOyjrl1ghZ3ewX9JmUB7XeTz0drL83\",\"tenant-id\":\"1\",\"X-platform\":\"ANDROID\",\"X-OSVersion\":\"13\",\"X-device\":\"samsung SM-M136B\",\"cache-control\":\"no-cache\"}', 'Gurpreet', 'gpsingh1p5@mailnator.com', '27', '0120650453', NULL, NULL, 'dLimKiNmTrCkXjjiiaVs03:APA91bGGOjPxVIUcYaPYgWznVkdjJtZdNYRBIwvrbrw1D1O8JIHRw-HphJD9pqYFrZ8lSOBu5boXekxc7ZwcvUwpqU82NIgtpB62cgyqFwaSeofRepXJ8UbLsMuWF1SaDkCRQBF7lzF_', NULL, 'Android', 0, 'https://shafi.edriver.api.ecosmob.net/profile/user', 'CUSTOMER', 'Yes', 'No', NULL, '23.0334539', '72.5239821', 'A', 'XqOoXQ622V', 'QR-124-511-889', NULL, 1, NULL, '2023-10-19 10:10:47', '2023-11-24 09:52:49');

-- --------------------------------------------------------

--
-- Table structure for table `tbl_ticket_detail`
--

CREATE TABLE `tbl_ticket_detail` (
  `td_id` int(11) NOT NULL,
  `tm_id` int(11) NOT NULL,
  `user_id` int(11) DEFAULT NULL,
  `cust_id` int(11) DEFAULT NULL,
  `mch_id` int(11) DEFAULT NULL COMMENT 'Merchant Id',
  `td_message` text CHARACTER SET utf8mb4 COLLATE utf8mb4_general_ci DEFAULT NULL,
  `td_created_date` datetime DEFAULT NULL
) ENGINE=InnoDB DEFAULT CHARSET=utf8mb4 COLLATE=utf8mb4_unicode_ci;

-- --------------------------------------------------------

--
-- Table structure for table `tbl_user_otp`
--

CREATE TABLE `tbl_user_otp` (
  `otp_id` int(6) UNSIGNED NOT NULL COMMENT 'Auto-incremented Id',
  `country_code` varchar(10) DEFAULT NULL,
  `otp_mobile` varchar(20) CHARACTER SET latin1 COLLATE latin1_swedish_ci NOT NULL COMMENT 'Customer Mobile Number',
  `otp_pin` varchar(8) CHARACTER SET latin1 COLLATE latin1_swedish_ci NOT NULL COMMENT 'OTP Pin',
  `otp_status` enum('Y','N') CHARACTER SET latin1 COLLATE latin1_swedish_ci NOT NULL DEFAULT 'N' COMMENT 'OTP Used or not?',
  `otp_for` enum('LOGIN','REGISTRATION','FORGOT_PASSWORD','CHANGE_MOBILE') NOT NULL DEFAULT 'LOGIN',
  `created_date` datetime DEFAULT NULL,
  `usr_id` int(6) UNSIGNED DEFAULT NULL,
  `usr_type` varchar(20) DEFAULT NULL
) ENGINE=InnoDB DEFAULT CHARSET=utf8 COLLATE=utf8_general_ci;

-- --------------------------------------------------------

--
-- Table structure for table `trip_status_history`
--

CREATE TABLE `trip_status_history` (
  `trip_status_history_id` int(11) NOT NULL,
  `old_driver_trip_id` int(11) NOT NULL,
  `new_driver_trip_id` int(11) NOT NULL,
  `old_status` enum('Active','End','Paused') NOT NULL,
  `updated_status` enum('Paused','Resumed') NOT NULL,
  `updated_at` datetime NOT NULL,
  `trip_updated_for` enum('driver_change','vehicle_change') NOT NULL,
  `old_object_id` int(11) NOT NULL,
  `new_object_id` int(11) NOT NULL,
  `pause_reason_id` int(11) NOT NULL,
  `pause_description` text NOT NULL
) ENGINE=InnoDB DEFAULT CHARSET=utf8 COLLATE=utf8_unicode_ci;

--
-- Dumping data for table `trip_status_history`
--

INSERT INTO `trip_status_history` (`trip_status_history_id`, `old_driver_trip_id`, `new_driver_trip_id`, `old_status`, `updated_status`, `updated_at`, `trip_updated_for`, `old_object_id`, `new_object_id`, `pause_reason_id`, `pause_description`) VALUES
(3, 304, 0, 'Active', 'Paused', '2024-01-12 14:36:47', 'vehicle_change', 21, 0, 4, 'Brake fail'),
(4, 304, 305, 'Paused', 'Resumed', '2024-01-12 14:38:13', 'vehicle_change', 21, 55, 0, ''),
(5, 323, 0, 'Active', 'Paused', '2024-01-17 16:11:43', 'vehicle_change', 21, 0, 4, 'Brake fail'),
(6, 323, 324, 'Paused', 'Resumed', '2024-01-17 16:12:33', 'vehicle_change', 21, 35, 0, ''),
(7, 387, 0, 'Active', 'Paused', '2024-02-14 15:58:20', 'vehicle_change', 21, 0, 5, 'Fuel empty'),
(8, 387, 387, 'Paused', 'Resumed', '2024-02-14 15:59:55', 'vehicle_change', 21, 21, 0, 'No Vehicle Change'),
(9, 459, 0, 'Active', 'Paused', '2024-04-30 14:32:15', 'vehicle_change', 20, 0, 7, 'Breakdown'),
(10, 459, 459, 'Paused', 'Resumed', '2024-04-30 14:32:48', 'vehicle_change', 20, 20, 0, 'No Vehicle Change'),
(11, 527, 0, 'Active', 'Paused', '2024-05-09 13:48:54', 'vehicle_change', 21, 0, 7, 'Breakdown'),
(12, 527, 527, 'Paused', 'Resumed', '2024-05-09 13:49:43', 'vehicle_change', 21, 21, 0, 'No Vehicle Change'),
(13, 533, 0, 'Active', 'Paused', '2024-05-13 14:30:35', 'vehicle_change', 21, 0, 7, 'Breakdown'),
(14, 533, 533, 'Paused', 'Resumed', '2024-05-13 14:32:32', 'vehicle_change', 21, 21, 0, 'No Vehicle Change'),
(15, 535, 0, 'Active', 'Paused', '2024-05-13 14:37:42', 'vehicle_change', 23, 0, 7, 'Breakdown'),
(16, 538, 0, 'Active', 'Paused', '2024-05-13 14:46:37', 'vehicle_change', 21, 0, 7, 'Breakdown'),
(17, 538, 538, 'Paused', 'Resumed', '2024-05-13 14:48:12', 'vehicle_change', 21, 21, 0, 'No Vehicle Change'),
(18, 568, 0, 'Active', 'Paused', '2024-05-14 13:58:06', 'vehicle_change', 22, 0, 7, 'Breakdown'),
(19, 568, 568, 'Paused', 'Resumed', '2024-05-14 13:58:37', 'vehicle_change', 22, 22, 0, 'No Vehicle Change'),
(20, 571, 0, 'Active', 'Paused', '2024-05-14 14:09:17', 'vehicle_change', 22, 0, 7, 'Breakdown'),
(21, 571, 571, 'Paused', 'Resumed', '2024-05-14 14:10:00', 'vehicle_change', 22, 22, 0, 'No Vehicle Change');

-- --------------------------------------------------------

--
-- Table structure for table `user_depot_relation`
--

CREATE TABLE `user_depot_relation` (
  `user_depot_relation_id` int(11) NOT NULL,
  `user_id` int(11) NOT NULL,
  `depot_id` int(11) NOT NULL,
  `company_id` int(11) NOT NULL,
  `updated_datetime` datetime NOT NULL DEFAULT current_timestamp()
) ENGINE=InnoDB DEFAULT CHARSET=utf8mb4 COLLATE=utf8mb4_general_ci;

--
-- Indexes for dumped tables
--

--
-- Indexes for table `activity_log`
--
ALTER TABLE `activity_log`
  ADD PRIMARY KEY (`activity_log_id`);

--
-- Indexes for table `auth_assignment`
--
ALTER TABLE `auth_assignment`
  ADD PRIMARY KEY (`user_id`,`item_name`) USING BTREE,
  ADD KEY `user_id` (`user_id`),
  ADD KEY `auth_assignment_ibfk_1` (`item_name`);

--
-- Indexes for table `auth_item`
--
ALTER TABLE `auth_item`
  ADD PRIMARY KEY (`name`),
  ADD UNIQUE KEY `name` (`name`),
  ADD KEY `type` (`type`),
  ADD KEY `rule_name` (`rule_name`);

--
-- Indexes for table `auth_item_child`
--
ALTER TABLE `auth_item_child`
  ADD PRIMARY KEY (`parent`,`child`) USING BTREE,
  ADD KEY `child` (`child`);

--
-- Indexes for table `auth_rule`
--
ALTER TABLE `auth_rule`
  ADD PRIMARY KEY (`name`);

--
-- Indexes for table `booking_request_log`
--
ALTER TABLE `booking_request_log`
  ADD PRIMARY KEY (`id`);

--
-- Indexes for table `cancel_policy`
--
ALTER TABLE `cancel_policy`
  ADD PRIMARY KEY (`id`);

--
-- Indexes for table `customer_notification`
--
ALTER TABLE `customer_notification`
  ADD PRIMARY KEY (`id`),
  ADD KEY `customer_id` (`customer_id`);

--
-- Indexes for table `customer_qr_code`
--
ALTER TABLE `customer_qr_code`
  ADD PRIMARY KEY (`id`);

--
-- Indexes for table `damage_qr_code`
--
ALTER TABLE `damage_qr_code`
  ADD PRIMARY KEY (`id`);

--
-- Indexes for table `discount`
--
ALTER TABLE `discount`
  ADD PRIMARY KEY (`id`);

--
-- Indexes for table `driver_bank_details`
--
ALTER TABLE `driver_bank_details`
  ADD PRIMARY KEY (`id`),
  ADD KEY `driver_id` (`driver_id`),
  ADD KEY `owner_id` (`owner_id`);

--
-- Indexes for table `driver_trips`
--
ALTER TABLE `driver_trips`
  ADD PRIMARY KEY (`id`),
  ADD KEY `route_id` (`route_id`),
  ADD KEY `driver_id` (`driver_id`),
  ADD KEY `transport_vehicle_id` (`transport_vehicle_id`);

--
-- Indexes for table `duty`
--
ALTER TABLE `duty`
  ADD PRIMARY KEY (`id`),
  ADD KEY `id` (`id`);

--
-- Indexes for table `ed_admin`
--
ALTER TABLE `ed_admin`
  ADD PRIMARY KEY (`id`);

--
-- Indexes for table `ed_api`
--
ALTER TABLE `ed_api`
  ADD PRIMARY KEY (`id`);

--
-- Indexes for table `ed_audit_entry`
--
ALTER TABLE `ed_audit_entry`
  ADD PRIMARY KEY (`audit_entry_id`),
  ADD KEY `audit_entry_operation` (`audit_entry_operation`),
  ADD KEY `audit_entry_user_id` (`audit_entry_user_id`),
  ADD KEY `audit_entry_ip` (`audit_entry_ip`),
  ADD KEY `audit_entry_model_name` (`audit_entry_model_name`);

--
-- Indexes for table `ed_authkey`
--
ALTER TABLE `ed_authkey`
  ADD PRIMARY KEY (`id`),
  ADD KEY `user_id` (`user_id`);

--
-- Indexes for table `ed_booking_user_taxi_data`
--
ALTER TABLE `ed_booking_user_taxi_data`
  ADD PRIMARY KEY (`id`),
  ADD KEY `tbl_booking_history_id` (`booking_history_id`);

--
-- Indexes for table `ed_company_master`
--
ALTER TABLE `ed_company_master`
  ADD PRIMARY KEY (`id`),
  ADD KEY `id` (`id`);

--
-- Indexes for table `ed_content_management`
--
ALTER TABLE `ed_content_management`
  ADD PRIMARY KEY (`id`);

--
-- Indexes for table `ed_countries`
--
ALTER TABLE `ed_countries`
  ADD PRIMARY KEY (`id`);

--
-- Indexes for table `ed_customer_transaction`
--
ALTER TABLE `ed_customer_transaction`
  ADD PRIMARY KEY (`ct_id`),
  ADD KEY `cust_id` (`cust_id`);

--
-- Indexes for table `ed_depot`
--
ALTER TABLE `ed_depot`
  ADD PRIMARY KEY (`id`);

--
-- Indexes for table `ed_driver`
--
ALTER TABLE `ed_driver`
  ADD PRIMARY KEY (`id`);

--
-- Indexes for table `ed_driver_points`
--
ALTER TABLE `ed_driver_points`
  ADD PRIMARY KEY (`id`),
  ADD KEY `driver_id` (`driver_id`);

--
-- Indexes for table `ed_driver_tips`
--
ALTER TABLE `ed_driver_tips`
  ADD PRIMARY KEY (`id`);

--
-- Indexes for table `ed_duty_routes`
--
ALTER TABLE `ed_duty_routes`
  ADD PRIMARY KEY (`id`);

--
-- Indexes for table `ed_email_templates`
--
ALTER TABLE `ed_email_templates`
  ADD PRIMARY KEY (`id`),
  ADD UNIQUE KEY `key` (`key`);

--
-- Indexes for table `ed_forgot_password`
--
ALTER TABLE `ed_forgot_password`
  ADD PRIMARY KEY (`fp_id`),
  ADD KEY `fp_token` (`fp_token`);

--
-- Indexes for table `ed_global_configuration`
--
ALTER TABLE `ed_global_configuration`
  ADD PRIMARY KEY (`id`),
  ADD UNIQUE KEY `key` (`key`);

--
-- Indexes for table `ed_group_details`
--
ALTER TABLE `ed_group_details`
  ADD PRIMARY KEY (`id`),
  ADD KEY `group_id` (`group_id`),
  ADD KEY `member_id` (`member_id`);

--
-- Indexes for table `ed_group_master`
--
ALTER TABLE `ed_group_master`
  ADD PRIMARY KEY (`id`),
  ADD KEY `admin_id` (`admin_id`);

--
-- Indexes for table `ed_notification_log`
--
ALTER TABLE `ed_notification_log`
  ADD PRIMARY KEY (`nl_id`);

--
-- Indexes for table `ed_outlets`
--
ALTER TABLE `ed_outlets`
  ADD PRIMARY KEY (`id`);

--
-- Indexes for table `ed_outlets_images`
--
ALTER TABLE `ed_outlets_images`
  ADD PRIMARY KEY (`id`),
  ADD KEY `outlets_id` (`outlet_id`);

--
-- Indexes for table `ed_outlets_offer`
--
ALTER TABLE `ed_outlets_offer`
  ADD PRIMARY KEY (`id`),
  ADD KEY `outlets_id` (`outlets_id`);

--
-- Indexes for table `ed_parcel`
--
ALTER TABLE `ed_parcel`
  ADD PRIMARY KEY (`id`);

--
-- Indexes for table `ed_parcel_taxiowner`
--
ALTER TABLE `ed_parcel_taxiowner`
  ADD PRIMARY KEY (`id`);

--
-- Indexes for table `ed_passenger_detail`
--
ALTER TABLE `ed_passenger_detail`
  ADD PRIMARY KEY (`id`),
  ADD KEY `booking_history_id` (`booking_history_id`);

--
-- Indexes for table `ed_passenger_parcel`
--
ALTER TABLE `ed_passenger_parcel`
  ADD PRIMARY KEY (`id`);

--
-- Indexes for table `ed_password_recovery`
--
ALTER TABLE `ed_password_recovery`
  ADD PRIMARY KEY (`pwd_id`);

--
-- Indexes for table `ed_redeemed_history`
--
ALTER TABLE `ed_redeemed_history`
  ADD PRIMARY KEY (`id`),
  ADD KEY `driver_id` (`driver_id`),
  ADD KEY `outlet_id` (`outlet_id`),
  ADD KEY `outlet_offer_id` (`outlet_offer_id`);

--
-- Indexes for table `ed_routes`
--
ALTER TABLE `ed_routes`
  ADD PRIMARY KEY (`id`),
  ADD KEY `created_by` (`created_by`);

--
-- Indexes for table `ed_ticket_detail`
--
ALTER TABLE `ed_ticket_detail`
  ADD PRIMARY KEY (`td_id`);

--
-- Indexes for table `ed_ticket_master`
--
ALTER TABLE `ed_ticket_master`
  ADD PRIMARY KEY (`tm_id`);

--
-- Indexes for table `ed_transport_vehicles`
--
ALTER TABLE `ed_transport_vehicles`
  ADD PRIMARY KEY (`id`),
  ADD KEY `owner_id` (`owner_id`);

--
-- Indexes for table `ed_transport_vehicles_available_at`
--
ALTER TABLE `ed_transport_vehicles_available_at`
  ADD PRIMARY KEY (`id`),
  ADD KEY `transport_vehicles_id` (`transport_vehicles_id`),
  ADD KEY `route_id` (`route_id`);

--
-- Indexes for table `ed_transport_vehicles_qr_code`
--
ALTER TABLE `ed_transport_vehicles_qr_code`
  ADD PRIMARY KEY (`id`),
  ADD KEY `transport_vehicles_id` (`transport_vehicles_id`);

--
-- Indexes for table `ed_trip_acceleration`
--
ALTER TABLE `ed_trip_acceleration`
  ADD PRIMARY KEY (`id`),
  ADD KEY `driver_id` (`driver_id`),
  ADD KEY `trip_id` (`trip_id`);

--
-- Indexes for table `ed_trip_breaking`
--
ALTER TABLE `ed_trip_breaking`
  ADD PRIMARY KEY (`id`),
  ADD KEY `driver_id` (`driver_id`),
  ADD KEY `trip_id` (`trip_id`);

--
-- Indexes for table `ed_trip_details`
--
ALTER TABLE `ed_trip_details`
  ADD PRIMARY KEY (`id`),
  ADD KEY `driver_id` (`driver_id`);

--
-- Indexes for table `ed_trip_over_road_speed_limit`
--
ALTER TABLE `ed_trip_over_road_speed_limit`
  ADD PRIMARY KEY (`id`),
  ADD KEY `driver_id` (`driver_id`),
  ADD KEY `trip_id` (`trip_id`);

--
-- Indexes for table `ed_trip_over_speed_limit`
--
ALTER TABLE `ed_trip_over_speed_limit`
  ADD PRIMARY KEY (`id`),
  ADD KEY `driver_id` (`driver_id`),
  ADD KEY `trip_id` (`trip_id`);

--
-- Indexes for table `ed_user`
--
ALTER TABLE `ed_user`
  ADD PRIMARY KEY (`usr_id`),
  ADD KEY `usr_type` (`usr_type`),
  ADD KEY `usr_status` (`usr_status`),
  ADD KEY `usr_email` (`usr_email`);

--
-- Indexes for table `ed_users_penalty_bookings`
--
ALTER TABLE `ed_users_penalty_bookings`
  ADD PRIMARY KEY (`id`),
  ADD KEY `tbl_booking_history_id` (`tbl_booking_history_id`),
  ADD KEY `customer_id` (`customer_id`);

--
-- Indexes for table `ed_user_otp`
--
ALTER TABLE `ed_user_otp`
  ADD PRIMARY KEY (`otp_id`),
  ADD KEY `usr_id` (`usr_id`);

--
-- Indexes for table `ed_version`
--
ALTER TABLE `ed_version`
  ADD PRIMARY KEY (`id`);

--
-- Indexes for table `fare_amount`
--
ALTER TABLE `fare_amount`
  ADD PRIMARY KEY (`id`);

--
-- Indexes for table `mobile_user_otp`
--
ALTER TABLE `mobile_user_otp`
  ADD PRIMARY KEY (`id`),
  ADD KEY `user_id` (`user_id`),
  ADD KEY `driver_trip_id` (`driver_trip_id`);

--
-- Indexes for table `page_access`
--
ALTER TABLE `page_access`
  ADD PRIMARY KEY (`pa_id`);

--
-- Indexes for table `pause_reason`
--
ALTER TABLE `pause_reason`
  ADD PRIMARY KEY (`pause_reason_id`);

--
-- Indexes for table `pin_point_select_log`
--
ALTER TABLE `pin_point_select_log`
  ADD PRIMARY KEY (`id`);

--
-- Indexes for table `route`
--
ALTER TABLE `route`
  ADD PRIMARY KEY (`id`),
  ADD KEY `tenant_id` (`user_id`),
  ADD KEY `bus_id` (`transport_vehicle_id`);

--
-- Indexes for table `route_map`
--
ALTER TABLE `route_map`
  ADD PRIMARY KEY (`id`),
  ADD KEY `route_id` (`route_id`);

--
-- Indexes for table `tbl_booking_history`
--
ALTER TABLE `tbl_booking_history`
  ADD PRIMARY KEY (`id`),
  ADD KEY `customer_id` (`customer_id`),
  ADD KEY `transport_vehicles_id` (`transport_vehicles_id`),
  ADD KEY `driver_trip_id` (`driver_trip_id`);

--
-- Indexes for table `tbl_booking_user_taxi_data`
--
ALTER TABLE `tbl_booking_user_taxi_data`
  ADD PRIMARY KEY (`id`),
  ADD KEY `tbl_booking_history_id` (`booking_history_id`);

--
-- Indexes for table `tbl_customer_transaction`
--
ALTER TABLE `tbl_customer_transaction`
  ADD PRIMARY KEY (`ct_id`),
  ADD KEY `cust_id` (`cust_id`);

--
-- Indexes for table `tbl_mobile_user`
--
ALTER TABLE `tbl_mobile_user`
  ADD PRIMARY KEY (`id`),
  ADD KEY `transport_vehicle_id` (`transport_vehicle_id`),
  ADD KEY `taxi_owner_id` (`taxi_owner_id`),
  ADD KEY `callmax_id` (`calmex_id`);

--
-- Indexes for table `tbl_ticket_detail`
--
ALTER TABLE `tbl_ticket_detail`
  ADD PRIMARY KEY (`td_id`);

--
-- Indexes for table `tbl_user_otp`
--
ALTER TABLE `tbl_user_otp`
  ADD PRIMARY KEY (`otp_id`),
  ADD KEY `usr_id` (`usr_id`);

--
-- Indexes for table `trip_status_history`
--
ALTER TABLE `trip_status_history`
  ADD PRIMARY KEY (`trip_status_history_id`);

--
-- Indexes for table `user_depot_relation`
--
ALTER TABLE `user_depot_relation`
  ADD PRIMARY KEY (`user_depot_relation_id`);

--
-- AUTO_INCREMENT for dumped tables
--

--
-- AUTO_INCREMENT for table `activity_log`
--
ALTER TABLE `activity_log`
  MODIFY `activity_log_id` int(11) NOT NULL AUTO_INCREMENT, AUTO_INCREMENT=759;

--
-- AUTO_INCREMENT for table `booking_request_log`
--
ALTER TABLE `booking_request_log`
  MODIFY `id` int(11) NOT NULL AUTO_INCREMENT, AUTO_INCREMENT=136;

--
-- AUTO_INCREMENT for table `cancel_policy`
--
ALTER TABLE `cancel_policy`
  MODIFY `id` int(11) NOT NULL AUTO_INCREMENT;

--
-- AUTO_INCREMENT for table `customer_notification`
--
ALTER TABLE `customer_notification`
  MODIFY `id` int(11) NOT NULL AUTO_INCREMENT, AUTO_INCREMENT=4379;

--
-- AUTO_INCREMENT for table `customer_qr_code`
--
ALTER TABLE `customer_qr_code`
  MODIFY `id` int(11) NOT NULL AUTO_INCREMENT, AUTO_INCREMENT=79;

--
-- AUTO_INCREMENT for table `damage_qr_code`
--
ALTER TABLE `damage_qr_code`
  MODIFY `id` int(11) NOT NULL AUTO_INCREMENT, AUTO_INCREMENT=3;

--
-- AUTO_INCREMENT for table `discount`
--
ALTER TABLE `discount`
  MODIFY `id` int(11) NOT NULL AUTO_INCREMENT;

--
-- AUTO_INCREMENT for table `driver_bank_details`
--
ALTER TABLE `driver_bank_details`
  MODIFY `id` int(11) NOT NULL AUTO_INCREMENT;

--
-- AUTO_INCREMENT for table `driver_trips`
--
ALTER TABLE `driver_trips`
  MODIFY `id` int(11) NOT NULL AUTO_INCREMENT, AUTO_INCREMENT=988;

--
-- AUTO_INCREMENT for table `duty`
--
ALTER TABLE `duty`
  MODIFY `id` int(11) NOT NULL AUTO_INCREMENT, AUTO_INCREMENT=211;

--
-- AUTO_INCREMENT for table `ed_admin`
--
ALTER TABLE `ed_admin`
  MODIFY `id` int(11) NOT NULL AUTO_INCREMENT;

--
-- AUTO_INCREMENT for table `ed_api`
--
ALTER TABLE `ed_api`
  MODIFY `id` int(11) NOT NULL AUTO_INCREMENT, AUTO_INCREMENT=2;

--
-- AUTO_INCREMENT for table `ed_audit_entry`
--
ALTER TABLE `ed_audit_entry`
  MODIFY `audit_entry_id` int(11) NOT NULL AUTO_INCREMENT, AUTO_INCREMENT=163700;

--
-- AUTO_INCREMENT for table `ed_authkey`
--
ALTER TABLE `ed_authkey`
  MODIFY `id` int(11) NOT NULL AUTO_INCREMENT, AUTO_INCREMENT=1555;

--
-- AUTO_INCREMENT for table `ed_booking_user_taxi_data`
--
ALTER TABLE `ed_booking_user_taxi_data`
  MODIFY `id` int(11) NOT NULL AUTO_INCREMENT;

--
-- AUTO_INCREMENT for table `ed_company_master`
--
ALTER TABLE `ed_company_master`
  MODIFY `id` int(11) NOT NULL AUTO_INCREMENT, AUTO_INCREMENT=22;

--
-- AUTO_INCREMENT for table `ed_content_management`
--
ALTER TABLE `ed_content_management`
  MODIFY `id` int(11) NOT NULL AUTO_INCREMENT, AUTO_INCREMENT=4;

--
-- AUTO_INCREMENT for table `ed_countries`
--
ALTER TABLE `ed_countries`
  MODIFY `id` int(11) NOT NULL AUTO_INCREMENT, AUTO_INCREMENT=247;

--
-- AUTO_INCREMENT for table `ed_customer_transaction`
--
ALTER TABLE `ed_customer_transaction`
  MODIFY `ct_id` int(11) NOT NULL AUTO_INCREMENT, AUTO_INCREMENT=52;

--
-- AUTO_INCREMENT for table `ed_depot`
--
ALTER TABLE `ed_depot`
  MODIFY `id` int(11) NOT NULL AUTO_INCREMENT, AUTO_INCREMENT=34;

--
-- AUTO_INCREMENT for table `ed_driver`
--
ALTER TABLE `ed_driver`
  MODIFY `id` int(11) NOT NULL AUTO_INCREMENT, AUTO_INCREMENT=398;

--
-- AUTO_INCREMENT for table `ed_driver_points`
--
ALTER TABLE `ed_driver_points`
  MODIFY `id` int(11) NOT NULL AUTO_INCREMENT;

--
-- AUTO_INCREMENT for table `ed_driver_tips`
--
ALTER TABLE `ed_driver_tips`
  MODIFY `id` int(11) NOT NULL AUTO_INCREMENT, AUTO_INCREMENT=8;

--
-- AUTO_INCREMENT for table `ed_duty_routes`
--
ALTER TABLE `ed_duty_routes`
  MODIFY `id` int(11) NOT NULL AUTO_INCREMENT, AUTO_INCREMENT=4955;

--
-- AUTO_INCREMENT for table `ed_email_templates`
--
ALTER TABLE `ed_email_templates`
  MODIFY `id` int(11) NOT NULL AUTO_INCREMENT, AUTO_INCREMENT=4;

--
-- AUTO_INCREMENT for table `ed_forgot_password`
--
ALTER TABLE `ed_forgot_password`
  MODIFY `fp_id` int(10) UNSIGNED NOT NULL AUTO_INCREMENT, AUTO_INCREMENT=20;

--
-- AUTO_INCREMENT for table `ed_global_configuration`
--
ALTER TABLE `ed_global_configuration`
  MODIFY `id` int(10) NOT NULL AUTO_INCREMENT, AUTO_INCREMENT=16;

--
-- AUTO_INCREMENT for table `ed_group_details`
--
ALTER TABLE `ed_group_details`
  MODIFY `id` int(11) NOT NULL AUTO_INCREMENT;

--
-- AUTO_INCREMENT for table `ed_group_master`
--
ALTER TABLE `ed_group_master`
  MODIFY `id` int(11) NOT NULL AUTO_INCREMENT;

--
-- AUTO_INCREMENT for table `ed_notification_log`
--
ALTER TABLE `ed_notification_log`
  MODIFY `nl_id` int(11) NOT NULL AUTO_INCREMENT COMMENT 'Autoincrement ID';

--
-- AUTO_INCREMENT for table `ed_outlets`
--
ALTER TABLE `ed_outlets`
  MODIFY `id` int(11) NOT NULL AUTO_INCREMENT, AUTO_INCREMENT=70;

--
-- AUTO_INCREMENT for table `ed_outlets_images`
--
ALTER TABLE `ed_outlets_images`
  MODIFY `id` int(11) NOT NULL AUTO_INCREMENT;

--
-- AUTO_INCREMENT for table `ed_outlets_offer`
--
ALTER TABLE `ed_outlets_offer`
  MODIFY `id` int(11) NOT NULL AUTO_INCREMENT, AUTO_INCREMENT=39;

--
-- AUTO_INCREMENT for table `ed_parcel`
--
ALTER TABLE `ed_parcel`
  MODIFY `id` int(11) NOT NULL AUTO_INCREMENT;

--
-- AUTO_INCREMENT for table `ed_parcel_taxiowner`
--
ALTER TABLE `ed_parcel_taxiowner`
  MODIFY `id` int(11) NOT NULL AUTO_INCREMENT;

--
-- AUTO_INCREMENT for table `ed_passenger_detail`
--
ALTER TABLE `ed_passenger_detail`
  MODIFY `id` int(11) NOT NULL AUTO_INCREMENT, AUTO_INCREMENT=52;

--
-- AUTO_INCREMENT for table `ed_passenger_parcel`
--
ALTER TABLE `ed_passenger_parcel`
  MODIFY `id` int(11) NOT NULL AUTO_INCREMENT;

--
-- AUTO_INCREMENT for table `ed_password_recovery`
--
ALTER TABLE `ed_password_recovery`
  MODIFY `pwd_id` int(11) NOT NULL AUTO_INCREMENT;

--
-- AUTO_INCREMENT for table `ed_redeemed_history`
--
ALTER TABLE `ed_redeemed_history`
  MODIFY `id` int(11) NOT NULL AUTO_INCREMENT;

--
-- AUTO_INCREMENT for table `ed_routes`
--
ALTER TABLE `ed_routes`
  MODIFY `id` int(11) NOT NULL AUTO_INCREMENT;

--
-- AUTO_INCREMENT for table `ed_ticket_detail`
--
ALTER TABLE `ed_ticket_detail`
  MODIFY `td_id` int(11) NOT NULL AUTO_INCREMENT;

--
-- AUTO_INCREMENT for table `ed_ticket_master`
--
ALTER TABLE `ed_ticket_master`
  MODIFY `tm_id` int(11) NOT NULL AUTO_INCREMENT;

--
-- AUTO_INCREMENT for table `ed_transport_vehicles`
--
ALTER TABLE `ed_transport_vehicles`
  MODIFY `id` int(11) NOT NULL AUTO_INCREMENT, AUTO_INCREMENT=429;

--
-- AUTO_INCREMENT for table `ed_transport_vehicles_available_at`
--
ALTER TABLE `ed_transport_vehicles_available_at`
  MODIFY `id` int(11) NOT NULL AUTO_INCREMENT, AUTO_INCREMENT=477;

--
-- AUTO_INCREMENT for table `ed_transport_vehicles_qr_code`
--
ALTER TABLE `ed_transport_vehicles_qr_code`
  MODIFY `id` int(11) NOT NULL AUTO_INCREMENT, AUTO_INCREMENT=24373;

--
-- AUTO_INCREMENT for table `ed_trip_acceleration`
--
ALTER TABLE `ed_trip_acceleration`
  MODIFY `id` int(11) NOT NULL AUTO_INCREMENT, AUTO_INCREMENT=1394;

--
-- AUTO_INCREMENT for table `ed_trip_breaking`
--
ALTER TABLE `ed_trip_breaking`
  MODIFY `id` int(11) NOT NULL AUTO_INCREMENT, AUTO_INCREMENT=343;

--
-- AUTO_INCREMENT for table `ed_trip_details`
--
ALTER TABLE `ed_trip_details`
  MODIFY `id` int(11) NOT NULL AUTO_INCREMENT, AUTO_INCREMENT=1235;

--
-- AUTO_INCREMENT for table `ed_trip_over_road_speed_limit`
--
ALTER TABLE `ed_trip_over_road_speed_limit`
  MODIFY `id` int(11) NOT NULL AUTO_INCREMENT, AUTO_INCREMENT=662;

--
-- AUTO_INCREMENT for table `ed_trip_over_speed_limit`
--
ALTER TABLE `ed_trip_over_speed_limit`
  MODIFY `id` int(11) NOT NULL AUTO_INCREMENT;

--
-- AUTO_INCREMENT for table `ed_user`
--
ALTER TABLE `ed_user`
  MODIFY `usr_id` int(6) UNSIGNED NOT NULL AUTO_INCREMENT COMMENT 'Auto-incremented Id', AUTO_INCREMENT=75;

--
-- AUTO_INCREMENT for table `ed_users_penalty_bookings`
--
ALTER TABLE `ed_users_penalty_bookings`
  MODIFY `id` int(11) NOT NULL AUTO_INCREMENT;

--
-- AUTO_INCREMENT for table `ed_user_otp`
--
ALTER TABLE `ed_user_otp`
  MODIFY `otp_id` int(6) UNSIGNED NOT NULL AUTO_INCREMENT COMMENT 'Auto-incremented Id', AUTO_INCREMENT=5505;

--
-- AUTO_INCREMENT for table `ed_version`
--
ALTER TABLE `ed_version`
  MODIFY `id` tinyint(4) NOT NULL AUTO_INCREMENT;

--
-- AUTO_INCREMENT for table `fare_amount`
--
ALTER TABLE `fare_amount`
  MODIFY `id` int(11) NOT NULL AUTO_INCREMENT, AUTO_INCREMENT=1764271;

--
-- AUTO_INCREMENT for table `mobile_user_otp`
--
ALTER TABLE `mobile_user_otp`
  MODIFY `id` int(11) NOT NULL AUTO_INCREMENT, AUTO_INCREMENT=1514;

--
-- AUTO_INCREMENT for table `page_access`
--
ALTER TABLE `page_access`
  MODIFY `pa_id` int(11) UNSIGNED NOT NULL AUTO_INCREMENT, AUTO_INCREMENT=57;

--
-- AUTO_INCREMENT for table `pause_reason`
--
ALTER TABLE `pause_reason`
  MODIFY `pause_reason_id` int(11) NOT NULL AUTO_INCREMENT, AUTO_INCREMENT=9;

--
-- AUTO_INCREMENT for table `pin_point_select_log`
--
ALTER TABLE `pin_point_select_log`
  MODIFY `id` int(11) NOT NULL AUTO_INCREMENT, AUTO_INCREMENT=114;

--
-- AUTO_INCREMENT for table `route`
--
ALTER TABLE `route`
  MODIFY `id` int(11) NOT NULL AUTO_INCREMENT, AUTO_INCREMENT=948;

--
-- AUTO_INCREMENT for table `route_map`
--
ALTER TABLE `route_map`
  MODIFY `id` int(11) NOT NULL AUTO_INCREMENT, AUTO_INCREMENT=3910;

--
-- AUTO_INCREMENT for table `tbl_booking_history`
--
ALTER TABLE `tbl_booking_history`
  MODIFY `id` int(11) NOT NULL AUTO_INCREMENT, AUTO_INCREMENT=11;

--
-- AUTO_INCREMENT for table `tbl_booking_user_taxi_data`
--
ALTER TABLE `tbl_booking_user_taxi_data`
  MODIFY `id` int(11) NOT NULL AUTO_INCREMENT, AUTO_INCREMENT=11;

--
-- AUTO_INCREMENT for table `tbl_customer_transaction`
--
ALTER TABLE `tbl_customer_transaction`
  MODIFY `ct_id` int(11) NOT NULL AUTO_INCREMENT;

--
-- AUTO_INCREMENT for table `tbl_mobile_user`
--
ALTER TABLE `tbl_mobile_user`
  MODIFY `id` int(11) NOT NULL AUTO_INCREMENT, AUTO_INCREMENT=8;

--
-- AUTO_INCREMENT for table `tbl_ticket_detail`
--
ALTER TABLE `tbl_ticket_detail`
  MODIFY `td_id` int(11) NOT NULL AUTO_INCREMENT;

--
-- AUTO_INCREMENT for table `tbl_user_otp`
--
ALTER TABLE `tbl_user_otp`
  MODIFY `otp_id` int(6) UNSIGNED NOT NULL AUTO_INCREMENT COMMENT 'Auto-incremented Id';

--
-- AUTO_INCREMENT for table `trip_status_history`
--
ALTER TABLE `trip_status_history`
  MODIFY `trip_status_history_id` int(11) NOT NULL AUTO_INCREMENT, AUTO_INCREMENT=22;

--
-- AUTO_INCREMENT for table `user_depot_relation`
--
ALTER TABLE `user_depot_relation`
  MODIFY `user_depot_relation_id` int(11) NOT NULL AUTO_INCREMENT, AUTO_INCREMENT=21;

--
-- Constraints for dumped tables
--

--
-- Constraints for table `auth_assignment`
--
ALTER TABLE `auth_assignment`
  ADD CONSTRAINT `auth_assignment_ibfk_1` FOREIGN KEY (`item_name`) REFERENCES `auth_item` (`name`) ON DELETE CASCADE ON UPDATE CASCADE;

--
-- Constraints for table `auth_item_child`
--
ALTER TABLE `auth_item_child`
  ADD CONSTRAINT `auth_item_child_fk1` FOREIGN KEY (`parent`) REFERENCES `auth_item` (`name`) ON DELETE CASCADE ON UPDATE CASCADE,
  ADD CONSTRAINT `auth_item_child_fk2` FOREIGN KEY (`child`) REFERENCES `auth_item` (`name`) ON DELETE CASCADE ON UPDATE CASCADE;

--
-- Constraints for table `ed_authkey`
--
ALTER TABLE `ed_authkey`
  ADD CONSTRAINT `ed_authkey_ibfk_1` FOREIGN KEY (`user_id`) REFERENCES `ed_driver` (`id`) ON DELETE CASCADE ON UPDATE CASCADE;

--
-- Constraints for table `ed_driver_points`
--
ALTER TABLE `ed_driver_points`
  ADD CONSTRAINT `ed_driver_points_ibfk_1` FOREIGN KEY (`driver_id`) REFERENCES `ed_driver` (`id`) ON DELETE CASCADE ON UPDATE CASCADE;

--
-- Constraints for table `ed_group_details`
--
ALTER TABLE `ed_group_details`
  ADD CONSTRAINT `ed_group_details_ibfk_1` FOREIGN KEY (`group_id`) REFERENCES `ed_group_master` (`id`) ON DELETE CASCADE ON UPDATE CASCADE,
  ADD CONSTRAINT `ed_group_details_ibfk_2` FOREIGN KEY (`member_id`) REFERENCES `ed_driver` (`id`) ON DELETE CASCADE ON UPDATE CASCADE;

--
-- Constraints for table `ed_group_master`
--
ALTER TABLE `ed_group_master`
  ADD CONSTRAINT `ed_group_master_ibfk_1` FOREIGN KEY (`admin_id`) REFERENCES `ed_driver` (`id`) ON DELETE CASCADE ON UPDATE CASCADE;

--
-- Constraints for table `ed_outlets_images`
--
ALTER TABLE `ed_outlets_images`
  ADD CONSTRAINT `ed_outlets_images_ibfk_1` FOREIGN KEY (`outlet_id`) REFERENCES `ed_outlets` (`id`) ON DELETE CASCADE ON UPDATE CASCADE;

--
-- Constraints for table `ed_outlets_offer`
--
ALTER TABLE `ed_outlets_offer`
  ADD CONSTRAINT `ed_outlets_offer_ibfk_1` FOREIGN KEY (`outlets_id`) REFERENCES `ed_outlets` (`id`) ON DELETE CASCADE ON UPDATE CASCADE;

--
-- Constraints for table `ed_redeemed_history`
--
ALTER TABLE `ed_redeemed_history`
  ADD CONSTRAINT `ed_redeemed_history_ibfk_1` FOREIGN KEY (`driver_id`) REFERENCES `ed_driver` (`id`) ON DELETE CASCADE ON UPDATE CASCADE,
  ADD CONSTRAINT `ed_redeemed_history_ibfk_2` FOREIGN KEY (`outlet_id`) REFERENCES `ed_outlets` (`id`) ON DELETE CASCADE ON UPDATE CASCADE,
  ADD CONSTRAINT `ed_redeemed_history_ibfk_3` FOREIGN KEY (`outlet_offer_id`) REFERENCES `ed_outlets_offer` (`id`) ON DELETE CASCADE ON UPDATE CASCADE;

--
-- Constraints for table `ed_trip_acceleration`
--
ALTER TABLE `ed_trip_acceleration`
  ADD CONSTRAINT `ed_trip_acceleration_ibfk_1` FOREIGN KEY (`driver_id`) REFERENCES `ed_driver` (`id`) ON DELETE CASCADE ON UPDATE CASCADE,
  ADD CONSTRAINT `ed_trip_acceleration_ibfk_2` FOREIGN KEY (`trip_id`) REFERENCES `ed_trip_details` (`id`) ON DELETE CASCADE ON UPDATE CASCADE;

--
-- Constraints for table `ed_trip_breaking`
--
ALTER TABLE `ed_trip_breaking`
  ADD CONSTRAINT `ed_trip_breaking_ibfk_1` FOREIGN KEY (`driver_id`) REFERENCES `ed_driver` (`id`) ON DELETE CASCADE ON UPDATE CASCADE,
  ADD CONSTRAINT `ed_trip_breaking_ibfk_2` FOREIGN KEY (`trip_id`) REFERENCES `ed_trip_details` (`id`) ON DELETE CASCADE ON UPDATE CASCADE;

--
-- Constraints for table `ed_trip_details`
--
ALTER TABLE `ed_trip_details`
  ADD CONSTRAINT `ed_trip_details_ibfk_1` FOREIGN KEY (`driver_id`) REFERENCES `ed_driver` (`id`) ON DELETE CASCADE ON UPDATE CASCADE;

--
-- Constraints for table `ed_trip_over_road_speed_limit`
--
ALTER TABLE `ed_trip_over_road_speed_limit`
  ADD CONSTRAINT `ed_trip_over_road_speed_limit_ibfk_1` FOREIGN KEY (`driver_id`) REFERENCES `ed_driver` (`id`) ON DELETE CASCADE ON UPDATE CASCADE,
  ADD CONSTRAINT `ed_trip_over_road_speed_limit_ibfk_2` FOREIGN KEY (`trip_id`) REFERENCES `ed_trip_details` (`id`) ON DELETE CASCADE ON UPDATE CASCADE;

--
-- Constraints for table `ed_trip_over_speed_limit`
--
ALTER TABLE `ed_trip_over_speed_limit`
  ADD CONSTRAINT `ed_trip_over_speed_limit_ibfk_1` FOREIGN KEY (`driver_id`) REFERENCES `ed_driver` (`id`) ON DELETE CASCADE ON UPDATE CASCADE,
  ADD CONSTRAINT `ed_trip_over_speed_limit_ibfk_2` FOREIGN KEY (`trip_id`) REFERENCES `ed_trip_details` (`id`) ON DELETE CASCADE ON UPDATE CASCADE;

--
-- Constraints for table `mobile_user_otp`
--
ALTER TABLE `mobile_user_otp`
  ADD CONSTRAINT `mobile_user_otp_ibfk_1` FOREIGN KEY (`driver_trip_id`) REFERENCES `driver_trips` (`id`) ON DELETE CASCADE ON UPDATE NO ACTION;

--
-- Constraints for table `tbl_booking_user_taxi_data`
--
ALTER TABLE `tbl_booking_user_taxi_data`
  ADD CONSTRAINT `tbl_booking_user_taxi_data_ibfk_1` FOREIGN KEY (`booking_history_id`) REFERENCES `tbl_booking_history` (`id`) ON DELETE CASCADE ON UPDATE NO ACTION;
COMMIT;

